{"id":10,"date":"2016-08-02T21:29:06","date_gmt":"2016-08-02T21:29:06","guid":{"rendered":"http:\/\/grupos.unileon.es\/atmos\/?page_id=10"},"modified":"2017-10-30T12:59:06","modified_gmt":"2017-10-30T12:59:06","slug":"participantes","status":"publish","type":"page","link":"https:\/\/grupos.unileon.es\/atmos\/proyectos\/aerorain\/participantes\/","title":{"rendered":"PARTICIPANTES"},"content":{"rendered":"<p><strong>INVESTIGADORES PRINCIPALES:<\/strong><\/p>\n<table>\n<tbody>\n<tr>\n<td width=\"118\"><strong>NOMBRE<\/strong><\/td>\n<td width=\"134\"><strong>DEPARTAMENTO<\/strong><\/td>\n<td width=\"117\"><strong>TEL\u00c9FONO<\/strong><\/td>\n<td width=\"113\"><strong>CORREO<\/strong><\/td>\n<td width=\"99\"><strong>ORCID<\/strong><\/td>\n<\/tr>\n<tr>\n<td width=\"118\">Roberto Fraile Laiz<\/td>\n<td width=\"134\">Director Departamento Qu\u00edmica y F\u00edsica Aplicada<\/td>\n<td width=\"117\">987291543<\/td>\n<td width=\"113\"><a href=\"mailto:roberto.fraile@unileon.es\">roberto.fraile@unileon.es<\/a><\/td>\n<td width=\"99\"><a href=\"http:\/\/orcid.org\/0000-0002-0634-933X\">0000-0002-0634-933X<\/a><\/td>\n<\/tr>\n<tr>\n<td width=\"118\">Delia Fern\u00e1ndez Gonz\u00e1lez<\/td>\n<td width=\"134\">Biodiversidad y gesti\u00f3n ambiental. Bot\u00e1nica<\/td>\n<td width=\"117\">987291556<\/td>\n<td width=\"113\"><a href=\"mailto:delia.fernandez@unileon.es\">delia.fernandez@unileon.es<\/a><\/td>\n<td width=\"99\"><a href=\"http:\/\/orcid.org\/0000-0002-4976-3733\">0000-0002-4976-3733<\/a><\/td>\n<\/tr>\n<\/tbody>\n<\/table>\n<p>&nbsp;<\/p>\n<p><strong>GRUPO DE INVESTIGACI\u00d3N:<\/strong><\/p>\n<table>\n<tbody>\n<tr>\n<td width=\"193\"><strong>NOMBRE<\/strong><\/td>\n<td width=\"193\"><strong>CORREO<\/strong><\/td>\n<td width=\"193\"><strong>ORCID<\/strong><\/td>\n<\/tr>\n<tr>\n<td width=\"193\">Ana Isabel Calvo Gordaliza<\/td>\n<td width=\"193\"><a href=\"mailto:aicalg@unileon.es\">aicalg@unileon.es<\/a><\/td>\n<td width=\"193\"><a href=\"http:\/\/orcid.org\/0000-0002-9693-9228\">0000-0002-9693-9228<\/a><\/td>\n<\/tr>\n<tr>\n<td width=\"193\">Amaya Castro Izquierdo<\/td>\n<td width=\"193\"><a href=\"mailto:acasi@unileon.es\">acasi@unileon.es<\/a><\/td>\n<td width=\"193\"><a href=\"http:\/\/orcid.org\/0000-0003-3052-6225\">0000-0003-3052-6225<\/a><\/td>\n<\/tr>\n<tr>\n<td width=\"193\">M\u00aa Jes\u00fas Gonz\u00e1lez Gonz\u00e1lez<\/td>\n<td width=\"193\"><a href=\"mailto:mjgong@unileon.es\">mjgong@unileon.es<\/a><\/td>\n<td width=\"193\"><a href=\"http:\/\/orcid.org\/0000-0002-3639-3446\">0000-0002-3639-3446<\/a><\/td>\n<\/tr>\n<tr>\n<td width=\"193\">Covadonga Palencia Coto<\/td>\n<td width=\"193\"><a href=\"mailto:c.palencia@unileon.es\">c.palencia@unileon.es<\/a><\/td>\n<td width=\"193\"><a href=\"http:\/\/orcid.org\/0000-0002-4895-2946\">0000-0002-4895-2946<\/a><\/td>\n<\/tr>\n<tr>\n<td width=\"193\">Rosa Valencia Barrera<\/td>\n<td width=\"193\"><a href=\"mailto:rm.valencia@unileon.es\">rm.valencia@unileon.es<\/a><\/td>\n<td width=\"193\"><a href=\"http:\/\/orcid.org\/0000-0002-6014-9961\">0000-0002-6014-9961<\/a><\/td>\n<\/tr>\n<tr>\n<td width=\"193\">Ana Vega Maray<\/td>\n<td width=\"193\"><a href=\"mailto:ana.vega@unileon.es\">ana.vega@unileon.es<\/a><\/td>\n<td width=\"193\"><a href=\"http:\/\/orcid.org\/0000-0001-7720-3920\">0000-0001-7720-3920<\/a><\/td>\n<\/tr>\n<\/tbody>\n<\/table>\n<p><strong>\u00a0<\/strong><\/p>\n<p><strong>GRUPO DE TRABAJO:<\/strong><\/p>\n<table>\n<tbody>\n<tr>\n<td width=\"187\"><strong>NOMBRE<\/strong><\/td>\n<td width=\"236\"><strong>CORREO<\/strong><\/td>\n<td width=\"158\"><strong>ORCID<\/strong><\/td>\n<\/tr>\n<tr>\n<td width=\"187\">C\u00e9lia Alves<\/td>\n<td width=\"236\"><a href=\"mailto:celia.alves@ua.pt\">celia.alves@ua.pt<\/a><\/td>\n<td width=\"158\"><a href=\"http:\/\/orcid.org\/0000-0003-3231-3186\">0000-0003-3231-3186<\/a><\/td>\n<\/tr>\n<tr>\n<td width=\"187\">Alicia Armentia Medina<\/td>\n<td width=\"236\"><a href=\"mailto:aliciaarmentia@gmail.com\">aliciaarmentia@gmail.com<\/a><\/td>\n<td width=\"158\"><a href=\"http:\/\/orcid.org\/0000-0002-4165-4305\">0000-0002-4165-4305<\/a><\/td>\n<\/tr>\n<tr>\n<td width=\"187\">Darrel Gibson Baumgardner<\/td>\n<td width=\"236\"><a href=\"mailto:darrel.baumgardner@gmail.com\">darrel.baumgardner@gmail.com<\/a><\/td>\n<td width=\"158\"><a href=\"http:\/\/orcid.org\/0000-0002-3296-3085\">0000-0002-3296-3085<\/a><\/td>\n<\/tr>\n<tr>\n<td width=\"187\">Carlos del Blanco Alegre<\/td>\n<td width=\"236\"><a href=\"mailto:cblaa@unileon.es\">cblaa@unileon.es<\/a><\/td>\n<td width=\"158\"><a href=\"http:\/\/orcid.org\/0000-0003-2272-909X\">0000-0003-2272-909X<\/a><\/td>\n<\/tr>\n<tr>\n<td width=\"187\">Mario\u00a0Cerqueira<\/td>\n<td width=\"236\"><a href=\"mailto:cerqueira@ua.pt\">cerqueira@ua.pt<\/a><\/td>\n<td width=\"158\"><a href=\"http:\/\/orcid.org\/0000-0002-8342-2967\">0000-0002-8342-2967<\/a><\/td>\n<\/tr>\n<tr>\n<td width=\"187\">Esther Coz Diego<\/td>\n<td width=\"236\"><a href=\"mailto:esther.coz@ciemat.es\">esther.coz@ciemat.es<\/a><\/td>\n<td width=\"158\"><a href=\"http:\/\/orcid.org\/0000-0001-6575-5947\">0000-0001-6575-5947<\/a><\/td>\n<\/tr>\n<tr>\n<td width=\"187\">Mar\u00eda Fern\u00e1ndez Raga<\/td>\n<td width=\"236\"><a href=\"mailto:maria.raga@unileon.es\">maria.raga@unileon.es<\/a><\/td>\n<td width=\"158\"><a href=\"http:\/\/orcid.org\/0000-0002-8228-6705\">0000-0002-8228-6705<\/a><\/td>\n<\/tr>\n<tr>\n<td width=\"187\">Markus Kalberer<\/td>\n<td width=\"236\"><a href=\"mailto:mk594@cam.ac.uk\">mk594@cam.ac.uk<\/a><\/td>\n<td width=\"158\"><a href=\"http:\/\/orcid.org\/0000-0001-8885-6556\">0000-0001-8885-6556<\/a><\/td>\n<\/tr>\n<tr>\n<td width=\"187\">Paolo Mandrioli<\/td>\n<td width=\"236\"><a href=\"mailto:pman@unileon.es\">pman@unileon.es<\/a><\/td>\n<td width=\"158\"><a href=\"http:\/\/orcid.org\/0000-0001-6891-9732\">0000-0001-6891-9732<\/a><\/td>\n<\/tr>\n<tr>\n<td width=\"187\">Fernanda Isabel Oduber P\u00e9rez<\/td>\n<td width=\"236\"><a href=\"mailto:fodup@unileon.es\">fodup@unileon.es<\/a><\/td>\n<td width=\"158\"><a href=\"http:\/\/orcid.org\/0000-0002-6370-0229\">0000-0002-6370-0229<\/a><\/td>\n<\/tr>\n<tr>\n<td width=\"187\">Ver\u00f3nique Pont<\/td>\n<td width=\"236\"><a href=\"mailto:Veronique.Pont@aero.obs-mip.fr\">Veronique.Pont@aero.obs-mip.fr<\/a><\/td>\n<td width=\"158\"><a href=\"http:\/\/orcid.org\/0000-0002-6022-4423\">0000-0002-6022-4423<\/a><\/td>\n<\/tr>\n<tr>\n<td width=\"187\">Olivier Pujol<\/td>\n<td width=\"236\"><a href=\"mailto:olivier.pujol@univ-lille1.fr\">olivier.pujol@univ-lille1.fr<\/a><\/td>\n<td width=\"158\"><\/td>\n<\/tr>\n<tr>\n<td width=\"187\">Graciela B. Raga<\/td>\n<td width=\"236\"><a href=\"mailto:raga.graciela@gmail.com\">raga.graciela@gmail.com<\/a><\/td>\n<td width=\"158\"><a href=\"http:\/\/orcid.org\/0000-0002-4295-4991\">0000-0002-4295-4991<\/a><\/td>\n<\/tr>\n<\/tbody>\n<\/table>\n","protected":false},"excerpt":{"rendered":"<p>INVESTIGADORES PRINCIPALES: NOMBRE DEPARTAMENTO TEL\u00c9FONO CORREO ORCID Roberto Fraile Laiz Director Departamento Qu\u00edmica y F\u00edsica Aplicada 987291543 roberto.fraile@unileon.es 0000-0002-0634-933X Delia Fern\u00e1ndez Gonz\u00e1lez Biodiversidad y gesti\u00f3n ambiental. Bot\u00e1nica 987291556 delia.fernandez@unileon.es 0000-0002-4976-3733 &nbsp; GRUPO DE INVESTIGACI\u00d3N: NOMBRE CORREO ORCID Ana Isabel Calvo Gordaliza aicalg@unileon.es 0000-0002-9693-9228 Amaya Castro Izquierdo acasi@unileon.es 0000-0003-3052-6225 M\u00aa Jes\u00fas Gonz\u00e1lez Gonz\u00e1lez mjgong@unileon.es 0000-0002-3639-3446 Covadonga [&hellip;]<\/p>\n","protected":false},"author":61,"featured_media":0,"parent":333,"menu_order":0,"comment_status":"closed","ping_status":"closed","template":"","meta":{"footnotes":""},"class_list":["post-10","page","type-page","status-publish","hentry"],"_links":{"self":[{"href":"https:\/\/grupos.unileon.es\/atmos\/wp-json\/wp\/v2\/pages\/10","targetHints":{"allow":["GET"]}}],"collection":[{"href":"https:\/\/grupos.unileon.es\/atmos\/wp-json\/wp\/v2\/pages"}],"about":[{"href":"https:\/\/grupos.unileon.es\/atmos\/wp-json\/wp\/v2\/types\/page"}],"author":[{"embeddable":true,"href":"https:\/\/grupos.unileon.es\/atmos\/wp-json\/wp\/v2\/users\/61"}],"replies":[{"embeddable":true,"href":"https:\/\/grupos.unileon.es\/atmos\/wp-json\/wp\/v2\/comments?post=10"}],"version-history":[{"count":28,"href":"https:\/\/grupos.unileon.es\/atmos\/wp-json\/wp\/v2\/pages\/10\/revisions"}],"predecessor-version":[{"id":476,"href":"https:\/\/grupos.unileon.es\/atmos\/wp-json\/wp\/v2\/pages\/10\/revisions\/476"}],"up":[{"embeddable":true,"href":"https:\/\/grupos.unileon.es\/atmos\/wp-json\/wp\/v2\/pages\/333"}],"wp:attachment":[{"href":"https:\/\/grupos.unileon.es\/atmos\/wp-json\/wp\/v2\/media?parent=10"}],"curies":[{"name":"wp","href":"https:\/\/api.w.org\/{rel}","templated":true}]}}