{"id":1064,"date":"2024-04-04T08:55:55","date_gmt":"2024-04-04T08:55:55","guid":{"rendered":"https:\/\/grupos.unileon.es\/atmos\/?page_id=1064"},"modified":"2024-06-06T10:12:47","modified_gmt":"2024-06-06T10:12:47","slug":"bcoal","status":"publish","type":"page","link":"https:\/\/grupos.unileon.es\/atmos\/proyectos\/bcoal\/","title":{"rendered":"BCOAL"},"content":{"rendered":"<p><strong>Contaminaci\u00f3n atmosf\u00e9rica por carbono negro procedente de la combusti\u00f3n del carb\u00f3n: uso del etal\u00f3metro para estimar su contribuci\u00f3n y cuantificar el lavado por la lluvia.<\/strong> (LE025P20)<\/p>\n<p>&nbsp;<\/p>\n<p>DURACI\u00d3N DEL PROYECTO<\/p>\n<p>06\/11\/2020 &#8211; 05\/11\/2023<\/p>\n<p>&nbsp;<\/p>\n<p>MIEMBROS<\/p>\n<p>Roberto Fraile Laiz<\/p>\n<p>Ana Isabel Calvo Gordaliza<\/p>\n<p>Celia dos Anjos Alces<\/p>\n<p>Carlos del Blanco Alegre<\/p>\n<p>Alberto Rodr\u00edguez Fern\u00e1ndez<\/p>\n<p>Amaya Castro Izquierdo<\/p>\n<p>&nbsp;<\/p>\n<p>ENTIDAD FINANCIERA<\/p>\n<p>Junta de Castilla y Le\u00f3n<\/p>\n","protected":false},"excerpt":{"rendered":"<p>Contaminaci\u00f3n atmosf\u00e9rica por carbono negro procedente de la combusti\u00f3n del carb\u00f3n: uso del etal\u00f3metro para estimar su contribuci\u00f3n y cuantificar el lavado por la lluvia. (LE025P20) &nbsp; DURACI\u00d3N DEL PROYECTO 06\/11\/2020 &#8211; 05\/11\/2023 &nbsp; MIEMBROS Roberto Fraile Laiz Ana Isabel Calvo Gordaliza Celia dos Anjos Alces Carlos del Blanco Alegre Alberto Rodr\u00edguez Fern\u00e1ndez Amaya Castro [&hellip;]<\/p>\n","protected":false},"author":105,"featured_media":0,"parent":404,"menu_order":0,"comment_status":"closed","ping_status":"closed","template":"","meta":{"footnotes":""},"class_list":["post-1064","page","type-page","status-publish","hentry"],"_links":{"self":[{"href":"https:\/\/grupos.unileon.es\/atmos\/wp-json\/wp\/v2\/pages\/1064","targetHints":{"allow":["GET"]}}],"collection":[{"href":"https:\/\/grupos.unileon.es\/atmos\/wp-json\/wp\/v2\/pages"}],"about":[{"href":"https:\/\/grupos.unileon.es\/atmos\/wp-json\/wp\/v2\/types\/page"}],"author":[{"embeddable":true,"href":"https:\/\/grupos.unileon.es\/atmos\/wp-json\/wp\/v2\/users\/105"}],"replies":[{"embeddable":true,"href":"https:\/\/grupos.unileon.es\/atmos\/wp-json\/wp\/v2\/comments?post=1064"}],"version-history":[{"count":3,"href":"https:\/\/grupos.unileon.es\/atmos\/wp-json\/wp\/v2\/pages\/1064\/revisions"}],"predecessor-version":[{"id":1093,"href":"https:\/\/grupos.unileon.es\/atmos\/wp-json\/wp\/v2\/pages\/1064\/revisions\/1093"}],"up":[{"embeddable":true,"href":"https:\/\/grupos.unileon.es\/atmos\/wp-json\/wp\/v2\/pages\/404"}],"wp:attachment":[{"href":"https:\/\/grupos.unileon.es\/atmos\/wp-json\/wp\/v2\/media?parent=1064"}],"curies":[{"name":"wp","href":"https:\/\/api.w.org\/{rel}","templated":true}]}}