{"id":1163,"date":"2024-08-26T11:37:02","date_gmt":"2024-08-26T11:37:02","guid":{"rendered":"https:\/\/grupos.unileon.es\/atmos\/?page_id=1163"},"modified":"2024-08-28T11:53:38","modified_gmt":"2024-08-28T11:53:38","slug":"2024-ricta-a-coruna-espana","status":"publish","type":"page","link":"https:\/\/grupos.unileon.es\/atmos\/publicaciones\/congresos\/2024-ricta-a-coruna-espana\/","title":{"rendered":"2024 RICTA. A Coru\u00f1a. Espa\u00f1a"},"content":{"rendered":"<p>Air quality in Le\u00f3n and Almer\u00eda (Spain): impact of Saharan dust intrusions in the north-south context.<br \/>\n<em>(M. Fattler, C. Blanco-Alegre, A.I. Calvo and R. Fraile )<\/em><\/p>\n<ul>\n<li><a href=\"https:\/\/grupos.unileon.es\/atmos\/files\/2024\/08\/2024_Abstract_RICTA_MFattler.pdf\">Abstract<\/a><\/li>\n<li><a href=\"https:\/\/grupos.unileon.es\/atmos\/files\/2024\/08\/2024_RICTA_Miriam.pdf\">Poster<\/a><\/li>\n<\/ul>\n<p>Characterisation of the wet and dry atmospheric deposition over Le\u00f3n &#8211; NW Spain.<\/p>\n<p><em>(C. Gon\u00e7alves, E.D. Vicente, C. Alonso-Rodr\u00edguez, P. Rodr\u00edguez-Rodr\u00edguez, C. Blanco-Alegre, L.B. OsaAkara, A.I. Calvo, A. Rodr\u00edguez-Fern\u00e1ndez, A. S\u00e1nchez de la Campa, M. Cerqueira and R. Fraile)<\/em><\/p>\n<ul>\n<li><a href=\"https:\/\/grupos.unileon.es\/atmos\/files\/2024\/08\/2024_Abstract_RICTA_Catia.pdf\">Abstract<\/a><\/li>\n<li><a href=\"https:\/\/grupos.unileon.es\/atmos\/files\/2024\/08\/2024_RICTA_Catia.pdf\">Poster<\/a><\/li>\n<\/ul>\n<p>Impact of the Sierra de la Culebra wildfire on the air quality of the city of Le\u00f3n: aerosol characterization and influence of meteorological conditions.<\/p>\n<p><em>(C. Blanco-Alegre, A.I. Calvo, C. Gon\u00e7alves, and R. Fraile)<\/em><\/p>\n<ul>\n<li><a href=\"https:\/\/grupos.unileon.es\/atmos\/files\/2024\/08\/2024_Abstract_RICTA_Blanco-Alegre.pdf\">Abstract<\/a><\/li>\n<li><a href=\"https:\/\/grupos.unileon.es\/atmos\/files\/2024\/08\/2024_RICTA_Blanco_Alegre.pdf\">Poster<\/a><\/li>\n<\/ul>\n<p>Levels of PM-bound organic compounds from residential coal combustion.<\/p>\n<p><em>(E.D. Vicente, A.I. Calvo, M. Evtyugina, A. Vicente, R. Fraile and C. Alves)<\/em><\/p>\n<ul>\n<li><a href=\"https:\/\/grupos.unileon.es\/atmos\/files\/2024\/08\/2024_Abstract_RICTA_Estela-1.pdf\">Abstract<\/a><\/li>\n<li><a href=\"https:\/\/grupos.unileon.es\/atmos\/files\/2024\/08\/2024_RICTA_EstelaVicente.pdf\">Poster<\/a><\/li>\n<\/ul>\n<p>PM<sub>10<\/sub>-Bacterial infection interaction in A549 cells: a One Health perspective.<\/p>\n<p><em>(P. Rodr\u00edguez-Rodr\u00edguez, C. Alonso-Rodr\u00edguez, B. Lorente-Torres, M. Letek, C. Gon\u00e7alves, E. Vicente, F.J.Pereira, R. Fraile and A.I. Calvo)<\/em><\/p>\n<ul>\n<li><a href=\"https:\/\/grupos.unileon.es\/atmos\/files\/2024\/08\/2024_Abstract_RICTA_Paula.pdf\">Abstract<\/a><\/li>\n<li><a href=\"https:\/\/grupos.unileon.es\/atmos\/files\/2024\/08\/2024_RICTA_Paula.pdf\">Poster<\/a><\/li>\n<\/ul>\n<p>Published research on air quality in Africa: a result of enviromental legislation and research insfrastructure.<\/p>\n<p><em>(L.B. Osa-Akara, A.I. Calvo, C. Gon\u00e7alves, C. Blanco-Alegre, R. Fraile)<\/em><\/p>\n<ul>\n<li><a href=\"https:\/\/grupos.unileon.es\/atmos\/files\/2024\/08\/2024_Abstract_RICTA_Lucrecia.pdf\">Abstract<\/a><\/li>\n<li><a href=\"https:\/\/grupos.unileon.es\/atmos\/files\/2024\/08\/2024_RICTA_Lucrecia.pdf\">Poster<\/a><\/li>\n<\/ul>\n<p>Saharan dust intrusions in Spain between 2004 and 2023.<\/p>\n<p><em>(A. Herrero, A.I. Calvo, C. Blanco-Alegre, R. Fraile)<\/em><\/p>\n<ul>\n<li><a href=\"https:\/\/grupos.unileon.es\/atmos\/files\/2024\/08\/2024_Abstract_RICTA_AHerrero.pdf\">Abstract<\/a><\/li>\n<li><a href=\"https:\/\/grupos.unileon.es\/atmos\/files\/2024\/08\/2024_RICTA_Arturo.pdf\">Poster<\/a><\/li>\n<\/ul>\n","protected":false},"excerpt":{"rendered":"<p>Air quality in Le\u00f3n and Almer\u00eda (Spain): impact of Saharan dust intrusions in the north-south context. (M. Fattler, C. Blanco-Alegre, A.I. Calvo and R. Fraile ) Abstract Poster Characterisation of the wet and dry atmospheric deposition over Le\u00f3n &#8211; NW Spain. (C. Gon\u00e7alves, E.D. Vicente, C. Alonso-Rodr\u00edguez, P. Rodr\u00edguez-Rodr\u00edguez, C. Blanco-Alegre, L.B. OsaAkara, A.I. Calvo, [&hellip;]<\/p>\n","protected":false},"author":153,"featured_media":0,"parent":23,"menu_order":0,"comment_status":"closed","ping_status":"closed","template":"","meta":{"footnotes":""},"class_list":["post-1163","page","type-page","status-publish","hentry"],"_links":{"self":[{"href":"https:\/\/grupos.unileon.es\/atmos\/wp-json\/wp\/v2\/pages\/1163","targetHints":{"allow":["GET"]}}],"collection":[{"href":"https:\/\/grupos.unileon.es\/atmos\/wp-json\/wp\/v2\/pages"}],"about":[{"href":"https:\/\/grupos.unileon.es\/atmos\/wp-json\/wp\/v2\/types\/page"}],"author":[{"embeddable":true,"href":"https:\/\/grupos.unileon.es\/atmos\/wp-json\/wp\/v2\/users\/153"}],"replies":[{"embeddable":true,"href":"https:\/\/grupos.unileon.es\/atmos\/wp-json\/wp\/v2\/comments?post=1163"}],"version-history":[{"count":3,"href":"https:\/\/grupos.unileon.es\/atmos\/wp-json\/wp\/v2\/pages\/1163\/revisions"}],"predecessor-version":[{"id":1287,"href":"https:\/\/grupos.unileon.es\/atmos\/wp-json\/wp\/v2\/pages\/1163\/revisions\/1287"}],"up":[{"embeddable":true,"href":"https:\/\/grupos.unileon.es\/atmos\/wp-json\/wp\/v2\/pages\/23"}],"wp:attachment":[{"href":"https:\/\/grupos.unileon.es\/atmos\/wp-json\/wp\/v2\/media?parent=1163"}],"curies":[{"name":"wp","href":"https:\/\/api.w.org\/{rel}","templated":true}]}}