{"id":1194,"date":"2024-08-28T08:07:35","date_gmt":"2024-08-28T08:07:35","guid":{"rendered":"https:\/\/grupos.unileon.es\/atmos\/?page_id=1194"},"modified":"2024-08-28T11:47:56","modified_gmt":"2024-08-28T11:47:56","slug":"2023-european-aerosol-conference-malaga-espana","status":"publish","type":"page","link":"https:\/\/grupos.unileon.es\/atmos\/publicaciones\/congresos\/2023-european-aerosol-conference-malaga-espana\/","title":{"rendered":"2023 European Aerosol Conference. M\u00e1laga, Espa\u00f1a"},"content":{"rendered":"<p>Air quality in Africa: a bibliometric review.<\/p>\n<p><em>(L.B. Osa-Akara, A.I. Calvo, C. Gon\u00e7alves, C. Blanco-Alegre, R. Fraile)<\/em><\/p>\n<ul>\n<li><a href=\"https:\/\/grupos.unileon.es\/atmos\/files\/2024\/08\/2023_EAC_POSTER_Lucrecia_final_Abstract.pdf\">Abstract<\/a><\/li>\n<li><a href=\"https:\/\/grupos.unileon.es\/atmos\/files\/2024\/08\/2023_EAC_POSTER_Lucrecia_final.pdf\">Poster<\/a><\/li>\n<\/ul>\n<p>A full characterization of the carbonaceous component of the aerosol in near-real-time in a coal region.<\/p>\n<p><em>(C. Blanco-Alegre, A.I. Calvo, C. Gon\u00e7alves, E. Vicente, and R. Fraile)<\/em><\/p>\n<ul>\n<li><a href=\"https:\/\/grupos.unileon.es\/atmos\/files\/2024\/08\/2023_EAC_CARLOS_Abstract.pdf\">Abstract<\/a><\/li>\n<li><a href=\"https:\/\/grupos.unileon.es\/atmos\/files\/2024\/08\/2023_EAC_CARLOS.pdf\">Poster<\/a><\/li>\n<\/ul>\n<p>An astonishing saharan dust outbreak in march 2022: impact on air quality in Castilla y Le\u00f3n (Spain).<\/p>\n<p><em>(P. Rodr\u00edguez-Rodr\u00edguez, A.I. Calvo and R. Fraile)<\/em><\/p>\n<ul>\n<li><a href=\"https:\/\/grupos.unileon.es\/atmos\/files\/2024\/08\/2023_EAC_POSTER_PRR_Abstract.pdf\">Abstract<\/a><\/li>\n<li><a href=\"https:\/\/grupos.unileon.es\/atmos\/files\/2024\/08\/2023_EAC_POSTER_PRR.pdf\">Poster<\/a><\/li>\n<\/ul>\n<p>Indoor PM from residential coal combustion: levels and chemical composition.<\/p>\n<p><em>(E. D. Vicente, A. I. Calvo, A. S\u00e1nchez de la Campa, J. de la Rosa, F.Oduber, R. Fraile and C. A. Alves)<\/em><\/p>\n<ul>\n<li><a href=\"https:\/\/grupos.unileon.es\/atmos\/files\/2024\/08\/2023_EAC_EstelaVicente1_Abstract.pdf\">Abstract<\/a><\/li>\n<li><a href=\"https:\/\/grupos.unileon.es\/atmos\/files\/2024\/08\/2023_EAC_EstelaVicente1.pdf\">Poster<\/a><\/li>\n<\/ul>\n<p>Physical-chemical characterisation of atmospheric aerosol in Le\u00f3n (NW Spain): an integrated study during the period of highest consumption of coal for heating purposes.<\/p>\n<p><em>(C. Gon\u00e7alves, E.D. Vicente, A.I. Calvo, C. Blanco-Alegre, A. Rodr\u00edguez-Fern\u00e1ndez, A. S\u00e1nchez de la Campa, F. Giardi, S. Nava, G. Calzolai and R. Fraile)<\/em><\/p>\n<ul>\n<li><a href=\"https:\/\/grupos.unileon.es\/atmos\/files\/2024\/08\/2023_EAC_CatiaGoncalves_Abstract.pdf\">Abstract<\/a><\/li>\n<li><a href=\"https:\/\/grupos.unileon.es\/atmos\/files\/2024\/08\/2023_EAC_CatiaGoncalves.pdf\">Poster<\/a><\/li>\n<\/ul>\n<p>Relationship between bioaerosol and other pollutants.<\/p>\n<p><em>(A.I. Calvo, D Baumgardner, C. Blanco-Alegre, C. Gon\u00e7alves, E.D. Vicente, D. Fern\u00e1ndez-Gonz\u00e1lez, A. Rodr\u00edguez-Fern\u00e1ndez, R. Valencia-Barrera, A. Vega-Maray and R. Fraile)<\/em><\/p>\n<ul>\n<li><a href=\"https:\/\/grupos.unileon.es\/atmos\/files\/2024\/08\/2023_EAC_AnaIC_Abstract.pdf\">Abstract<\/a><\/li>\n<li><a href=\"https:\/\/grupos.unileon.es\/atmos\/files\/2024\/08\/2023_EAC_AnaIC.pdf\">Poster<\/a><\/li>\n<\/ul>\n<p>Wildfires in the Sierra de la Culebra (Zamora): impact on the air quality of Castilla y Le\u00f3n.<\/p>\n<p><em>(J.M. Paniagua, C. Blanco-Alegre, A.I. Calvo and R. Fraile)<\/em><\/p>\n<ul>\n<li><a href=\"https:\/\/grupos.unileon.es\/atmos\/files\/2024\/08\/2023_EAC_JM_Abstract.pdf\">Abstract<\/a><\/li>\n<li><a href=\"https:\/\/grupos.unileon.es\/atmos\/files\/2024\/08\/2023_EAC_JM.pdf\">Poster<\/a><\/li>\n<\/ul>\n<p>Winter air quality in an urban area with high coal consumption in domestic devices.<\/p>\n<p><em>(E. D. Vicente, C. Gon\u00e7alves, A. I. Calvo, C. Blanco-Alegre, A. S\u00e1nchez de la Campa, T. Sainnokhoi, N. Kov\u00e1ts, F. Giardi, S. Nava, G. Calzolai and R. Fraile)<\/em><\/p>\n<ul>\n<li><a href=\"https:\/\/grupos.unileon.es\/atmos\/files\/2024\/08\/2023_EAC_EstelaVicente2_Abstract.pdf\">Abstract<\/a><\/li>\n<li><a href=\"https:\/\/grupos.unileon.es\/atmos\/files\/2024\/08\/2023_EAC_EstelaVicente2.pdf\">Poster<\/a><\/li>\n<\/ul>\n","protected":false},"excerpt":{"rendered":"<p>Air quality in Africa: a bibliometric review. (L.B. Osa-Akara, A.I. Calvo, C. Gon\u00e7alves, C. Blanco-Alegre, R. Fraile) Abstract Poster A full characterization of the carbonaceous component of the aerosol in near-real-time in a coal region. (C. Blanco-Alegre, A.I. Calvo, C. Gon\u00e7alves, E. Vicente, and R. Fraile) Abstract Poster An astonishing saharan dust outbreak in march [&hellip;]<\/p>\n","protected":false},"author":153,"featured_media":0,"parent":23,"menu_order":0,"comment_status":"closed","ping_status":"closed","template":"","meta":{"footnotes":""},"class_list":["post-1194","page","type-page","status-publish","hentry"],"_links":{"self":[{"href":"https:\/\/grupos.unileon.es\/atmos\/wp-json\/wp\/v2\/pages\/1194","targetHints":{"allow":["GET"]}}],"collection":[{"href":"https:\/\/grupos.unileon.es\/atmos\/wp-json\/wp\/v2\/pages"}],"about":[{"href":"https:\/\/grupos.unileon.es\/atmos\/wp-json\/wp\/v2\/types\/page"}],"author":[{"embeddable":true,"href":"https:\/\/grupos.unileon.es\/atmos\/wp-json\/wp\/v2\/users\/153"}],"replies":[{"embeddable":true,"href":"https:\/\/grupos.unileon.es\/atmos\/wp-json\/wp\/v2\/comments?post=1194"}],"version-history":[{"count":4,"href":"https:\/\/grupos.unileon.es\/atmos\/wp-json\/wp\/v2\/pages\/1194\/revisions"}],"predecessor-version":[{"id":1284,"href":"https:\/\/grupos.unileon.es\/atmos\/wp-json\/wp\/v2\/pages\/1194\/revisions\/1284"}],"up":[{"embeddable":true,"href":"https:\/\/grupos.unileon.es\/atmos\/wp-json\/wp\/v2\/pages\/23"}],"wp:attachment":[{"href":"https:\/\/grupos.unileon.es\/atmos\/wp-json\/wp\/v2\/media?parent=1194"}],"curies":[{"name":"wp","href":"https:\/\/api.w.org\/{rel}","templated":true}]}}