{"id":540,"date":"2018-01-17T12:48:24","date_gmt":"2018-01-17T12:48:24","guid":{"rendered":"http:\/\/grupos.unileon.es\/atmos\/?page_id=540"},"modified":"2018-01-18T08:01:30","modified_gmt":"2018-01-18T08:01:30","slug":"galeria-de-fotografias","status":"publish","type":"page","link":"https:\/\/grupos.unileon.es\/atmos\/otros\/galeria-de-fotografias\/","title":{"rendered":"GALERIA DE FOTOGRAFIAS"},"content":{"rendered":"<div id=\"metaslider-id-60\" style=\"max-width: 1000px;\" class=\"ml-slider-3-100-1 metaslider metaslider-flex metaslider-60 ml-slider ms-theme-default\" role=\"region\" aria-label=\"Galeria de fotografias\" data-height=\"500\" data-width=\"1000\">\n    <div id=\"metaslider_container_60\">\n        <div id=\"metaslider_60\" class=\"flexslider\">\n            <ul class='slides'>\n                <li style=\"display: block; width: 100%;\" class=\"slide-58 ms-image \" aria-roledescription=\"slide\" data-date=\"2016-08-03 08:38:38\"><img loading=\"lazy\" decoding=\"async\" src=\"https:\/\/grupos.unileon.es\/atmos\/files\/2016\/08\/IMG_20160531_120625-1000x500.jpg\" height=\"500\" width=\"1000\" alt=\"\" class=\"slider-60 slide-58 msDefaultImage\" \/><div class=\"caption-wrap\"><div class=\"caption\">Colector de deposici\u00f3n seca y h\u00fameda autom\u00e1tico<\/div><\/div><\/li>\n                <li style=\"display: none; width: 100%;\" class=\"slide-57 ms-image \" aria-roledescription=\"slide\" data-date=\"2016-08-03 08:38:18\"><img loading=\"lazy\" decoding=\"async\" src=\"https:\/\/grupos.unileon.es\/atmos\/files\/2016\/08\/IMG_20160622_114513-1000x500.jpg\" height=\"500\" width=\"1000\" alt=\"\" class=\"slider-60 slide-57 msDefaultImage\" \/><div class=\"caption-wrap\"><div class=\"caption\">Davis Weather Station<\/div><\/div><\/li>\n                <li style=\"display: none; width: 100%;\" class=\"slide-55 ms-image \" aria-roledescription=\"slide\" data-date=\"2016-08-03 08:37:30\"><img loading=\"lazy\" decoding=\"async\" src=\"https:\/\/grupos.unileon.es\/atmos\/files\/2016\/08\/IMG_20160622_115910-1000x500.jpg\" height=\"500\" width=\"1000\" alt=\"\" class=\"slider-60 slide-55 msDefaultImage\" \/><div class=\"caption-wrap\"><div class=\"caption\">SMPS (Scanning Mobility Particle Size Spectrometer)<\/div><\/div><\/li>\n                <li style=\"display: none; width: 100%;\" class=\"slide-50 ms-image \" aria-roledescription=\"slide\" data-date=\"2016-08-03 08:29:50\"><img loading=\"lazy\" decoding=\"async\" src=\"https:\/\/grupos.unileon.es\/atmos\/files\/2016\/08\/cimel2-1000x500.jpg\" height=\"500\" width=\"1000\" alt=\"\" class=\"slider-60 slide-50 msDefaultImage\" \/><div class=\"caption-wrap\"><div class=\"caption\">RADIOMETRO CIMEL <\/div><\/div><\/li>\n                <li style=\"display: none; width: 100%;\" class=\"slide-49 ms-image \" aria-roledescription=\"slide\" data-date=\"2016-08-03 08:29:32\"><img loading=\"lazy\" decoding=\"async\" src=\"https:\/\/grupos.unileon.es\/atmos\/files\/2016\/08\/CAV-completo-1000x500.jpg\" height=\"500\" width=\"1000\" alt=\"\" class=\"slider-60 slide-49 msDefaultImage\" \/><div class=\"caption-wrap\"><div class=\"caption\">CAV MCV-SA (Colector de Alto Volumen)<\/div><\/div><\/li>\n                <li style=\"display: none; width: 100%;\" class=\"slide-72 ms-image \" aria-roledescription=\"slide\" data-date=\"2016-08-21 06:51:54\"><img loading=\"lazy\" decoding=\"async\" src=\"https:\/\/grupos.unileon.es\/atmos\/files\/2016\/08\/IMG_20160622_114456-1000x500.jpg\" height=\"500\" width=\"1000\" alt=\"\" class=\"slider-60 slide-72 msDefaultImage\" \/><div class=\"caption-wrap\"><div class=\"caption\">DISDROMETRO LPM (Laser Precipitation Monitor)<\/div><\/div><\/li>\n                <li style=\"display: none; width: 100%;\" class=\"slide-98 ms-image \" aria-roledescription=\"slide\" data-date=\"2016-09-02 11:11:48\"><img loading=\"lazy\" decoding=\"async\" src=\"https:\/\/grupos.unileon.es\/atmos\/files\/2016\/09\/IMG_20160830_112547-1000x500.jpg\" height=\"500\" width=\"1000\" alt=\"\" class=\"slider-60 slide-98 msDefaultImage\" \/><div class=\"caption-wrap\"><div class=\"caption\">Captadores de polen<\/div><\/div><\/li>\n                <li style=\"display: none; width: 100%;\" class=\"slide-574 ms-image \" aria-roledescription=\"slide\" data-date=\"2018-01-23 08:04:03\"><img loading=\"lazy\" decoding=\"async\" src=\"https:\/\/grupos.unileon.es\/atmos\/files\/2018\/01\/gilibrator-1000x500.jpg\" height=\"500\" width=\"1000\" alt=\"\" class=\"slider-60 slide-574 msDefaultImage\" \/><div class=\"caption-wrap\"><div class=\"caption\">Gilibrator<\/div><\/div><\/li>\n                <li style=\"display: none; width: 100%;\" class=\"slide-575 ms-image \" aria-roledescription=\"slide\" data-date=\"2018-01-23 08:04:04\"><img loading=\"lazy\" decoding=\"async\" src=\"https:\/\/grupos.unileon.es\/atmos\/files\/2018\/01\/pantalla-del-cav-1000x500.jpg\" height=\"500\" width=\"1000\" alt=\"\" class=\"slider-60 slide-575 msDefaultImage\" \/><div class=\"caption-wrap\"><div class=\"caption\">Pantalla del CAV<\/div><\/div><\/li>\n                <li style=\"display: none; width: 100%;\" class=\"slide-576 ms-image \" aria-roledescription=\"slide\" data-date=\"2018-01-23 08:04:04\"><img loading=\"lazy\" decoding=\"async\" src=\"https:\/\/grupos.unileon.es\/atmos\/files\/2018\/01\/situacion-2tecoracav-1000x500.jpg\" height=\"500\" width=\"1000\" alt=\"\" class=\"slider-60 slide-576 msDefaultImage\" \/><div class=\"caption-wrap\"><div class=\"caption\">Situaci\u00f3n de dos TECORA y un CAV<\/div><\/div><\/li>\n                <li style=\"display: none; width: 100%;\" class=\"slide-580 ms-image \" aria-roledescription=\"slide\" data-date=\"2018-01-23 08:11:19\"><img loading=\"lazy\" decoding=\"async\" src=\"https:\/\/grupos.unileon.es\/atmos\/files\/2016\/08\/tecora-e1471517483282-200x100.jpg\" height=\"500\" width=\"1000\" alt=\"\" class=\"slider-60 slide-580 msDefaultImage\" \/><div class=\"caption-wrap\"><div class=\"caption\">TECORA<\/div><\/div><\/li>\n                <li style=\"display: none; width: 100%;\" class=\"slide-581 ms-image \" aria-roledescription=\"slide\" data-date=\"2018-01-23 08:11:19\"><img loading=\"lazy\" decoding=\"async\" src=\"https:\/\/grupos.unileon.es\/atmos\/files\/2016\/08\/image-640x320.png\" height=\"500\" width=\"1000\" alt=\"\" class=\"slider-60 slide-581 msDefaultImage\" \/><div class=\"caption-wrap\"><div class=\"caption\">PCASP<\/div><\/div><\/li>\n            <\/ul>\n        <\/div>\n        \n    <\/div>\n<\/div>\n","protected":false},"excerpt":{"rendered":"","protected":false},"author":73,"featured_media":0,"parent":401,"menu_order":0,"comment_status":"closed","ping_status":"closed","template":"","meta":{"footnotes":""},"class_list":["post-540","page","type-page","status-publish","hentry"],"_links":{"self":[{"href":"https:\/\/grupos.unileon.es\/atmos\/wp-json\/wp\/v2\/pages\/540","targetHints":{"allow":["GET"]}}],"collection":[{"href":"https:\/\/grupos.unileon.es\/atmos\/wp-json\/wp\/v2\/pages"}],"about":[{"href":"https:\/\/grupos.unileon.es\/atmos\/wp-json\/wp\/v2\/types\/page"}],"author":[{"embeddable":true,"href":"https:\/\/grupos.unileon.es\/atmos\/wp-json\/wp\/v2\/users\/73"}],"replies":[{"embeddable":true,"href":"https:\/\/grupos.unileon.es\/atmos\/wp-json\/wp\/v2\/comments?post=540"}],"version-history":[{"count":5,"href":"https:\/\/grupos.unileon.es\/atmos\/wp-json\/wp\/v2\/pages\/540\/revisions"}],"predecessor-version":[{"id":550,"href":"https:\/\/grupos.unileon.es\/atmos\/wp-json\/wp\/v2\/pages\/540\/revisions\/550"}],"up":[{"embeddable":true,"href":"https:\/\/grupos.unileon.es\/atmos\/wp-json\/wp\/v2\/pages\/401"}],"wp:attachment":[{"href":"https:\/\/grupos.unileon.es\/atmos\/wp-json\/wp\/v2\/media?parent=540"}],"curies":[{"name":"wp","href":"https:\/\/api.w.org\/{rel}","templated":true}]}}