{"id":25,"date":"2015-03-23T12:16:34","date_gmt":"2015-03-23T12:16:34","guid":{"rendered":"http:\/\/grupos.unileon.es\/cadep-crue\/?page_id=25"},"modified":"2015-04-17T08:08:52","modified_gmt":"2015-04-17T08:08:52","slug":"bienvenida","status":"publish","type":"page","link":"https:\/\/grupos.unileon.es\/cadep-crue\/","title":{"rendered":"SALUDO DEL RECTOR"},"content":{"rendered":"<p><a href=\"http:\/\/grupos.unileon.es\/cadep-crue\/files\/2015\/03\/untitled.png\"><img loading=\"lazy\" decoding=\"async\" class=\" size-full wp-image-116 aligncenter\" src=\"http:\/\/grupos.unileon.es\/cadep-crue\/files\/2015\/03\/untitled.png\" alt=\"untitled\" width=\"150\" height=\"100\" \/><\/a><\/p>\n<p>En primer lugar, quiero agradecerles que hayan elegido Le\u00f3n y su Universidad para celebrar, los pr\u00f3ximos 28 y 29 de mayo de 2015, la reuni\u00f3n de la Comisi\u00f3n Sectorial para\u00a0la Calidad Ambiental, el Desarrollo Sostenible y la Prevenci\u00f3n\u00a0de Riesgos en las Universidades (CADEP).<\/p>\n<p>Bienvenidos sean a una ciudad cuyo origen, datado hace m\u00e1s de dos mil a\u00f1os, se remonta al campamento romano de la Legio VII Gemina, que a su rico y bien conocido patrimonio art\u00edstico une el hecho de que en 2013 fuera declarada por la UNESCO como Cuna del Parlamentarismo pues en 1188, en los muros de San Isidoro, el rey Alfonso IX convoc\u00f3 una Curia Regia en la que adem\u00e1s de clero y nobleza fueron tambi\u00e9n fueron llamados representantes de ciudades.<\/p>\n<p>Bienvenidos sean a una universidad que d\u00eda a d\u00eda fomenta el respeto al medio ambiente y realiza acciones de promoci\u00f3n de la salud tanto en la comunidad universitaria como en la sociedad leonesa.<\/p>\n<p>Espero y deseo que tengan sesiones de trabajo fruct\u00edferas, cuyos resultados nos permitan avanzar a todos, y que disfruten de lo que Le\u00f3n y sus gentes les ofrecen.<\/p>\n<p>&nbsp;<\/p>\n<p>Jos\u00e9 \u00c1ngel Hermida Alonso<\/p>\n<p>Rector de la Universidad de Le\u00f3n<\/p>\n<p>&nbsp;<\/p>\n<p>&nbsp;<\/p>\n","protected":false},"excerpt":{"rendered":"<p>En primer lugar, quiero agradecerles que hayan elegido Le\u00f3n y su Universidad para celebrar, los pr\u00f3ximos 28 y 29 de mayo de 2015, la reuni\u00f3n de la Comisi\u00f3n Sectorial para\u00a0la Calidad Ambiental, el Desarrollo Sostenible y la Prevenci\u00f3n\u00a0de Riesgos en las Universidades (CADEP). Bienvenidos sean a una ciudad cuyo origen, datado hace m\u00e1s de dos [&hellip;]<\/p>\n","protected":false},"author":35,"featured_media":0,"parent":0,"menu_order":0,"comment_status":"closed","ping_status":"closed","template":"","meta":{"footnotes":""},"class_list":["post-25","page","type-page","status-publish","hentry"],"_links":{"self":[{"href":"https:\/\/grupos.unileon.es\/cadep-crue\/wp-json\/wp\/v2\/pages\/25","targetHints":{"allow":["GET"]}}],"collection":[{"href":"https:\/\/grupos.unileon.es\/cadep-crue\/wp-json\/wp\/v2\/pages"}],"about":[{"href":"https:\/\/grupos.unileon.es\/cadep-crue\/wp-json\/wp\/v2\/types\/page"}],"author":[{"embeddable":true,"href":"https:\/\/grupos.unileon.es\/cadep-crue\/wp-json\/wp\/v2\/users\/35"}],"replies":[{"embeddable":true,"href":"https:\/\/grupos.unileon.es\/cadep-crue\/wp-json\/wp\/v2\/comments?post=25"}],"version-history":[{"count":5,"href":"https:\/\/grupos.unileon.es\/cadep-crue\/wp-json\/wp\/v2\/pages\/25\/revisions"}],"predecessor-version":[{"id":119,"href":"https:\/\/grupos.unileon.es\/cadep-crue\/wp-json\/wp\/v2\/pages\/25\/revisions\/119"}],"wp:attachment":[{"href":"https:\/\/grupos.unileon.es\/cadep-crue\/wp-json\/wp\/v2\/media?parent=25"}],"curies":[{"name":"wp","href":"https:\/\/api.w.org\/{rel}","templated":true}]}}