{"id":33,"date":"2015-03-23T12:46:31","date_gmt":"2015-03-23T12:46:31","guid":{"rendered":"http:\/\/grupos.unileon.es\/cadep-crue\/?page_id=33"},"modified":"2015-06-03T11:16:38","modified_gmt":"2015-06-03T11:16:38","slug":"programa","status":"publish","type":"page","link":"https:\/\/grupos.unileon.es\/cadep-crue\/programa\/","title":{"rendered":"PROGRAMA CADEP-CRUE."},"content":{"rendered":"<p>A continuaci\u00f3n puede ver el programa de las jornadas CADEP-CRUE de Le\u00f3n:<\/p>\n<p><strong>JUEVES 28 de Mayo de 2015.<\/strong><\/p>\n<p>10:00h. Entrega de documentaci\u00f3n.<\/p>\n<p>10:30h Inauguraci\u00f3n oficial. <a href=\"https:\/\/videos.unileon.es\/video\/926\" target=\"_blank\">https:\/\/videos.unileon.es\/video\/926<\/a><\/p>\n<p>11:00h. Conferencia I. <em>Universidades Saludables: papel en el contexto de la universidad espa\u00f1ola.<\/em> D\u00f1a. Carmen Gallardo Pino. <a href=\"https:\/\/videos.unileon.es\/video\/927\" target=\"_blank\">https:\/\/videos.unileon.es\/video\/927<\/a><\/p>\n<p>11:45h. Conferencia II. <em>\u00abEstudio de la prevalencia de alergias respiratorias en la comunidad universitaria de Le\u00f3n. <\/em>D\u00f1a. Mar\u00eda Delia Fern\u00e1ndez Gonz\u00e1lez. <a href=\"https:\/\/videos.unileon.es\/video\/928\" target=\"_blank\">https:\/\/videos.unileon.es\/video\/928<\/a><\/p>\n<p>12:45h. Conferencia III. <em>Integraci\u00f3n de la PRL en el \u00e1mbito universitario espa\u00f1ol<\/em>. D. Jos\u00e9 Miguel Mu\u00f1oz Bellido (Jefe del Centro de Seguridad y Salud Laboral de Castilla y Le\u00f3n). <a href=\"https:\/\/videos.unileon.es\/video\/929\" target=\"_blank\">https:\/\/videos.unileon.es\/video\/929<\/a><\/p>\n<p>13:30h. Comida de trabajo (Rectorado).<\/p>\n<p>15:30h. GRUPOS DE SOSTENIBILIDAD:<\/p>\n<ul>\n<li>Universidad y Movilidad.<\/li>\n<li>Evaluaci\u00f3n de la Sostenibilidad Universitaria.<\/li>\n<li>Mejoras ambientales en edificios universitarios.<\/li>\n<li>Sostenibilizaci\u00f3n Curricular.<\/li>\n<li>Universidades saludables.<\/li>\n<li>Urbanismo universitario y Sostenibilidad.<\/li>\n<li>Participaci\u00f3n y Voluntariado.<\/li>\n<\/ul>\n<p>15:30h. GRUPOS DE PREVENCI\u00d3N DE RIESGOS LABORALES.<\/p>\n<ul>\n<li>Grupo de PRL. Sala de Juntas (Rectorado).\n<ul>\n<li>\u00abCoordinaci\u00f3n de actividades empresariales\u00bb. Sociedad de Prevenci\u00f3n de Asepeyo, S.L.U.<\/li>\n<li><em>Actuaciones de \u00d3rganos T\u00e9cnicos de P.R.L. de la Administraci\u00f3n de Castilla y Le\u00f3n.<\/em> D. Jos\u00e9 Miguel Mu\u00f1oz Bellido (Jefe del Centro de Seguridad y Salud Laboral de Castilla y Le\u00f3n).<\/li>\n<li>\u00abUniversidad &#8211; Espacio cardioprotegido\u00bb. Universidad Polit\u00e9cnica de Catalu\u00f1a.<\/li>\n<\/ul>\n<\/li>\n<\/ul>\n<p>17:30h. Visita guiada a la Catedral de Le\u00f3n y Bas\u00edlica de San Isidoro.<\/p>\n<p>22:00h. Cena en el Parador de San Marcos. <a href=\"http:\/\/www.parador.es\/es\/paradores\/parador-de-leon\" target=\"_blank\">http:\/\/www.parador.es\/es\/paradores\/parador-de-le\u00f3n<\/a><\/p>\n<p><strong>VIERNES 29 de Mayo.<\/strong><\/p>\n<p>9:00h. Reuni\u00f3n Comit\u00e9 ejecutivo CADEP.<\/p>\n<p>10:30h. Reuni\u00f3n del pleno. CADEP CRUE.<\/p>\n<p>12:30h. Clausura oficial de las Jornadas. <a href=\"https:\/\/videos.unileon.es\/video\/930\" target=\"_blank\">https:\/\/videos.unileon.es\/video\/930<\/a><\/p>\n<p>13:30h. Comida (Rectorado).<\/p>\n<p>&nbsp;<\/p>\n<p>&nbsp;<\/p>\n","protected":false},"excerpt":{"rendered":"<p>A continuaci\u00f3n puede ver el programa de las jornadas CADEP-CRUE de Le\u00f3n: JUEVES 28 de Mayo de 2015. 10:00h. Entrega de documentaci\u00f3n. 10:30h Inauguraci\u00f3n oficial. https:\/\/videos.unileon.es\/video\/926 11:00h. Conferencia I. Universidades Saludables: papel en el contexto de la universidad espa\u00f1ola. D\u00f1a. Carmen Gallardo Pino. https:\/\/videos.unileon.es\/video\/927 11:45h. Conferencia II. \u00abEstudio de la prevalencia de alergias respiratorias en [&hellip;]<\/p>\n","protected":false},"author":35,"featured_media":0,"parent":0,"menu_order":0,"comment_status":"closed","ping_status":"closed","template":"","meta":{"footnotes":""},"class_list":["post-33","page","type-page","status-publish","hentry"],"_links":{"self":[{"href":"https:\/\/grupos.unileon.es\/cadep-crue\/wp-json\/wp\/v2\/pages\/33","targetHints":{"allow":["GET"]}}],"collection":[{"href":"https:\/\/grupos.unileon.es\/cadep-crue\/wp-json\/wp\/v2\/pages"}],"about":[{"href":"https:\/\/grupos.unileon.es\/cadep-crue\/wp-json\/wp\/v2\/types\/page"}],"author":[{"embeddable":true,"href":"https:\/\/grupos.unileon.es\/cadep-crue\/wp-json\/wp\/v2\/users\/35"}],"replies":[{"embeddable":true,"href":"https:\/\/grupos.unileon.es\/cadep-crue\/wp-json\/wp\/v2\/comments?post=33"}],"version-history":[{"count":21,"href":"https:\/\/grupos.unileon.es\/cadep-crue\/wp-json\/wp\/v2\/pages\/33\/revisions"}],"predecessor-version":[{"id":139,"href":"https:\/\/grupos.unileon.es\/cadep-crue\/wp-json\/wp\/v2\/pages\/33\/revisions\/139"}],"wp:attachment":[{"href":"https:\/\/grupos.unileon.es\/cadep-crue\/wp-json\/wp\/v2\/media?parent=33"}],"curies":[{"name":"wp","href":"https:\/\/api.w.org\/{rel}","templated":true}]}}