{"id":7,"date":"2023-01-24T10:13:05","date_gmt":"2023-01-24T10:13:05","guid":{"rendered":"https:\/\/grupos.unileon.es\/comite-pas\/?page_id=7"},"modified":"2026-03-17T07:04:42","modified_gmt":"2026-03-17T07:04:42","slug":"miembros-del-comite","status":"publish","type":"page","link":"https:\/\/grupos.unileon.es\/comite-pas\/miembros-del-comite\/","title":{"rendered":"Miembros del Comit\u00e9"},"content":{"rendered":"<div class=\"content\">\n<div class=\"field field--name-body field--type-text-with-summary field--label-hidden field--item\" property=\"schema:text\">\n<table class=\"directory\" style=\"width: 100%;\">\n<tbody><!-- ************************************ --><\/p>\n<tr>\n<th colspan=\"2\">Presidente<\/th>\n<\/tr>\n<tr>\n<td><a href=\"mailto:gerjcc@unileon.es\">JOSE CARLOS COSGAYA HIJOSA<\/a><\/td>\n<td>UGT<\/td>\n<\/tr>\n<tr>\n<td>Secci\u00f3n sindical UGT<\/td>\n<td>Tel\u00e9fono: 1330<\/td>\n<\/tr>\n<p>                <!-- ************************************ --><\/p>\n<tr>\n<th colspan=\"2\">Secretaria<\/th>\n<\/tr>\n<tr>\n<td><a href=\"mailto:balvac@unileon.es\">BEATRIZ \u00c1LVAREZ CASADO<\/a><\/td>\n<td>UGT<\/td>\n<\/tr>\n<tr>\n<td>Tel\u00e9fono: 1766<\/td>\n<\/tr>\n<p>                <!-- ************************************ --><\/p>\n<tr>\n<th colspan=\"2\">Vicepresidente<\/th>\n<\/tr>\n<tr>\n<td><a href=\"mailto:alvaro.delrio@unileon.es\">\u00c1LVARO DEL R\u00cdO GONZ\u00c1LEZ<\/a><\/td>\n<td>UGT<\/td>\n<\/tr>\n<tr>\n<td>Tel\u00e9fono: 3382<\/td>\n<\/tr>\n<p>                <!-- ************************************ --><\/p>\n<tr>\n<th colspan=\"2\">Vicesecretaria<\/th>\n<\/tr>\n<tr>\n<td><a href=\"mailto:germft@unileon.es\">M\u00aa NIEVES GLORIA FELIZ TRUCHERO<\/a><\/td>\n<td>UGT<\/td>\n<\/tr>\n<tr>\n<td>Tel\u00e9fono: 3091<\/td>\n<\/tr>\n<p>                <!-- ************************************ --><\/p>\n<tr>\n<th colspan=\"2\">Miembros<\/th>\n<\/tr>\n<tr>\n<td>VICTORIANA DEL CANTO MATA<\/td>\n<td>UGT<\/td>\n<\/tr>\n<tr>\n<td>ELENA RODR\u00cdGUEZ MARROYO<\/td>\n<td>UGT<\/td>\n<\/tr>\n<tr>\n<td>LYDIA S\u00c1NCHEZ GONZ\u00c1LEZ<\/td>\n<td>UGT<\/td>\n<\/tr>\n<tr>\n<td>ELENA GARC\u00cdA GARC\u00cdA<\/td>\n<td>CCOO<\/td>\n<\/tr>\n<tr>\n<td>LUZDIVINA VILA FIDALGO<\/td>\n<td>CCOO<\/td>\n<\/tr>\n<tr>\n<td>JOS\u00c9 CARLOS MART\u00cdN SORIANO<\/td>\n<td>CCOO<\/td>\n<\/tr>\n<tr>\n<td>MAR\u00cdA DEL MAR GARC\u00cdA GARC\u00cdA<\/td>\n<td>CSIF<\/td>\n<\/tr>\n<tr>\n<td>JOS\u00c9 \u00d3SCAR GONZ\u00c1LEZ CUBILLAS<\/td>\n<td>CSIF<\/td>\n<\/tr>\n<tr>\n<td>H\u00c9CTOR PAREDES SU\u00c1REZ<\/td>\n<td>CSIF<\/td>\n<\/tr>\n<p>                <!-- ************************************ --><\/p>\n<tr>\n<th colspan=\"2\">Delegados Sindicales<\/th>\n<\/tr>\n<tr>\n<td><a href=\"mailto:aperg@unileon.es\">AZUCENA P\u00c9REZ GONZ\u00c1LEZ<\/a><\/td>\n<td>UGT<\/td>\n<\/tr>\n<tr>\n<td><a href=\"mailto:manuel.martin@unileon.es\">MANUEL MART\u00cdN GARC\u00cdA<\/a><\/td>\n<td>UGT<\/td>\n<\/tr>\n<tr>\n<td><a href=\"mailto:leticia.arias@unileon.es\">LETICIA GONZ\u00c1LEZ ARIAS<\/a><\/td>\n<td>CCOO<\/td>\n<\/tr>\n<tr>\n<td>FERNANDO FRANCO VILLADANGOS<\/td>\n<td>CSIF<\/td>\n<\/tr>\n<\/tbody>\n<\/table><\/div>\n<\/div>\n","protected":false},"excerpt":{"rendered":"<p>Presidente JOSE CARLOS COSGAYA HIJOSA UGT Secci\u00f3n sindical UGT Tel\u00e9fono: 1330 Secretaria BEATRIZ \u00c1LVAREZ CASADO UGT Tel\u00e9fono: 1766 Vicepresidente \u00c1LVARO DEL R\u00cdO GONZ\u00c1LEZ UGT Tel\u00e9fono: 3382 Vicesecretaria M\u00aa NIEVES GLORIA FELIZ TRUCHERO UGT Tel\u00e9fono: 3091 Miembros VICTORIANA DEL CANTO MATA UGT ELENA RODR\u00cdGUEZ MARROYO UGT LYDIA S\u00c1NCHEZ GONZ\u00c1LEZ UGT ELENA GARC\u00cdA GARC\u00cdA CCOO LUZDIVINA VILA [&hellip;]<\/p>\n","protected":false},"author":50,"featured_media":0,"parent":0,"menu_order":0,"comment_status":"closed","ping_status":"closed","template":"","meta":{"footnotes":""},"class_list":["post-7","page","type-page","status-publish","hentry"],"_links":{"self":[{"href":"https:\/\/grupos.unileon.es\/comite-pas\/wp-json\/wp\/v2\/pages\/7","targetHints":{"allow":["GET"]}}],"collection":[{"href":"https:\/\/grupos.unileon.es\/comite-pas\/wp-json\/wp\/v2\/pages"}],"about":[{"href":"https:\/\/grupos.unileon.es\/comite-pas\/wp-json\/wp\/v2\/types\/page"}],"author":[{"embeddable":true,"href":"https:\/\/grupos.unileon.es\/comite-pas\/wp-json\/wp\/v2\/users\/50"}],"replies":[{"embeddable":true,"href":"https:\/\/grupos.unileon.es\/comite-pas\/wp-json\/wp\/v2\/comments?post=7"}],"version-history":[{"count":9,"href":"https:\/\/grupos.unileon.es\/comite-pas\/wp-json\/wp\/v2\/pages\/7\/revisions"}],"predecessor-version":[{"id":175,"href":"https:\/\/grupos.unileon.es\/comite-pas\/wp-json\/wp\/v2\/pages\/7\/revisions\/175"}],"wp:attachment":[{"href":"https:\/\/grupos.unileon.es\/comite-pas\/wp-json\/wp\/v2\/media?parent=7"}],"curies":[{"name":"wp","href":"https:\/\/api.w.org\/{rel}","templated":true}]}}