{"id":9,"date":"2021-09-10T09:22:40","date_gmt":"2021-09-10T09:22:40","guid":{"rendered":"https:\/\/grupos.unileon.es\/derecho-romano\/?page_id=9"},"modified":"2022-10-04T20:21:48","modified_gmt":"2022-10-04T20:21:48","slug":"ubicacion-y-contacto","status":"publish","type":"page","link":"https:\/\/grupos.unileon.es\/derecho-romano\/ubicacion-y-contacto\/","title":{"rendered":"Contacto"},"content":{"rendered":"<h1 class=\"entry-title\">\u00c1rea de Derecho Romano<\/h1>\n<div class=\"entry-content\">\n<h2>Facultad de Derecho<\/h2>\n<h3>Dra. D\u00aa Gema Vallejo P\u00e9rez<\/h3>\n<p>Despacho \u2013 1\u00aa planta; Puerta 1008<\/p>\n<p>Campus de Vegazana, s\/n, 24071, Le\u00f3n<\/p>\n<p>&nbsp;<\/p>\n<\/div>\n<h1 class=\"entry-title\">Servicio de Biblioteca<\/h1>\n<div class=\"entry-content\">\n<h2>Web de la Biblioteca de Derecho y Ciencias del Trabajo<\/h2>\n<p><a href=\"https:\/\/bibliotecas.unileon.es\/derecho\/\"><img loading=\"lazy\" decoding=\"async\" class=\"\" src=\"https:\/\/bibliotecas.unileon.es\/derecho\/files\/2012\/11\/cropped-Dcho.-Back12.jpg\" alt=\"\" width=\"581\" height=\"79\" \/>https:\/\/bibliotecas.unileon.es\/derecho\/<\/a><\/p>\n<h2>Responsable de la Biblioteca<\/h2>\n<p>D\u00aa Mercedes Mart\u00ednez Reguera<\/p>\n<p>E-mail: <a href=\"mailto:bummr@unileon.es\">bummr@unileon.es<\/a><\/p>\n<h2>T\u00e9cnicos de Biblioteca<\/h2>\n<p>D. Jes\u00fas Fern\u00e1ndez San Juan<\/p>\n<p>D\u00aa Laura Llamazares Bay\u00f3n<\/p>\n<p>D\u00aa Mireya S\u00e1nchez Fern\u00e1ndez<\/p>\n<\/div>\n<p>&nbsp;<\/p>\n","protected":false},"excerpt":{"rendered":"<p>\u00c1rea de Derecho Romano Facultad de Derecho Dra. D\u00aa Gema Vallejo P\u00e9rez Despacho \u2013 1\u00aa planta; Puerta 1008 Campus de Vegazana, s\/n, 24071, Le\u00f3n &nbsp; Servicio de Biblioteca Web de la Biblioteca de Derecho y Ciencias del Trabajo https:\/\/bibliotecas.unileon.es\/derecho\/ Responsable de la Biblioteca D\u00aa Mercedes Mart\u00ednez Reguera E-mail: bummr@unileon.es T\u00e9cnicos de Biblioteca D. Jes\u00fas Fern\u00e1ndez [&hellip;]<\/p>\n","protected":false},"author":50,"featured_media":0,"parent":0,"menu_order":0,"comment_status":"closed","ping_status":"closed","template":"","meta":{"footnotes":""},"class_list":["post-9","page","type-page","status-publish","hentry"],"_links":{"self":[{"href":"https:\/\/grupos.unileon.es\/derecho-romano\/wp-json\/wp\/v2\/pages\/9","targetHints":{"allow":["GET"]}}],"collection":[{"href":"https:\/\/grupos.unileon.es\/derecho-romano\/wp-json\/wp\/v2\/pages"}],"about":[{"href":"https:\/\/grupos.unileon.es\/derecho-romano\/wp-json\/wp\/v2\/types\/page"}],"author":[{"embeddable":true,"href":"https:\/\/grupos.unileon.es\/derecho-romano\/wp-json\/wp\/v2\/users\/50"}],"replies":[{"embeddable":true,"href":"https:\/\/grupos.unileon.es\/derecho-romano\/wp-json\/wp\/v2\/comments?post=9"}],"version-history":[{"count":12,"href":"https:\/\/grupos.unileon.es\/derecho-romano\/wp-json\/wp\/v2\/pages\/9\/revisions"}],"predecessor-version":[{"id":38,"href":"https:\/\/grupos.unileon.es\/derecho-romano\/wp-json\/wp\/v2\/pages\/9\/revisions\/38"}],"wp:attachment":[{"href":"https:\/\/grupos.unileon.es\/derecho-romano\/wp-json\/wp\/v2\/media?parent=9"}],"curies":[{"name":"wp","href":"https:\/\/api.w.org\/{rel}","templated":true}]}}