{"id":13,"date":"2015-11-12T13:17:17","date_gmt":"2015-11-12T12:17:17","guid":{"rendered":"http:\/\/grupos.unileon.es\/encuentro-protocolo\/?page_id=13"},"modified":"2016-01-18T10:13:17","modified_gmt":"2016-01-18T09:13:17","slug":"informacion-de-la-ule","status":"publish","type":"page","link":"https:\/\/grupos.unileon.es\/encuentro-protocolo\/informacion-de-la-ule\/","title":{"rendered":"Informaci\u00f3n de la ULe"},"content":{"rendered":"<p><img loading=\"lazy\" decoding=\"async\" class=\"alignleft size-full wp-image-4430\" style=\"margin: 0px 10px 10px 10px; float: left;\" src=\"http:\/\/grupos.unileon.es\/encuentro-protocolo\/files\/2015\/11\/21A_Universidad.jpg\" alt=\"image\" width=\"300\" height=\"200\" \/><\/p>\n<p align=\"justify\">En la fecha de creaci\u00f3n de la Universidad de Le\u00f3n en 1979 se inicia tambi\u00e9n el desarrollo del campus universitario de Le\u00f3n, externo a la ciudad y situado entre el barrio de San Mam\u00e9s y el n\u00facleo de Villaobispo, con la instalaci\u00f3n de Facultades y Escuelas Universitarias, m\u00e1s centros de servicios, \u00e1reas de deporte y Biblioteca central. A su vez, se mantienen fuera del Campus ciertos centros educativos y de investigaci\u00f3n en diferentes puntos de la ciudad as\u00ed como el Rectorado (pabell\u00f3n El Albeitar), servicios y residencias universitarias.<\/p>\n<p style=\"text-align: justify;\">El campus leon\u00e9s de Vegazana, denominado as\u00ed por su emplazamiento en una vega que fuera propiedad del obispado, agrupa en una forma casi compacta las Facultades actuales y buena parte de las Escuelas universitarias, con un total aproximado de diez mil alumnos, que acceden desde la ciudad por autobuses, veh\u00edculo propio, carril bici y recorrido a pie a unos 20 minutos del centro urbano. Asimismo, como consecuencia del crecimiento de la ciudad en los \u00faltimos a\u00f1os en la direcci\u00f3n del campus, este se encuentra pr\u00e1cticamente unido al casco urbano, por lo que el alumnado no local, de no residir en alojamientos colectivos, habita en pisos de alquiler en los barrios m\u00e1s cercanos. De este modo, las relaciones ciudad-campus se han ido estrechando y complementando con todo tipo de servicios para la comunidad universitaria.<\/p>\n<p style=\"text-align: justify;\">El peque\u00f1o campus de Ponferrada conecta directamente con el desarrollo oriental de la parte alta de la ciudad y es vecino del n\u00facleo hist\u00f3rico de Santo Tom\u00e1s de las Ollas. Como tal sector urbano fue iniciado en 1996 y pronto recibe importantes inversiones que han permitido su despegue como sector especializado en centros de Ingenier\u00edas y Ciencias de la Salud, a los que se ha dotado tambi\u00e9n de nuevas instalaciones deportivas y Biblioteca central.<\/p>\n<p style=\"text-align: justify;\">\n","protected":false},"excerpt":{"rendered":"<p>En la fecha de creaci\u00f3n de la Universidad de Le\u00f3n en 1979 se inicia tambi\u00e9n el desarrollo del campus universitario de Le\u00f3n, externo a la ciudad y situado entre el barrio de San Mam\u00e9s y el n\u00facleo de Villaobispo, con la instalaci\u00f3n de Facultades y Escuelas Universitarias, m\u00e1s centros de servicios, \u00e1reas de deporte y [&hellip;]<\/p>\n","protected":false},"author":50,"featured_media":0,"parent":0,"menu_order":0,"comment_status":"closed","ping_status":"closed","template":"","meta":{"footnotes":""},"class_list":["post-13","page","type-page","status-publish","hentry"],"_links":{"self":[{"href":"https:\/\/grupos.unileon.es\/encuentro-protocolo\/wp-json\/wp\/v2\/pages\/13","targetHints":{"allow":["GET"]}}],"collection":[{"href":"https:\/\/grupos.unileon.es\/encuentro-protocolo\/wp-json\/wp\/v2\/pages"}],"about":[{"href":"https:\/\/grupos.unileon.es\/encuentro-protocolo\/wp-json\/wp\/v2\/types\/page"}],"author":[{"embeddable":true,"href":"https:\/\/grupos.unileon.es\/encuentro-protocolo\/wp-json\/wp\/v2\/users\/50"}],"replies":[{"embeddable":true,"href":"https:\/\/grupos.unileon.es\/encuentro-protocolo\/wp-json\/wp\/v2\/comments?post=13"}],"version-history":[{"count":6,"href":"https:\/\/grupos.unileon.es\/encuentro-protocolo\/wp-json\/wp\/v2\/pages\/13\/revisions"}],"predecessor-version":[{"id":220,"href":"https:\/\/grupos.unileon.es\/encuentro-protocolo\/wp-json\/wp\/v2\/pages\/13\/revisions\/220"}],"wp:attachment":[{"href":"https:\/\/grupos.unileon.es\/encuentro-protocolo\/wp-json\/wp\/v2\/media?parent=13"}],"curies":[{"name":"wp","href":"https:\/\/api.w.org\/{rel}","templated":true}]}}