{"id":353,"date":"2016-02-16T10:20:55","date_gmt":"2016-02-16T09:20:55","guid":{"rendered":"http:\/\/grupos.unileon.es\/encuentro-protocolo\/?page_id=353"},"modified":"2016-02-16T17:31:40","modified_gmt":"2016-02-16T16:31:40","slug":"saluda-del-rector","status":"publish","type":"page","link":"https:\/\/grupos.unileon.es\/encuentro-protocolo\/saluda-del-rector\/","title":{"rendered":"Saluda del Rector"},"content":{"rendered":"<p><img loading=\"lazy\" decoding=\"async\" class=\"alignleft size-thumbnail wp-image-1774\" style=\"margin: 10px 10px 5px 15px; float: right;\" src=\"http:\/\/grupos.unileon.es\/encuentro-protocolo\/files\/2016\/02\/RECTOR.jpg\" alt=\"\" width=\"200\" height=\"270\" \/><\/p>\n<p style=\"text-align: justify;\">Quiero, en primer lugar, agradecer a la Asociaci\u00f3n para el Estudio y la Investigaci\u00f3n del Protocolo Universitario (AEIPU) que haya aceptado la invitaci\u00f3n de la Universidad de Le\u00f3n para celebrar en ella el <strong>XV Encuentro de Responsables de Protocolo <\/strong><strong>y Relaciones Institucionales de las Universidades <\/strong><strong>Espa\u00f1olas<\/strong> y el <strong>VII <\/strong><strong>Encuentro <\/strong><strong>Hispano-Luso de<\/strong> <strong>Protocolo Universitario. <\/strong>Estos encuentros, programados para los d\u00edas 5 y 6 del mes de mayo de 2016, pueden ser una buena ocasi\u00f3n para el intercambio de experiencias en un campo de tanta tradici\u00f3n en la Universidad espa\u00f1ola y, al mismo tiempo, transcendental en la actividad diar\u00eda de las relaciones con la sociedad y sus instituciones.<\/p>\n<p style=\"text-align: justify;\">Bienvenidos a la sede de nuestra Universidad y a esta ciudad de Le\u00f3n cuyo origen, datado hace m\u00e1s de dos mil a\u00f1os, se remonta al campamento romano de la Legio VII Gemina y que, a su rico y bien conocido patrimonio art\u00edstico, une el hecho de que en 2013 fuera declarada por la UNESCO como Cuna del Parlamentarismo, pues en 1188, y en los muros del complejo monumental de San Isidoro, el rey Alfonso IX convoc\u00f3 una Curia Regia en la que adem\u00e1s de clero y nobleza, fueron tambi\u00e9n llamados los representantes de las ciudades.<\/p>\n<p style=\"text-align: justify;\">Los objetivos principales de estudio e investigaci\u00f3n, que persigue esta asocaci\u00f3n del protocolo, ayudan a mantener el acervo cultural de nuestras universidades y, al mismo tiempo, es un veh\u00edculo adecuado para el contraste de los reglamentos y normativas, aportando una excelente informaci\u00f3n pr\u00e1ctica de los valores comunes y de las diversas singularidades que, en definitiva, pueden influir al buen hacer de nuestras relaciones. Beber de otras fuentes suministradoras de protocolos espec\u00edficos, como los que rigen en las universidades de otros pa\u00edses, o los utilizados en otras instituciones o empresas, de objetivos no acad\u00e9micos, ser\u00e1n sin duda de gran utilidad para todos los que profesionalmente os dedic\u00e1is a las funciones de protocolo y relaciones institucionales.<\/p>\n<p style=\"text-align: justify;\">Espero y deseo que tengan sesiones de trabajo fruct\u00edferas, cuyos resultados nos permitan avanzar a todos y que disfruten de lo que Le\u00f3n y sus gentes les ofrecen.<\/p>\n<p>Jos\u00e9 \u00c1ngel Hermida Alonso<\/p>\n<p>Rector de la Universidad de Le\u00f3n<\/p>\n","protected":false},"excerpt":{"rendered":"<p>Quiero, en primer lugar, agradecer a la Asociaci\u00f3n para el Estudio y la Investigaci\u00f3n del Protocolo Universitario (AEIPU) que haya aceptado la invitaci\u00f3n de la Universidad de Le\u00f3n para celebrar en ella el XV Encuentro de Responsables de Protocolo y Relaciones Institucionales de las Universidades Espa\u00f1olas y el VII Encuentro Hispano-Luso de Protocolo Universitario. Estos [&hellip;]<\/p>\n","protected":false},"author":51,"featured_media":0,"parent":0,"menu_order":0,"comment_status":"closed","ping_status":"closed","template":"","meta":{"footnotes":""},"class_list":["post-353","page","type-page","status-publish","hentry"],"_links":{"self":[{"href":"https:\/\/grupos.unileon.es\/encuentro-protocolo\/wp-json\/wp\/v2\/pages\/353","targetHints":{"allow":["GET"]}}],"collection":[{"href":"https:\/\/grupos.unileon.es\/encuentro-protocolo\/wp-json\/wp\/v2\/pages"}],"about":[{"href":"https:\/\/grupos.unileon.es\/encuentro-protocolo\/wp-json\/wp\/v2\/types\/page"}],"author":[{"embeddable":true,"href":"https:\/\/grupos.unileon.es\/encuentro-protocolo\/wp-json\/wp\/v2\/users\/51"}],"replies":[{"embeddable":true,"href":"https:\/\/grupos.unileon.es\/encuentro-protocolo\/wp-json\/wp\/v2\/comments?post=353"}],"version-history":[{"count":6,"href":"https:\/\/grupos.unileon.es\/encuentro-protocolo\/wp-json\/wp\/v2\/pages\/353\/revisions"}],"predecessor-version":[{"id":365,"href":"https:\/\/grupos.unileon.es\/encuentro-protocolo\/wp-json\/wp\/v2\/pages\/353\/revisions\/365"}],"wp:attachment":[{"href":"https:\/\/grupos.unileon.es\/encuentro-protocolo\/wp-json\/wp\/v2\/media?parent=353"}],"curies":[{"name":"wp","href":"https:\/\/api.w.org\/{rel}","templated":true}]}}