{"id":354,"date":"2025-09-29T13:18:22","date_gmt":"2025-09-29T11:18:22","guid":{"rendered":"https:\/\/grupos.unileon.es\/gehumeco\/?page_id=354"},"modified":"2025-09-29T13:18:22","modified_gmt":"2025-09-29T11:18:22","slug":"noche-europea-de-los-investigadores-2025","status":"publish","type":"page","link":"https:\/\/grupos.unileon.es\/gehumeco\/noche-europea-de-los-investigadores-2025\/","title":{"rendered":"Noche Europea de los Investigadores 2025"},"content":{"rendered":"<p><span style=\"font-size: 18pt;\"><strong>IMAGINARIOS DE MIEDO LOCALES Y GLOBALES: EL GOCE DEL TERROR<\/strong><\/span><\/p>\n<p><img loading=\"lazy\" decoding=\"async\" class=\"wp-image-355 alignleft\" src=\"http:\/\/grupos.unileon.es\/gehumeco\/files\/2025\/09\/Noche-europea-de-los-investigadores-212x300.png\" alt=\"La actividad, dirigida a un p\u00fablico general y diverso, consist\u00eda en un recorrido por el imaginario de leyendas y terrores de la ciudad de Le\u00f3n, combinado con relatos y mitos de la tradici\u00f3n anglosajona y espa\u00f1ola. El objetivo era acercar a los participantes a la cultura local de una manera literaria, al mismo tiempo que se establec\u00eda un v\u00ednculo con el mundo global y con la literatura del miedo. En el punto de partida (Centro de Idiomas de la ULE), los participantes recibieron un mapa del itinerario que se\u00f1alaba diferentes rincones de la ciudad. En cada uno de ellos, les esperaban nuevos personajes que, adem\u00e1s de dar la siguiente pista, narraban leyendas vinculadas al lugar. La propuesta buscaba que los asistentes desarrollasen su imaginaci\u00f3n y reflexionasen sobre las emociones que despierta el miedo en sus distintas manifestaciones, al tiempo que se acercaban a la labor de investigaci\u00f3n mediante el uso de diferentes recursos que les ayudasen a encontrar la informaci\u00f3n necesaria para descifrar las pistas. \" width=\"252\" height=\"357\" srcset=\"https:\/\/grupos.unileon.es\/gehumeco\/files\/2025\/09\/Noche-europea-de-los-investigadores-212x300.png 212w, https:\/\/grupos.unileon.es\/gehumeco\/files\/2025\/09\/Noche-europea-de-los-investigadores-724x1024.png 724w, https:\/\/grupos.unileon.es\/gehumeco\/files\/2025\/09\/Noche-europea-de-los-investigadores-768x1086.png 768w, https:\/\/grupos.unileon.es\/gehumeco\/files\/2025\/09\/Noche-europea-de-los-investigadores-1086x1536.png 1086w, https:\/\/grupos.unileon.es\/gehumeco\/files\/2025\/09\/Noche-europea-de-los-investigadores.png 1414w\" sizes=\"auto, (max-width: 252px) 100vw, 252px\" \/><\/p>\n<p>El pasado 26 de septiembre, el grupo GEHUMECO particip\u00f3 en la edici\u00f3n de 2025 de la Noche de los Investigadores Europeos, organizada por la Universidad de Le\u00f3n.<\/p>\n<p style=\"text-align: justify;\">La actividad, dirigida a un p\u00fablico general y diverso, consist\u00eda en un recorrido por el imaginario de leyendas y terrores de la ciudad de Le\u00f3n, combinado con relatos y mitos de la tradici\u00f3n anglosajona y espa\u00f1ola. El objetivo era acercar a los participantes a la cultura local de una manera literaria, al mismo tiempo que se establec\u00eda un v\u00ednculo con el mundo global y con la literatura del miedo.<\/p>\n<p style=\"text-align: justify;\">En el punto de partida (Centro de Idiomas de la ULE), los participantes recibieron un mapa del itinerario que se\u00f1alaba diferentes rincones de la ciudad. En cada uno de ellos, les esperaban nuevos personajes que, adem\u00e1s de dar la siguiente pista, narraban leyendas vinculadas al lugar. La propuesta buscaba que los asistentes desarrollasen su imaginaci\u00f3n y reflexionasen sobre las emociones que despierta el miedo en sus distintas manifestaciones, al tiempo que se acercaban a la labor de investigaci\u00f3n mediante el uso de diferentes recursos que les ayudasen a encontrar la informaci\u00f3n necesaria para descifrar las pistas.<\/p>\n<p><img loading=\"lazy\" decoding=\"async\" class=\" wp-image-357 alignleft\" src=\"http:\/\/grupos.unileon.es\/gehumeco\/files\/2025\/09\/IMG_6680-300x186.jpg\" alt=\"\" width=\"367\" height=\"227\" srcset=\"https:\/\/grupos.unileon.es\/gehumeco\/files\/2025\/09\/IMG_6680-300x186.jpg 300w, https:\/\/grupos.unileon.es\/gehumeco\/files\/2025\/09\/IMG_6680-1024x636.jpg 1024w, https:\/\/grupos.unileon.es\/gehumeco\/files\/2025\/09\/IMG_6680-768x477.jpg 768w, https:\/\/grupos.unileon.es\/gehumeco\/files\/2025\/09\/IMG_6680-1536x954.jpg 1536w, https:\/\/grupos.unileon.es\/gehumeco\/files\/2025\/09\/IMG_6680-2048x1272.jpg 2048w\" sizes=\"auto, (max-width: 367px) 100vw, 367px\" \/>\u00a0 \u00a0 \u00a0 \u00a0 \u00a0 \u00a0 \u00a0<img loading=\"lazy\" decoding=\"async\" class=\"wp-image-358 alignnone\" src=\"http:\/\/grupos.unileon.es\/gehumeco\/files\/2025\/09\/IMG_6910-300x225.jpg\" alt=\"\" width=\"314\" height=\"236\" srcset=\"https:\/\/grupos.unileon.es\/gehumeco\/files\/2025\/09\/IMG_6910-300x225.jpg 300w, https:\/\/grupos.unileon.es\/gehumeco\/files\/2025\/09\/IMG_6910-1024x768.jpg 1024w, https:\/\/grupos.unileon.es\/gehumeco\/files\/2025\/09\/IMG_6910-768x576.jpg 768w, https:\/\/grupos.unileon.es\/gehumeco\/files\/2025\/09\/IMG_6910-1536x1152.jpg 1536w, https:\/\/grupos.unileon.es\/gehumeco\/files\/2025\/09\/IMG_6910-2048x1536.jpg 2048w\" sizes=\"auto, (max-width: 314px) 100vw, 314px\" \/><\/p>\n","protected":false},"excerpt":{"rendered":"<p>IMAGINARIOS DE MIEDO LOCALES Y GLOBALES: EL GOCE DEL TERROR El pasado 26 de septiembre, el grupo GEHUMECO particip\u00f3 en la edici\u00f3n de 2025 de la Noche de los Investigadores Europeos, organizada por la Universidad de Le\u00f3n. La actividad, dirigida a un p\u00fablico general y diverso, consist\u00eda en un recorrido por el imaginario de leyendas [&hellip;]<\/p>\n","protected":false},"author":169,"featured_media":0,"parent":0,"menu_order":0,"comment_status":"closed","ping_status":"closed","template":"","meta":{"footnotes":""},"class_list":["post-354","page","type-page","status-publish","hentry"],"_links":{"self":[{"href":"https:\/\/grupos.unileon.es\/gehumeco\/wp-json\/wp\/v2\/pages\/354","targetHints":{"allow":["GET"]}}],"collection":[{"href":"https:\/\/grupos.unileon.es\/gehumeco\/wp-json\/wp\/v2\/pages"}],"about":[{"href":"https:\/\/grupos.unileon.es\/gehumeco\/wp-json\/wp\/v2\/types\/page"}],"author":[{"embeddable":true,"href":"https:\/\/grupos.unileon.es\/gehumeco\/wp-json\/wp\/v2\/users\/169"}],"replies":[{"embeddable":true,"href":"https:\/\/grupos.unileon.es\/gehumeco\/wp-json\/wp\/v2\/comments?post=354"}],"version-history":[{"count":15,"href":"https:\/\/grupos.unileon.es\/gehumeco\/wp-json\/wp\/v2\/pages\/354\/revisions"}],"predecessor-version":[{"id":372,"href":"https:\/\/grupos.unileon.es\/gehumeco\/wp-json\/wp\/v2\/pages\/354\/revisions\/372"}],"wp:attachment":[{"href":"https:\/\/grupos.unileon.es\/gehumeco\/wp-json\/wp\/v2\/media?parent=354"}],"curies":[{"name":"wp","href":"https:\/\/api.w.org\/{rel}","templated":true}]}}