{"id":98,"date":"2024-10-01T13:11:11","date_gmt":"2024-10-01T11:11:11","guid":{"rendered":"https:\/\/grupos.unileon.es\/gehumeco\/?page_id=98"},"modified":"2025-07-17T10:14:22","modified_gmt":"2025-07-17T08:14:22","slug":"gehumeco","status":"publish","type":"page","link":"https:\/\/grupos.unileon.es\/gehumeco\/","title":{"rendered":"GEHUMECO: Qui\u00e9nes somos"},"content":{"rendered":"<h2><\/h2>\n<p><img loading=\"lazy\" decoding=\"async\" class=\"wp-image-279 aligncenter\" src=\"http:\/\/grupos.unileon.es\/gehumeco\/files\/2025\/01\/LOGO-FLOR-DEFINITIVA-1-e1738317670776-300x289.png\" alt=\"\" width=\"727\" height=\"701\" srcset=\"https:\/\/grupos.unileon.es\/gehumeco\/files\/2025\/01\/LOGO-FLOR-DEFINITIVA-1-e1738317670776-300x289.png 300w, https:\/\/grupos.unileon.es\/gehumeco\/files\/2025\/01\/LOGO-FLOR-DEFINITIVA-1-e1738317670776-1024x988.png 1024w, https:\/\/grupos.unileon.es\/gehumeco\/files\/2025\/01\/LOGO-FLOR-DEFINITIVA-1-e1738317670776-768x741.png 768w, https:\/\/grupos.unileon.es\/gehumeco\/files\/2025\/01\/LOGO-FLOR-DEFINITIVA-1-e1738317670776-1536x1482.png 1536w, https:\/\/grupos.unileon.es\/gehumeco\/files\/2025\/01\/LOGO-FLOR-DEFINITIVA-1-e1738317670776-2048x1976.png 2048w\" sizes=\"auto, (max-width: 727px) 100vw, 727px\" \/><\/p>\n<h2><\/h2>\n<h2 style=\"text-align: left;\"><strong><span style=\"font-family: georgia, palatino, serif; font-size: 12pt;\"><img loading=\"lazy\" decoding=\"async\" class=\"wp-image-17 alignleft\" src=\"http:\/\/grupos.unileon.es\/gehumeco\/files\/2024\/09\/Diseno-sin-titulo-300x300.png\" alt=\"\" width=\"248\" height=\"248\" srcset=\"https:\/\/grupos.unileon.es\/gehumeco\/files\/2024\/09\/Diseno-sin-titulo-300x300.png 300w, https:\/\/grupos.unileon.es\/gehumeco\/files\/2024\/09\/Diseno-sin-titulo-1024x1024.png 1024w, https:\/\/grupos.unileon.es\/gehumeco\/files\/2024\/09\/Diseno-sin-titulo-150x150.png 150w, https:\/\/grupos.unileon.es\/gehumeco\/files\/2024\/09\/Diseno-sin-titulo-768x768.png 768w, https:\/\/grupos.unileon.es\/gehumeco\/files\/2024\/09\/Diseno-sin-titulo.png 1080w\" sizes=\"auto, (max-width: 248px) 100vw, 248px\" \/><\/span><\/strong><\/h2>\n<h2><\/h2>\n<h2 style=\"text-align: justify;\"><strong style=\"font-size: 16px;\"><span style=\"font-family: georgia, palatino, serif; font-size: 12pt;\">I<\/span><span style=\"font-family: georgia, palatino, serif; font-size: 12pt;\">nvestigaci\u00f3n posthumanista en temas de g\u00e9nero y humanidades ambientales \/ <\/span><\/strong><strong><span style=\"font-family: georgia, palatino, serif; font-size: 12pt;\">Posthumanist research on gender and ecological humanities<\/span><\/strong><\/h2>\n<p><span style=\"font-weight: 400; font-family: georgia, palatino, serif; font-size: 12pt;\">#gehumeco<\/span><\/p>\n<p>@<a href=\"https:\/\/www.instagram.com\/gehumeco\/\">gehumeco<\/a><\/p>\n<p>@gehumeco<\/p>\n<p style=\"text-align: justify;\"><span style=\"font-weight: 400;\">Bienvenidos a la p\u00e1gina web de GEHUMECO (G\u00e9nero, Humanidades y Ecocr\u00edtica), un grupo de investigaci\u00f3n reconocido que se dedica a los estudios posthumanistas en cuestiones de g\u00e9nero y humanidades ambientales. Fundado en 2020, tiene su sede en la Facultad de Filosof\u00eda y Letras de la Universidad de Le\u00f3n y cuenta con la colaboraci\u00f3n de investigadores de distintas universidades espa\u00f1olas.<\/span><\/p>\n<p style=\"text-align: justify;\"><span style=\"font-weight: 400;\">A trav\u00e9s del an\u00e1lisis cr\u00edtico de textos, el desarrollo de proyectos de investigaci\u00f3n, publicaciones acad\u00e9micas\u00a0 y la organizaci\u00f3n de actividades divulgativas, el grupo tiene como objetivo explorar y promover la reflexi\u00f3n y el di\u00e1logo sobre la relaci\u00f3n entre el g\u00e9nero, el medio ambiente, la educaci\u00f3n y la cultura as\u00ed como su impacto en los desaf\u00edos contempor\u00e1neos.\u00a0<\/span><\/p>\n<p>&nbsp;<\/p>\n<p>&nbsp;<\/p>\n","protected":false},"excerpt":{"rendered":"<p>Investigaci\u00f3n posthumanista en temas de g\u00e9nero y humanidades ambientales \/ Posthumanist research on gender and ecological humanities #gehumeco @gehumeco @gehumeco Bienvenidos a la p\u00e1gina web de GEHUMECO (G\u00e9nero, Humanidades y Ecocr\u00edtica), un grupo de investigaci\u00f3n reconocido que se dedica a los estudios posthumanistas en cuestiones de g\u00e9nero y humanidades ambientales. Fundado en 2020, tiene su [&hellip;]<\/p>\n","protected":false},"author":155,"featured_media":0,"parent":0,"menu_order":1,"comment_status":"closed","ping_status":"closed","template":"","meta":{"footnotes":""},"class_list":["post-98","page","type-page","status-publish","hentry"],"_links":{"self":[{"href":"https:\/\/grupos.unileon.es\/gehumeco\/wp-json\/wp\/v2\/pages\/98","targetHints":{"allow":["GET"]}}],"collection":[{"href":"https:\/\/grupos.unileon.es\/gehumeco\/wp-json\/wp\/v2\/pages"}],"about":[{"href":"https:\/\/grupos.unileon.es\/gehumeco\/wp-json\/wp\/v2\/types\/page"}],"author":[{"embeddable":true,"href":"https:\/\/grupos.unileon.es\/gehumeco\/wp-json\/wp\/v2\/users\/155"}],"replies":[{"embeddable":true,"href":"https:\/\/grupos.unileon.es\/gehumeco\/wp-json\/wp\/v2\/comments?post=98"}],"version-history":[{"count":18,"href":"https:\/\/grupos.unileon.es\/gehumeco\/wp-json\/wp\/v2\/pages\/98\/revisions"}],"predecessor-version":[{"id":303,"href":"https:\/\/grupos.unileon.es\/gehumeco\/wp-json\/wp\/v2\/pages\/98\/revisions\/303"}],"wp:attachment":[{"href":"https:\/\/grupos.unileon.es\/gehumeco\/wp-json\/wp\/v2\/media?parent=98"}],"curies":[{"name":"wp","href":"https:\/\/api.w.org\/{rel}","templated":true}]}}