{"id":41,"date":"2019-11-01T19:55:32","date_gmt":"2019-11-01T18:55:32","guid":{"rendered":"https:\/\/grupos.unileon.es\/grado-historia\/?page_id=41"},"modified":"2025-02-26T20:21:59","modified_gmt":"2025-02-26T19:21:59","slug":"practicas-extracurriculares","status":"publish","type":"page","link":"https:\/\/grupos.unileon.es\/grado-historia\/practicas-extracurriculares\/","title":{"rendered":"Pr\u00e1cticas"},"content":{"rendered":"<p><\/p>\n<ul class=\"wp-block-gallery aligncenter columns-1 is-cropped wp-block-gallery-1 is-layout-flex wp-block-gallery-is-layout-flex\">\n<li class=\"blocks-gallery-item\">\n<figure><img loading=\"lazy\" decoding=\"async\" class=\"wp-image-281\" src=\"https:\/\/grupos.unileon.es\/grado-historia\/files\/2019\/11\/estudiantes.jpg\" alt=\"\" width=\"701\" height=\"525\" data-id=\"281\" data-link=\"https:\/\/grupos.unileon.es\/grado-historia\/estudiantes\/\" \/><\/figure>\n<\/li>\n<\/ul>\n<p><\/p>\n<p><\/p>\n<p style=\"text-align: center;\"><span style=\"font-family: arial, helvetica, sans-serif;\">El Grado en Historia de la ULE te ofrece la posibilidad de realizar pr\u00e1cticas en diferentes instituciones p\u00fablicas y empresas privadas. Aunque son de car\u00e1cter voluntario te servir\u00e1n para potenciar tus habilidades y perfilar tu perfil profesional de cara a tu futuro laboral. Al finalizar las mismas, <strong>podr\u00e1s solicitar reconocimiento de cr\u00e9ditos.<\/strong> <\/span><\/p>\n<p><span style=\"font-family: arial, helvetica, sans-serif;\">Para poder optar a la realizaci\u00f3n de pr\u00e1cticas extracurriculares debes reunir los siguientes requisitos:<\/span><\/p>\n<p><span style=\"font-family: arial, helvetica, sans-serif;\"><\/p>\n<p><\/span><\/p>\n<p style=\"text-align: center;\"><span style=\"font-family: arial, helvetica, sans-serif;\">1. Estar matriculado\/a en el curso acad\u00e9mico en el que se lleven a cabo.<\/span><br \/><span style=\"font-family: arial, helvetica, sans-serif;\">2. Haber superado, al menos, el 50% de los cr\u00e9ditos correspondientes al plan de estudios en el que est\u00e1s matriculado\/a.<\/span><\/p>\n<p><span style=\"font-family: arial, helvetica, sans-serif;\"><\/p>\n<p><\/span><\/p>\n<p style=\"text-align: center;\"><span style=\"font-family: arial, helvetica, sans-serif;\"><strong>Las pr\u00e1cticas ser\u00e1n adjudicadas en funci\u00f3n de la disponibilidad de plazas, el expediente acad\u00e9mico y el orden de preferencia. <\/strong><\/span><\/p>\n<p><span style=\"font-family: arial, helvetica, sans-serif;\"><\/p>\n<p><\/span><\/p>\n<p style=\"text-align: center;\"><span style=\"font-family: arial, helvetica, sans-serif;\">Si est\u00e1s interesado\/a en realizarlas debes ponerte en contacto con <strong>Ra\u00fal Gonz\u00e1lez Gonz\u00e1lez (<\/strong>\u00c1rea de Historia Medieval) en su despacho o en la siguiente direcci\u00f3n de correo electr\u00f3nico:<\/span><\/p>\n<p><span style=\"font-family: arial, helvetica, sans-serif;\"><\/p>\n<p><\/span><\/p>\n<p style=\"text-align: center;\"><span style=\"font-family: arial, helvetica, sans-serif;\"> rgonzg@unileon.es<\/span><\/p>\n<p><span style=\"font-family: arial, helvetica, sans-serif;\"><\/p>\n<p><\/span><\/p>\n<p style=\"text-align: center;\"><span style=\"font-family: arial, helvetica, sans-serif;\">En este enlace puedes acceder a la oferta de pr\u00e1<\/span><span style=\"font-family: arial, helvetica, sans-serif;\">cticas:<\/span><\/p>\n<p style=\"text-align: center;\"><a href=\"https:\/\/filosofiayletras.unileon.es\/practicas-en-empresas\/\">https:\/\/filosofiayletras.unileon.es\/practicas-en-empresas\/<\/a><\/p>\n<p><span style=\"font-family: arial, helvetica, sans-serif;\"><\/p>\n<p><\/span><\/p>\n<p style=\"text-align: center;\">\u00a0\u00a0<\/p>\n<p><\/p>\n<p><\/p>\n<p>&nbsp;<\/p>\n<p><\/p>\n","protected":false},"excerpt":{"rendered":"<p>El Grado en Historia de la ULE te ofrece la posibilidad de realizar pr\u00e1cticas en diferentes instituciones p\u00fablicas y empresas privadas. Aunque son de car\u00e1cter voluntario te servir\u00e1n para potenciar tus habilidades y perfilar tu perfil profesional de cara a tu futuro laboral. Al finalizar las mismas, podr\u00e1s solicitar reconocimiento de cr\u00e9ditos. Para poder optar [&hellip;]<\/p>\n","protected":false},"author":87,"featured_media":0,"parent":0,"menu_order":0,"comment_status":"closed","ping_status":"closed","template":"","meta":{"footnotes":""},"class_list":["post-41","page","type-page","status-publish","hentry"],"_links":{"self":[{"href":"https:\/\/grupos.unileon.es\/grado-historia\/wp-json\/wp\/v2\/pages\/41","targetHints":{"allow":["GET"]}}],"collection":[{"href":"https:\/\/grupos.unileon.es\/grado-historia\/wp-json\/wp\/v2\/pages"}],"about":[{"href":"https:\/\/grupos.unileon.es\/grado-historia\/wp-json\/wp\/v2\/types\/page"}],"author":[{"embeddable":true,"href":"https:\/\/grupos.unileon.es\/grado-historia\/wp-json\/wp\/v2\/users\/87"}],"replies":[{"embeddable":true,"href":"https:\/\/grupos.unileon.es\/grado-historia\/wp-json\/wp\/v2\/comments?post=41"}],"version-history":[{"count":18,"href":"https:\/\/grupos.unileon.es\/grado-historia\/wp-json\/wp\/v2\/pages\/41\/revisions"}],"predecessor-version":[{"id":979,"href":"https:\/\/grupos.unileon.es\/grado-historia\/wp-json\/wp\/v2\/pages\/41\/revisions\/979"}],"wp:attachment":[{"href":"https:\/\/grupos.unileon.es\/grado-historia\/wp-json\/wp\/v2\/media?parent=41"}],"curies":[{"name":"wp","href":"https:\/\/api.w.org\/{rel}","templated":true}]}}