{"id":1204,"date":"2014-04-29T10:44:03","date_gmt":"2014-04-29T10:44:03","guid":{"rendered":"http:\/\/grupos.unileon.es\/ingecart\/?page_id=1204"},"modified":"2014-05-05T08:10:03","modified_gmt":"2014-05-05T08:10:03","slug":"tabajos-fin-de-carrera-ingeneria-tecnica-en-topografia","status":"publish","type":"page","link":"https:\/\/grupos.unileon.es\/ingecart\/tabajos-fin-de-carrera-ingeneria-tecnica-en-topografia\/","title":{"rendered":"Tabajos fin de Carrera Ingeneria Tecnica en Topografia"},"content":{"rendered":"<p><span style=\"color: #000000;\">Estudiante:\u00a0<strong>JOS\u00c9 MANUEL MAC\u00cdAS BARREDO<\/strong><\/span><\/p>\n<p><span style=\"color: #000000;\">T\u00edtulo:\u00a0<\/span><strong><em>GENERACI\u00d3N DE CARTOGRAF\u00cdA CONTINUA PARA<\/em><\/strong><br \/>\n<strong><em>VARIABLES CLIM\u00c1TICAS EN CASTILLA Y LE\u00d3N<\/em><\/strong><br \/>\n<strong><em>MEDIANTE T\u00c9CNICAS DE INTERPOLACI\u00d3N<\/em><\/strong><br \/>\n<strong><em>ESPACIAL<\/em><\/strong><\/p>\n<p><span style=\"color: #000000;\">Title:\u00a0<em><strong>PRODUCTION OF CONTINUOUS CARTOGRAPHY<\/strong><\/em><\/span><br \/>\n<span style=\"color: #000000;\"> <em><strong>FOR CLIMATIC VARIABLES IN CASTILLA Y LE\u00d3N<\/strong><\/em><\/span><br \/>\n<span style=\"color: #000000;\"> <em><strong>USING SPATIAL INTERPOLATION METHODS<\/strong><\/em><\/span><\/p>\n<p><span style=\"color: #000000;\">Convocatoria: junio de 2013<\/span><\/p>\n<p><span style=\"color: #ff0000;\"><a href=\"http:\/\/grupos.unileon.es\/ingecart\/files\/2014\/04\/TFC_ITT_JoseMMacias2013.pdf\" target=\"_blank\"><span style=\"color: #ff0000;\">Resumen<\/span><\/a><\/span><\/p>\n<hr\/>\n<p><span style=\"color: #000000;\">Estudiante:\u00a0<strong>Pablo Iglesias Rodr\u00edguez<\/strong><\/span><\/p>\n<p><span style=\"color: #000000;\">T\u00edtulo:<strong><em>\u00a0Evaluaci\u00f3n de receptores GPS bajo cubierta arbolada<\/em><\/strong><\/span><\/p>\n<p><span style=\"color: #000000;\">Title: <em><strong>Assessment of GPS receivers under forest canopy cover<\/strong><\/em><\/span><\/p>\n<p><span style=\"color: #000000;\">Convocatoria: febrero de 2009<\/span><\/p>\n<p><span style=\"color: #ff0000;\"><a href=\"http:\/\/grupos.unileon.es\/ingecart\/files\/2014\/04\/TFC_ITT_PabloIglesias2009.pdf\" target=\"_blank\"><span style=\"color: #ff0000;\">Resumen<\/span><\/a><\/span><\/p>\n<hr\/>\n<p><span style=\"color: #000000;\">Estudiante:\u00a0<strong>Sen\u00e9n Pinal Iglesias<\/strong><\/span><\/p>\n<p><span style=\"color: #000000;\">T\u00edtulo:<strong><em> SISTEMA PARA LA GESTI\u00d3N DE LA INFORMACI\u00d3N GEOGR\u00c1FICA DE LA ASOCIACI\u00d3N BERCIANA DE AGRICULTORES Y DEL CONSEJO REGULADOR DE LA DENOMINACI\u00d3N DE ORIGEN MANZANA REINETA DEL BIERZO: FRUBIWEB<br \/>\n<\/em><\/strong><\/span><\/p>\n<p><span style=\"color: #000000;\">Title:\u00a0<strong><em>SOFTWARE TO MANAGE THE GEOGRAPHIC INFORMATION OF THE <\/em><\/strong><strong><em>ASOCIACI\u00d3N BERCIANA DE AGRICULTORES AND THE CONSEJO<\/em><\/strong><\/span><br \/>\n<span style=\"color: #000000;\"> <strong><em>REGULADOR OF THE MANZANA REINETA DEL BIERZO DESIGNATION OF <\/em><\/strong><strong><em>ORIGIN: FRUBIWEB<\/em><\/strong><\/span><\/p>\n<p><span style=\"color: #000000;\">Convocatoria: septiembre de 2012<\/span><\/p>\n<p><span style=\"color: #ff0000;\"><a href=\"http:\/\/grupos.unileon.es\/ingecart\/files\/2014\/04\/TFC_ITT_SenenPinal2012.pdf\" target=\"_blank\"><span style=\"color: #ff0000;\">Resumen<\/span><\/a><\/span><\/p>\n<hr\/>\n<p><span style=\"color: #000000;\">Estudiante: <em><strong>Stefan Peters<\/strong><\/em><\/span><\/p>\n<p><span style=\"color: #000000;\">T\u00edtulo:<strong><em> Evaluaci\u00f3n de t\u00e9cnicas de interpolaci\u00f3n para el cartografiado de<br \/>\nvariables vit\u00edcolas<br \/>\n<\/em><\/strong><\/span><\/p>\n<p><span style=\"color: #000000;\">Title: <strong><em>Comparison of interpolation \u2013 methods for mapping viticultural variables<\/em><\/strong><\/span><\/p>\n<p><span style=\"color: #000000;\">Convocatoria: septiembre de 2008<\/span><\/p>\n<p><span style=\"color: #ff0000;\"><a href=\"http:\/\/grupos.unileon.es\/ingecart\/files\/2014\/04\/TFC_ITT_SenenPinal2012.pdf\" target=\"_blank\"><span style=\"color: #ff0000;\">Resumen<\/span><\/a><\/span><\/p>\n<hr\/>\n","protected":false},"excerpt":{"rendered":"<p>Estudiante:\u00a0JOS\u00c9 MANUEL MAC\u00cdAS BARREDO T\u00edtulo:\u00a0GENERACI\u00d3N DE CARTOGRAF\u00cdA CONTINUA PARA VARIABLES CLIM\u00c1TICAS EN CASTILLA Y LE\u00d3N MEDIANTE T\u00c9CNICAS DE INTERPOLACI\u00d3N ESPACIAL Title:\u00a0PRODUCTION OF CONTINUOUS CARTOGRAPHY FOR CLIMATIC VARIABLES IN CASTILLA Y LE\u00d3N USING SPATIAL INTERPOLATION METHODS Convocatoria: junio de 2013 Resumen Estudiante:\u00a0Pablo Iglesias Rodr\u00edguez T\u00edtulo:\u00a0Evaluaci\u00f3n de receptores GPS bajo cubierta arbolada Title: Assessment of GPS receivers [&hellip;]<\/p>\n","protected":false},"author":20,"featured_media":0,"parent":0,"menu_order":0,"comment_status":"closed","ping_status":"open","template":"","meta":{"footnotes":""},"class_list":["post-1204","page","type-page","status-publish","hentry"],"_links":{"self":[{"href":"https:\/\/grupos.unileon.es\/ingecart\/wp-json\/wp\/v2\/pages\/1204","targetHints":{"allow":["GET"]}}],"collection":[{"href":"https:\/\/grupos.unileon.es\/ingecart\/wp-json\/wp\/v2\/pages"}],"about":[{"href":"https:\/\/grupos.unileon.es\/ingecart\/wp-json\/wp\/v2\/types\/page"}],"author":[{"embeddable":true,"href":"https:\/\/grupos.unileon.es\/ingecart\/wp-json\/wp\/v2\/users\/20"}],"replies":[{"embeddable":true,"href":"https:\/\/grupos.unileon.es\/ingecart\/wp-json\/wp\/v2\/comments?post=1204"}],"version-history":[{"count":8,"href":"https:\/\/grupos.unileon.es\/ingecart\/wp-json\/wp\/v2\/pages\/1204\/revisions"}],"predecessor-version":[{"id":1207,"href":"https:\/\/grupos.unileon.es\/ingecart\/wp-json\/wp\/v2\/pages\/1204\/revisions\/1207"}],"wp:attachment":[{"href":"https:\/\/grupos.unileon.es\/ingecart\/wp-json\/wp\/v2\/media?parent=1204"}],"curies":[{"name":"wp","href":"https:\/\/api.w.org\/{rel}","templated":true}]}}