{"id":1322,"date":"2014-05-21T09:36:25","date_gmt":"2014-05-21T09:36:25","guid":{"rendered":"http:\/\/grupos.unileon.es\/ingecart\/?page_id=1322"},"modified":"2014-06-19T15:37:38","modified_gmt":"2014-06-19T15:37:38","slug":"jose-ramon-docencia","status":"publish","type":"page","link":"https:\/\/grupos.unileon.es\/ingecart\/jose-ramon-docencia\/","title":{"rendered":"Jose Ramon docencia"},"content":{"rendered":"<p><img loading=\"lazy\" decoding=\"async\" class=\"alignnone  wp-image-1314\" src=\"http:\/\/grupos.unileon.es\/ingecart\/files\/2014\/05\/barra-300x3.jpg\" alt=\"barra\" width=\"640\" height=\"5\" \/><br \/>\n<a href=\"http:\/\/grupos.unileon.es\/ingecart\/personal\/jose-ramon-rodriguez-perez\/\">Inicio<\/a> \u00a0 \u00a0 \u00a0 \u00a0 \u00a0 \u00a0 \u00a0 \u00a0 \u00a0 \u00a0 <a href=\"http:\/\/grupos.unileon.es\/ingecart\/jose-ramon-docencia\/\">Docencia<\/a>\u00a0\u00a0 \u00a0 \u00a0 \u00a0 \u00a0 \u00a0 \u00a0 \u00a0 \u00a0 \u00a0\u00a0<a href=\"http:\/\/grupos.unileon.es\/ingecart\/jose-ramon-publicaciones\/\">Publicaciones<\/a>\u00a0\u00a0 \u00a0 \u00a0 \u00a0 \u00a0 \u00a0 \u00a0 \u00a0 \u00a0 \u00a0\u00a0<a href=\"http:\/\/grupos.unileon.es\/ingecart\/jose-ramon-proyectos\/\">Proyectos<\/a><br \/>\n<img loading=\"lazy\" decoding=\"async\" class=\"alignnone  wp-image-1314\" src=\"http:\/\/grupos.unileon.es\/ingecart\/files\/2014\/05\/barra-300x3.jpg\" alt=\"barra\" width=\"640\" height=\"5\" \/><\/p>\n<p>&nbsp;<\/p>\n<div class=\"leading leading-1 clearfix\" style=\"color: #555555;\">\n<div class=\"contentpaneopen\">\n<h2 class=\"contentheading\" style=\"font-weight: bold;\">Master de Investigaci\u00f3n en Ingenier\u00eda de Biosistemas<img loading=\"lazy\" decoding=\"async\" class=\"alignnone  wp-image-1314\" src=\"http:\/\/grupos.unileon.es\/ingecart\/files\/2014\/05\/barra-300x3.jpg\" alt=\"barra\" width=\"640\" height=\"5\" \/><\/h2>\n<div><a style=\"color: #006699;\" href=\"http:\/\/www.unileon.es\/estudiantes\/estudiantes-master\/oferta-titulaciones\/planes-estudio\/mu-ingenieria-biosistemas\" target=\"_blank\"><img decoding=\"async\" src=\"http:\/\/fernandocastedodorado.unileon.es\/images\/stories\/custom\/master.jpg\" alt=\"\" width=\"140px\" \/><\/a><\/div>\n<div>\n<ul class=\"checkers\">\n<li>T\u00e9cnicas de an\u00e1lisis geom\u00e1tico aplicables a la ingenier\u00eda de biosistemas (S1) <a href=\"http:\/\/www.unileon.es\/estudiantes\/estudiantes-master\/oferta-titulaciones\/mu-investigacion-ingenieria-biosistemas\/plan-estudios?id=1712014&amp;curso=2013\">Ver<\/a><\/li>\n<\/ul>\n<p><a href=\"http:\/\/www.unileon.es\/ficheros\/acceso\/master\/triptico_master_inv_biosistemas.pdf\" target=\"_blank\">Descargar<\/a><\/p>\n<\/div>\n<\/div>\n<\/div>\n<div class=\"leading leading-2 clearfix\" style=\"color: #555555;\">\n<div class=\"contentpaneopen\">\n<h2 class=\"contentheading\" style=\"font-weight: bold;\">Grado de Ingenier\u00eda Forestal y del Medio Natural<img loading=\"lazy\" decoding=\"async\" class=\"alignnone wp-image-1314\" src=\"http:\/\/grupos.unileon.es\/ingecart\/files\/2014\/05\/barra-300x3.jpg\" alt=\"barra\" width=\"640\" height=\"5\" \/><\/h2>\n<div class=\"article-content\"><a href=\"http:\/\/www.unileon.es\/estudiantes\/estudiantes-grado\/oferta-de-estudios\/grado-en-ingenieria-forestal-y-del-medio-natural\"><img loading=\"lazy\" decoding=\"async\" class=\"wp-image-1418 alignnone\" src=\"http:\/\/grupos.unileon.es\/ingecart\/files\/2014\/05\/itf-141x300.jpg\" alt=\"itf\" width=\"117\" height=\"249\" srcset=\"https:\/\/grupos.unileon.es\/ingecart\/files\/2014\/05\/itf-141x300.jpg 141w, https:\/\/grupos.unileon.es\/ingecart\/files\/2014\/05\/itf-483x1024.jpg 483w, https:\/\/grupos.unileon.es\/ingecart\/files\/2014\/05\/itf.jpg 771w\" sizes=\"auto, (max-width: 117px) 100vw, 117px\" \/><\/a><\/p>\n<ul>\n<li>Sistemas de Informaci\u00f3n Geogr\u00e1fica (2\u00ba curso)\u00a0<a href=\"http:\/\/www.unileon.es\/estudiantes\/estudiantes-grado\/oferta-de-estudios\/planes?id=0912012&amp;curso=2013\">Ver<\/a><\/li>\n<li>Practicum forestal (4\u00ba curso) <a href=\"http:\/\/www.unileon.es\/estudiantes\/estudiantes-grado\/oferta-de-estudios\/planes?id=0912035&amp;curso=2013\">Ver<\/a><\/li>\n<\/ul>\n<p><a href=\"http:\/\/www.estia.unileon.es\/index.php\/estudiantes-grado\/planes-estudios-grado\/grado-forestal\">Informaci\u00f3n sobre el grado<\/a><\/p>\n<p>&nbsp;<\/p>\n<h2 class=\"contentheading\" style=\"font-weight: bold;\">Graduado en Ingenier\u00eda en Geom\u00e1tica y Topograf\u00eda<img loading=\"lazy\" decoding=\"async\" class=\"alignnone  wp-image-1314\" src=\"http:\/\/grupos.unileon.es\/ingecart\/files\/2014\/05\/barra-300x3.jpg\" alt=\"barra\" width=\"640\" height=\"5\" \/><\/h2>\n<p>&nbsp;<\/p>\n<p><a href=\"http:\/\/www.unileon.es\/estudiantes\/estudiantes-grado\/oferta-de-estudios\/grado-en-geomatica-y-topografia\"><img loading=\"lazy\" decoding=\"async\" class=\"size-medium wp-image-1420 alignnone\" src=\"http:\/\/grupos.unileon.es\/ingecart\/files\/2014\/05\/itt-141x300.jpg\" alt=\"itt\" width=\"141\" height=\"300\" srcset=\"https:\/\/grupos.unileon.es\/ingecart\/files\/2014\/05\/itt-141x300.jpg 141w, https:\/\/grupos.unileon.es\/ingecart\/files\/2014\/05\/itt-483x1024.jpg 483w\" sizes=\"auto, (max-width: 141px) 100vw, 141px\" \/><\/a><\/p>\n<ul>\n<li>Cartograf\u00eda (1er curso) <a href=\"http:\/\/www.unileon.es\/estudiantes\/estudiantes-grado\/oferta-de-estudios\/planes?id=0810005&amp;curso=2013\">Ver<\/a><\/li>\n<li>Cartograf\u00eda Tem\u00e1tica (4\u00ba curso) <a href=\"http:\/\/www.unileon.es\/estudiantes\/estudiantes-grado\/oferta-de-estudios\/planes?id=0810036&amp;curso=2013\">Ver<\/a><\/li>\n<\/ul>\n<p><a href=\"http:\/\/www.unileon.es\/estudiantes\/estudiantes-grado\/oferta-de-estudios\/grado-en-geomatica-y-topografia\" target=\"_blank\">Enlace<\/a><\/p>\n<p>&nbsp;<\/p>\n<\/div>\n<\/div>\n<\/div>\n","protected":false},"excerpt":{"rendered":"<p>Inicio \u00a0 \u00a0 \u00a0 \u00a0 \u00a0 \u00a0 \u00a0 \u00a0 \u00a0 \u00a0 Docencia\u00a0\u00a0 \u00a0 \u00a0 \u00a0 \u00a0 \u00a0 \u00a0 \u00a0 \u00a0 \u00a0\u00a0Publicaciones\u00a0\u00a0 \u00a0 \u00a0 \u00a0 \u00a0 \u00a0 \u00a0 \u00a0 \u00a0 \u00a0\u00a0Proyectos &nbsp; Master de Investigaci\u00f3n en Ingenier\u00eda de Biosistemas T\u00e9cnicas de an\u00e1lisis geom\u00e1tico aplicables a la ingenier\u00eda de biosistemas (S1) Ver Descargar Grado de Ingenier\u00eda Forestal [&hellip;]<\/p>\n","protected":false},"author":20,"featured_media":0,"parent":0,"menu_order":0,"comment_status":"closed","ping_status":"open","template":"","meta":{"footnotes":""},"class_list":["post-1322","page","type-page","status-publish","hentry"],"_links":{"self":[{"href":"https:\/\/grupos.unileon.es\/ingecart\/wp-json\/wp\/v2\/pages\/1322","targetHints":{"allow":["GET"]}}],"collection":[{"href":"https:\/\/grupos.unileon.es\/ingecart\/wp-json\/wp\/v2\/pages"}],"about":[{"href":"https:\/\/grupos.unileon.es\/ingecart\/wp-json\/wp\/v2\/types\/page"}],"author":[{"embeddable":true,"href":"https:\/\/grupos.unileon.es\/ingecart\/wp-json\/wp\/v2\/users\/20"}],"replies":[{"embeddable":true,"href":"https:\/\/grupos.unileon.es\/ingecart\/wp-json\/wp\/v2\/comments?post=1322"}],"version-history":[{"count":45,"href":"https:\/\/grupos.unileon.es\/ingecart\/wp-json\/wp\/v2\/pages\/1322\/revisions"}],"predecessor-version":[{"id":1425,"href":"https:\/\/grupos.unileon.es\/ingecart\/wp-json\/wp\/v2\/pages\/1322\/revisions\/1425"}],"wp:attachment":[{"href":"https:\/\/grupos.unileon.es\/ingecart\/wp-json\/wp\/v2\/media?parent=1322"}],"curies":[{"name":"wp","href":"https:\/\/api.w.org\/{rel}","templated":true}]}}