{"id":140,"date":"2011-04-29T11:39:08","date_gmt":"2011-04-29T11:39:08","guid":{"rendered":"http:\/\/grupos.unileon.es\/ingecart\/?page_id=140"},"modified":"2014-05-14T08:47:40","modified_gmt":"2014-05-14T08:47:40","slug":"rogelio-cuellas-garcia","status":"publish","type":"page","link":"https:\/\/grupos.unileon.es\/ingecart\/personal\/rogelio-cuellas-garcia\/","title":{"rendered":"Rogelio Cuellas Garc\u00eda"},"content":{"rendered":"<p><a href=\"http:\/\/grupos.unileon.es\/ingecart\/files\/2014\/05\/Dibujo.jpg\"><img loading=\"lazy\" decoding=\"async\" class=\"alignnone size-full wp-image-1296\" src=\"http:\/\/grupos.unileon.es\/ingecart\/files\/2014\/05\/Dibujo.jpg\" alt=\"Dibujo\" width=\"153\" height=\"153\" srcset=\"https:\/\/grupos.unileon.es\/ingecart\/files\/2014\/05\/Dibujo.jpg 153w, https:\/\/grupos.unileon.es\/ingecart\/files\/2014\/05\/Dibujo-150x150.jpg 150w\" sizes=\"auto, (max-width: 153px) 100vw, 153px\" \/><\/a><\/p>\n<p><strong>Rogelio Cuellas Garcia<\/strong><\/p>\n<ul>\n<li>\u00a0Profesor Asociado de la Universidad de Le\u00f3n en el Departamento de Tecnolog\u00eda Minera, Topograf\u00eda y de Estructuras. \u00c1rea Ingenier\u00eda Cartogr\u00e1fica, Geod\u00e9sica y Fotogrametr\u00eda.<\/li>\n<li>Campus de Ponferrada. Avda Astorga s\/n. 24400,\u00a0 Ponferrada<\/li>\n<li>Director T\u00e9cnico de Geosat s.l.<\/li>\n<\/ul>\n<p><strong>Formaci\u00f3n Acad\u00e9mica y Puestos Docentes:<\/strong><\/p>\n<ul>\n<li>Ingeniero T\u00e9cnico en Topograf\u00eda.\u00a0 Universidad Polit\u00e9cnica de Madrid. 1.990<\/li>\n<li>Graduado en Ingenier\u00eda en Geom\u00e1tica y Topograf\u00eda. Universidad de Le\u00f3n. 2013<\/li>\n<li>Profesor \u00a0en\u00a0 el \u00c1rea de Ingenier\u00eda Cartogr\u00e1fica, Geod\u00e9sica y Fotogram\u00e9trica en \u00a0las Asignaturas de: Instrumentos Topogr\u00e1ficos (Curso 2.008-2.009, Profesor Responsable), Toponimia (Curso 2.008-2.009, Profesor Responsable), M\u00e9todos Topogr\u00e1ficos (Curso 2.008-2.009), Cartograf\u00eda Matem\u00e1tica (Cursos 2.012-2.013 y 2.013-2.014, Profesor Responsable), Dise\u00f1o y Producci\u00f3n Cartogr\u00e1fica (Cursos 2.012-2.013 y 2.013-2.014, Profesor Responsable) y Aplicaciones Geom\u00e1ticas I (Curso 2.013-2.014, Profesor Responsable)<\/li>\n<\/ul>\n<p><strong>Categor\u00eda Profesional:<\/strong><\/p>\n<ul>\n<li>Acreditaci\u00f3n individual para la Realizaci\u00f3n de Estudios de Impacto Ambiental por la Junta de Castilla y Le\u00f3n.<\/li>\n<li>T\u00e9cnico Superior en Prevenci\u00f3n de Riesgos Laborales. Especialidad de Seguridad Laboral, Ergonom\u00eda \u00a0y Psicosociolog\u00eda Aplicada e Higiene Industrial<\/li>\n<li>Coordinador de Seguridad y Salud en obras de Construcci\u00f3n<\/li>\n<\/ul>\n<p><strong>Experiencia Profesional:<\/strong><\/p>\n<ul>\n<li>TECNIUSA S.A., Ingenier\u00eda y Proyectos, (julio 1988 a enero 1989).<\/li>\n<li>TECNIUSA S.A., Ingenier\u00eda y Proyectos, (julio 1990 a agosto 1991).<\/li>\n<li>DINSER S.L, Dise\u00f1o, Implantaci\u00f3n y Mantenimiento de Servicios,. (agosto 1991 a diciembre 1991).<\/li>\n<li>Ejercicio libre, (febrero 1992 a abril 1994).<\/li>\n<li>GEOSAT, S.L. (abril de\u00a0 1994 a julio de 1.996).<\/li>\n<li>AYUNTAMIENTO DEL BARCO DE VALDEORRAS, (julio 1.996 a noviembre 1.996).<\/li>\n<li>GEOSAT S.L. (noviembre 1.996 a julio 1.997).<\/li>\n<li>AYUNTAMIENTO DEL BARCO DE VALDEORRAS, (agosto 1.997 a noviembre 1.997).<\/li>\n<li>UNIVERSIDAD DE LEON, Profesor Asociado (Campus de Ponferrada), Curso 2.008-2.009.<\/li>\n<li>GEOSAT S.L.,\u00a0 desde noviembre de 1.997.<\/li>\n<li>UNIVERSIDAD DE LEON, Profesor Asociado (Campus de Ponferrada), Cursos 2.012-2.013, 2.013-2.014.<\/li>\n<\/ul>\n<p><strong>Ponencias:<\/strong><\/p>\n<ul>\n<li>Ponente sobre el tema \u201cTopograf\u00eda Minera en el Sector de la Pizarra\u201d.-\u00a0 Feria Internacional de Galicia FIG- SILLEDA-SANTIAGO, 2.005.<\/li>\n<\/ul>\n<p>&nbsp;<\/p>\n<p>Contacto:<\/p>\n<ul>\n<li>\u00a0 \u00a0 \u00a0 \u00a0E_mail: rcuegr@unileon.es<\/li>\n<\/ul>\n","protected":false},"excerpt":{"rendered":"<p>Rogelio Cuellas Garcia \u00a0Profesor Asociado de la Universidad de Le\u00f3n en el Departamento de Tecnolog\u00eda Minera, Topograf\u00eda y de Estructuras. \u00c1rea Ingenier\u00eda Cartogr\u00e1fica, Geod\u00e9sica y Fotogrametr\u00eda. Campus de Ponferrada. Avda Astorga s\/n. 24400,\u00a0 Ponferrada Director T\u00e9cnico de Geosat s.l. Formaci\u00f3n Acad\u00e9mica y Puestos Docentes: Ingeniero T\u00e9cnico en Topograf\u00eda.\u00a0 Universidad Polit\u00e9cnica de Madrid. 1.990 Graduado en [&hellip;]<\/p>\n","protected":false},"author":3,"featured_media":0,"parent":22,"menu_order":0,"comment_status":"closed","ping_status":"open","template":"","meta":{"footnotes":""},"class_list":["post-140","page","type-page","status-publish","hentry"],"_links":{"self":[{"href":"https:\/\/grupos.unileon.es\/ingecart\/wp-json\/wp\/v2\/pages\/140","targetHints":{"allow":["GET"]}}],"collection":[{"href":"https:\/\/grupos.unileon.es\/ingecart\/wp-json\/wp\/v2\/pages"}],"about":[{"href":"https:\/\/grupos.unileon.es\/ingecart\/wp-json\/wp\/v2\/types\/page"}],"author":[{"embeddable":true,"href":"https:\/\/grupos.unileon.es\/ingecart\/wp-json\/wp\/v2\/users\/3"}],"replies":[{"embeddable":true,"href":"https:\/\/grupos.unileon.es\/ingecart\/wp-json\/wp\/v2\/comments?post=140"}],"version-history":[{"count":4,"href":"https:\/\/grupos.unileon.es\/ingecart\/wp-json\/wp\/v2\/pages\/140\/revisions"}],"predecessor-version":[{"id":1297,"href":"https:\/\/grupos.unileon.es\/ingecart\/wp-json\/wp\/v2\/pages\/140\/revisions\/1297"}],"up":[{"embeddable":true,"href":"https:\/\/grupos.unileon.es\/ingecart\/wp-json\/wp\/v2\/pages\/22"}],"wp:attachment":[{"href":"https:\/\/grupos.unileon.es\/ingecart\/wp-json\/wp\/v2\/media?parent=140"}],"curies":[{"name":"wp","href":"https:\/\/api.w.org\/{rel}","templated":true}]}}