{"id":52,"date":"2011-04-28T11:02:54","date_gmt":"2011-04-28T11:02:54","guid":{"rendered":"http:\/\/grupos.unileon.es\/ingecart\/?page_id=52"},"modified":"2011-04-29T12:12:19","modified_gmt":"2011-04-29T12:12:19","slug":"enoc-sanz-ablanedo","status":"publish","type":"page","link":"https:\/\/grupos.unileon.es\/ingecart\/personal\/enoc-sanz-ablanedo\/","title":{"rendered":"Enoc Sanz Ablanedo"},"content":{"rendered":"<h1>ACTUAL PROFESSIONAL DATA<\/h1>\n<p><span style=\"text-decoration: underline\">Affiliation<\/span>:\u00a0\u00a0\u00a0\u00a0\u00a0\u00a0\u00a0\u00a0\u00a0\u00a0\u00a0\u00a0\u00a0\u00a0\u00a0\u00a0Departament of Cartography, Geodesy and Photogrammetry.\u00a0University\u00a0of\u00a0Le\u00f3n<\/p>\n<p><span style=\"text-decoration: underline\">Official address<\/span>:\u00a0\u00a0\u00a0\u00a0\u00a0\u00a0Campus Universitario de Ponferrada, Avda. de Astorga s\/n, 24.400\u00a0Ponferrada,\u00a0LEON,\u00a0Spain<\/p>\n<p><span style=\"text-decoration: underline\">Current position<\/span>:\u00a0\u00a0\u00a0\u00a0\u00a0\u00a0Assistant Professor<\/p>\n<p><span style=\"text-decoration: underline\">Phone<\/span>:\u00a0\u00a0\u00a0\u00a0\u00a0\u00a0\u00a0\u00a0\u00a0\u00a0\u00a0\u00a0\u00a0\u00a0\u00a0\u00a0\u00a0\u00a0\u00a0\u00a0\u00a0\u00a0+34 987442110<\/p>\n<p><span style=\"text-decoration: underline\">Fax<\/span>:\u00a0\u00a0\u00a0\u00a0\u00a0\u00a0\u00a0\u00a0\u00a0\u00a0\u00a0\u00a0\u00a0\u00a0\u00a0\u00a0\u00a0\u00a0\u00a0\u00a0\u00a0\u00a0\u00a0\u00a0\u00a0\u00a0\u00a0+34 987442070<\/p>\n<p><span style=\"text-decoration: underline\">e-mail<\/span>:\u00a0\u00a0\u00a0\u00a0\u00a0\u00a0\u00a0\u00a0\u00a0\u00a0\u00a0\u00a0\u00a0\u00a0\u00a0\u00a0\u00a0\u00a0\u00a0\u00a0\u00a0\u00a0<a href=\"mailto:enocsanz@unileon.es\">enocsanz@unileon.es<\/a><\/p>\n<p><span style=\"text-decoration: underline\">Personal URL<\/span>:\u00a0\u00a0\u00a0\u00a0\u00a0\u00a0\u00a0\u00a0\u00a0\u00a0\u00a0<a href=\"http:\/\/www.ingecart.unileon.es\/enoc\">http:\/\/www.ingecart.unileon.es\/enoc<\/a><\/p>\n<p>&nbsp;<\/p>\n<p>&nbsp;<\/p>\n<p>&nbsp;<\/p>\n<h1>RESEARCH LINES OF INTEREST<\/h1>\n<p>&#8211; Applied close-range photogrammetry and stereo-vision<\/p>\n<p>&#8211; Digital cameras stability analysis and calibration<\/p>\n<p>&#8211; Remote sensing and GIS applied to agriculture<\/p>\n<p>&nbsp;<\/p>\n<p>&nbsp;<\/p>\n<p>&nbsp;<\/p>\n<h1>PUBLICATIONS IN SCIENTIFIC JOURNALS<\/h1>\n<p>Sanz-Ablanedo, E.; Rodriguez-Perez, J. R.; Armesto, J.; \u00c1lvarez Taboada, M.F.\u00a0<strong>Geometric Stability and Lens Decentering in Compact Digital Cameras<\/strong>.\u00a0<em>Sensors <\/em><strong>2010<\/strong><em>,<\/em> 10(3), 1553-1572.\u00a0<a href=\"http:\/\/www.mdpi.com\/1424-8220\/10\/3\/1553\/\"><\/a><\/p>\n<p>&nbsp;<\/p>\n<p>Riveiro, B.; Caama\u00f1o, J.C.; Arias-S\u00e1nchez, P.; Sanz-Ablanedo, E.\u00a0<strong>Photogrammetric 3D Modelling, FEM and Mechanical Analysis of Masonry Arches Behaviour: an Approach Based on a Discontinuous Model of Voussoirs. <\/strong><em>Automation in Construction<\/em>, in Revision Form.<\/p>\n<p>&nbsp;<\/p>\n<p>Sanz-Ablanedo, E.; Lamela, M.J.; Rodr\u00edguez-P\u00e9rez, J.R.; Arias, P.\u00a0<strong>Modeling and Experimental Contrast of the Mechanical Behaviour of Laminated Glass Structural. <\/strong>Materiales de Construcci\u00f3n, In Press.<\/p>\n<p>&nbsp;<\/p>\n<p>Sanz-Ablanedo, E.; Rodriguez-Perez, J. R.; Arias-Sanchez, P.; Armesto, J.\u00a0<strong>Metric Potential of a 3D Measurement System Based on Digital Compact Cameras<\/strong>.\u00a0<em>Sensors <\/em><strong>2009,<\/strong> 9, (6), 4178-4194.\u00a0<a href=\"http:\/\/www.mdpi.com\/1424-8220\/9\/6\/4178\"><\/a><\/p>\n<p>&nbsp;<\/p>\n<p>\u00c1lvarez Taboada, M.F.; Rodr\u00edguez-P\u00e9rez, J.R.; Sanz-Ablanedo, E.; Fern\u00e1ndez Mart\u00ednez, M.\u00a0<strong>Aprender Ense\u00f1ando: Elaboraci\u00f3n de Materiales Did\u00e1cticos que Facilitan el Aprendizaje Aut\u00f3nomo. <\/strong><em>Formaci\u00f3n Universitaria<\/em> <strong>2007<\/strong>, 1, (6), 19-27.\u00a0<a href=\"http:\/\/www.uh.cu\/static\/documents\/TD\/Aprender%20Ensennando%20Elaboracion%20Materiales.pdf\"><\/a><\/p>\n<p>&nbsp;<\/p>\n<p>Rodr\u00edguez-P\u00e9rez, J.R.; \u00c1lvarez Taboada, M.F.;\u00a0\u00a0Sanz-Ablanedo, E.;\u00a0<strong>Assessment of Low-cost GPS Receiver Accuracy and Precision in\u00a0Forest\u00a0Environments<\/strong>.\u00a0Journal of Surveying Engineering 2007, 133, (4), 159-167.\u00a0<a href=\"http:\/\/scitation.aip.org\/getabs\/servlet\/GetabsServlet?prog=normal&amp;id=JSUED2000133000004000159000001&amp;idtype=cvips&amp;gifs=yes&amp;ref=no\"><\/a><\/p>\n<p>&nbsp;<\/p>\n<p>&nbsp;<\/p>\n<h1>CONFERENCE PAPERS<\/h1>\n<p>Lamela Rey, M.J.; Fern\u00e1ndez Canteli, A. Garc\u00eda Prieto, M.A. Sanz-Ablanedo, E.\u00a0<strong>C\u00e1lculo de Elementos Estructurales de Vidrio Mediante un Modelo Probabil\u00edstico de Dimensionamiento<\/strong>. 8vo. Simposio Internacional de Estructuras, Geotecnia y Materiales de Construcci\u00f3n. Santa Clara, Cuba,\u00a0<strong>2008<\/strong> November.\u00a0<a href=\"http:\/\/www.ingecart.unileon.es\/enoc\/CV_archivos\/Cuba.pdf\"><\/a><\/p>\n<p>&nbsp;<\/p>\n<p>Linares Barreal, P.M.; Rodr\u00edguez-P\u00e9rez, J.R.;\u00a0\u00a0L\u00f3pez L\u00f3pez, L.J.; Sanz-Ablanedo, E.\u00a0\u00a0<strong>Sistema de Informaci\u00f3n Geogr\u00e1fica para los frutales de calidad del Bierzo (FRUBIGIS)<\/strong>.\u00a0\u00a0<em>XIII Congreso Nacional de Tecnologias de\u00a0la Informacion Geografica<\/em>, Las Palmas de Gran Canaria, Spain,\u00a0<strong>2008<\/strong> September. ISSN 978-84-96971-53-0, Vol. 1, 290-300.\u00a0<a href=\"http:\/\/www.ingecart.unileon.es\/enoc\/CV_archivos\/Linares%20Barreal%20et%20al.pdf\"><\/a><\/p>\n<p>&nbsp;<\/p>\n<p>\u00c1lvarez Taboada, M.F.; Rodr\u00edguez P\u00e9rez, J.R.; Fen\u00e1ndez Mart\u00ednez, M.; Sanz-Ablanedo, E.; \u00c1lvarez Taboada, A.\u00a0<strong>Nuevos paradigmas de ense\u00f1anza-aprendizaje en el Espacio Europeo de Educaci\u00f3n Superior: resultados de la aplicaci\u00f3n del m\u00e9todo e-ABP en la docencia en Geom\u00e1tica. <\/strong>IX Congreso Nacional TOP-CART, Valencia, Spain,\u00a0<strong>2008<\/strong> February.\u00a0<a href=\"http:\/\/www.ingecart.unileon.es\/enoc\/CV_archivos\/38-Alvarez%20Taboada.pdf\"><\/a><\/p>\n<p>&nbsp;<\/p>\n<p>Lamela Rey, M.J.; Fern\u00e1ndez Canteli, A.; Garc\u00eda Prieto, M.A.; Castillo Ron, E.; Sanz-Ablanedo, E.\u00a0<strong>Probabilistic design model for Glazing Plates: A Standars Proposal for Building. <\/strong><em>Glass Performance Days<\/em>,\u00a0Tampere,\u00a0Finland,\u00a0<strong>2007<\/strong> June. ISSN 952-91-8674-6, 581-583.\u00a0<a href=\"http:\/\/www.ingecart.unileon.es\/enoc\/CV_archivos\/GPD07-Lamela-Rey.pdf\"><\/a><\/p>\n<p>&nbsp;<\/p>\n<p>Rodr\u00edguez P\u00e9rez, J.R.; Alvarez Taboada, M.F.;\u00a0\u00a0Sanz-Ablanedo, E. Gavela, A.\u00a0<strong>Comparison Of GPS Receiver Accuracy And Precision In Forest Environments. Practical Recommendations Regarding Methods And Receiver Selection. <\/strong><em>XXIII International FIG Congress \u2013 FIG \u2013DVW \u2013 INTERGEO<\/em>,\u00a0Munich,\u00a0Germany,<strong> 2006 <\/strong>October. PS 5.4.\u00a0<a href=\"http:\/\/www.ingecart.unileon.es\/enoc\/CV_archivos\/COMPARISON%20OF%20GPS%20RECEIVER%20ACCURACY%20AND%20PRECISION%20IN%20FOREST.pdf\"><\/a><\/p>\n<p>&nbsp;<\/p>\n<p>Alvarez Taboada, M.F.; Fen\u00e1ndez Mart\u00ednez, M.; Rodr\u00edguez P\u00e9rez, J.R., Sanz-Ablanedo, E.\u00a0<strong>Problem Based Learning (PBL) and e-Learning In Geodetic Engineering, Cartography and Surveying Education in the European Higher Education Area (EHEA) Frame. A Case Study in the University ff\u00a0Leon\u00a0(Spain): Experiences And Results. <\/strong><em>XXIII International FIG Congress \u2013 FIG \u2013DVW \u2013 INTERGEO<\/em>,\u00a0Munich,\u00a0Germany,<strong> 2006 <\/strong>October.\u00a0TS 84.\u00a0<a href=\"http:\/\/www.ingecart.unileon.es\/enoc\/CV_archivos\/Problem%20Based%20Learning%20(PBL)%20and%20E-learning%20in%20Geodetic%20Engineering.pdf\"><\/a><\/p>\n<p>&nbsp;<\/p>\n<p>Rodr\u00edguez P\u00e9rez, J.R.; Fern\u00e1ndez Trabanco, P.; Sanz-Ablanedo, E.; \u00c1lvarez-Taboada, M.F.\u00a0<strong>An\u00e1lisis Espacial de\u00a0la Evoluci\u00f3n\u00a0del Cultivo de\u00a0la Vid\u00a0en el Municipio de Bembibre (Le\u00f3n).<\/strong> <em>XII Congreso Nacional de Tecnologias de\u00a0la Informacion Geografica<\/em>, Granada, Spain,\u00a0<strong>2006<\/strong> September. V1, 455-464.\u00a0<a href=\"http:\/\/www.ingecart.unileon.es\/enoc\/CV_archivos\/032%20-%20Rodriguez%20Perez%20et%20al%20Bembibre.pdf\"><\/a><\/p>\n<p>&nbsp;<\/p>\n<p>&nbsp;<\/p>\n<h1>OTHER CONFERENCE PRESENTATIONS<\/h1>\n<p>Sanz-Ablanedo, E.; Lamela Rey, M.J.; Fern\u00e1ndez Canteli, A. Arias S\u00e1nchez, P.\u00a0<strong>Contrastaci\u00f3n de\u00a0la Modelizaci\u00f3n\u00a0Num\u00e9rica\u00a0de Placas de Vidrio Laminado Mediante Fotogrametr\u00eda de Objeto Cercano<\/strong> (poster).\u00a0<em>XLVIII Congreso Anual de\u00a0la Sociedad\u00a0Espa\u00f1ola\u00a0de Cer\u00e1mica y Vidrio<\/em>, Oviedo, Spain,\u00a0<strong>2008<\/strong> October.<\/p>\n<p>&nbsp;<\/p>\n<p>Alvarez Taboada, F.; Fern\u00e1ndez, M.; Rodr\u00edguez-P\u00e9rez, J.R.; Sanz Ablanedo, E.\u00a0<strong>Aprendizaje Activo y Aut\u00f3nomo en Ingenier\u00eda: el M\u00e9todo E-ABP,<\/strong> <strong>Evaluaci\u00f3n de los Efectos sobre el Aprendizaje, Realizaci\u00f3n Pr\u00e1ctica, Generalizaci\u00f3n y Componente Emocional <\/strong>(oral presentation).\u00a0<em>I Jornadas Internacionales Universidad Polit\u00e9cnica de Madrid sobre Innovaci\u00f3n Educativa y Converencia Europea<\/em>, Madrid, Spain,\u00a0<strong>2007<\/strong>, 12 December.<\/p>\n<p>&nbsp;<\/p>\n<p>Sanz-Ablanedo, E.; Lamela Rey, M.J.; Garc\u00eda Prieto, M.A.; Fern\u00e1ndez Canteli, A.;\u00a0<strong>Probabilistic Design Model for Monolithic and Laminated Glass Plates<\/strong> (poster).\u00a0<em>First International PhD Symposium in Engineering<\/em>, Pecs, Hungary,\u00a0<strong>2005<\/strong> October.<\/p>\n<p>&nbsp;<\/p>\n<p>Sanz-Ablanedo, E.; Fern\u00e1ndez Canteli, A.; Lamela Rey, M.J.; Garc\u00eda Prieto, M.A.\u00a0<strong>Comportamiento Viscel\u00e1stico de PVB para Vidrio Laminado <\/strong>(oral presentation).\u00a0<em>XLV Congreso de\u00a0la Sociedad\u00a0Espa\u00f1ola\u00a0de Cer\u00e1mica y Vidrio<\/em>, Sevilla, Spain,\u00a0<strong>2005<\/strong>, 11 February.<\/p>\n<p>&nbsp;<\/p>\n<p><strong> <\/strong><\/p>\n<h1>OTHER PUBLICATIONS<\/h1>\n<p>Sanz-Ablanedo, E.\u00a0<strong>Control de\u00a0la Deformaci\u00f3n\u00a0en S\u00f3lidos Mediante T\u00e9cnicas de Fotogrametr\u00eda de Objeto Cercano: Aplicaci\u00f3n a un Problema de Dise\u00f1o Estructural<\/strong> (doctoral thesis).\u00a0In Press.\u00a0Vigo,\u00a0Spain,\u00a0<strong>2009<\/strong> May.\u00a0<a href=\"http:\/\/www.ingecart.unileon.es\/enoc\/CV_archivos\/Thesis.pdf\"><\/a><\/p>\n<p><strong> <\/strong><\/p>\n<p><strong> <\/strong><\/p>\n<h1>RESEARCH PROJECTS FUNDED BY GOVERNMENT<\/h1>\n<p><strong>2009-2010<\/strong><\/p>\n<p><strong>Aplicacion de\u00a0la Geom\u00e1tica\u00a0(Sistemas de Informacion Geografica y Teledeteccion de Alta Resoluci\u00f3n Espacial y Espectral) para\u00a0la Estimaci\u00f3n\u00a0de Variables Productivas y de Calidad de\u00a0la Vid.\u00a0<em>Instituto<\/em><em> Tecnol\u00f3gico de Castilla y Le\u00f3n<\/em><\/strong>. Research staff.<\/p>\n<p>&nbsp;<\/p>\n<p><strong>2009-2010<\/strong><\/p>\n<p><strong>Calibraci\u00f3n Radiom\u00e9trica de Imagenes Digitales para el Control de Cambio Clim\u00e1tico y Biomasa en Areas Contaminadas o Degradadas Mediante Empleo de\u00a0la Banda Infrarroja.<em>Instituto Tecnol\u00f3gico de Castilla y Le\u00f3n<\/em>. Research staff.<\/strong><\/p>\n<p>&nbsp;<\/p>\n<p><strong>2008-2009<\/strong><\/p>\n<p><strong>Calibraci\u00f3n Radiom\u00e9trica de C\u00e1maras A\u00e9reas Digitales. Aplicaci\u00f3n a\u00a0la Clasificaci\u00f3n Autom\u00e1tica\u00a0de Cubiertas del Suelo y Estimacion de Biomasa.<\/strong> <em>Junta de Castilla y Le\u00f3n<\/em>. Research staff.<\/p>\n<p>&nbsp;<\/p>\n<p><strong>2007-2008<\/strong><\/p>\n<p><strong>Integracion de\u00a0la Geom\u00e1tica\u00a0en\u00a0la Produccion Agraria.\u00a0Desarrollo del Sistema de Informaci\u00f3n Geografica para los Frutales de Calidad del Bierzo (FRUBIGIS).<\/strong> <em>Universidad de Le\u00f3n<\/em>. Research staff.<\/p>\n<p>&nbsp;<\/p>\n<p><strong>2007-2008<\/strong><\/p>\n<p><strong>Desarrollo e Implementaci\u00f3n de un Sistema de Viticultura de Precisi\u00f3n en\u00a0la Denominaci\u00f3n\u00a0de Origen Bierzo, Mediante\u00a0la Integraci\u00f3n\u00a0de Monitores de Rendimiento, Sistemas de Informacion Geografica y Teledetecci\u00f3n de Alta Resoluci\u00f3n Espacial<\/strong>.\u00a0<em>Universidad de Le\u00f3n<\/em>. Research staff.<\/p>\n<p>&nbsp;<\/p>\n<p><strong>2007<\/strong><\/p>\n<p><strong>Evaluacion de Receptores de Sistemas de Posicionamiento por Sat\u00e9lite Bajo Cubierta Arb\u00f3rea<\/strong>.\u00a0<em>Universidad de Le\u00f3n<\/em>. Research staff.<\/p>\n<p>&nbsp;<\/p>\n<p><strong>2005-2008<\/strong><\/p>\n<p><strong>Modelo Probabil\u00edstico para C\u00e1lculo de Placas de Vidrio Laminado: Propuesta se Norma para Edificaci\u00f3n<\/strong>.\u00a0<em>Ministerio de Educaci\u00f3n y Ciencia. Plan Nacional de I+D+i.<\/em> Full time research staff.<\/p>\n<p>&nbsp;<\/p>\n<p><strong>2001<\/strong><\/p>\n<p><strong>Las Aguas Superficiales y Subterraneas del Campus Lagoas-Marcosende<\/strong>. Oficina de I+D+i de\u00a0la Universidad\u00a0de Vigo.\u00a0Research fellowship.<\/p>\n<p>&nbsp;<\/p>\n<h1>RESEARCH STAYS<\/h1>\n<p><strong>November\u00a0\u00a02008 \u2013 February 2009<\/strong><\/p>\n<p>Universidad de Mondrag\u00f3n \u2013\u00a0Pais Vasco,\u00a0Spain.\u00a0Research assistant in project \u00abSistema de Control Visual de Piezas de Fundici\u00f3n Contrastable con Sistemas CAD\/CAM\u201d.\u00a0Keywords: Stereovision, Quality control, Photogrammetry.<\/p>\n<p>&nbsp;<\/p>\n<p>&nbsp;<\/p>\n<h1>UNIVERSITARY TEACHING EXPERIENCE<\/h1>\n<p><strong>2009-Actually<\/strong><\/p>\n<p>Assitant Professor in<strong> <\/strong>the<strong> <\/strong>Cartography, Geodesy and Photogrammetric Departament.\u00a0University\u00a0of\u00a0Le\u00f3n. 240h\/year of practical and theory teaching about Technical Trawing, Land Surveying, GIS and Photogrammetry.<strong> <\/strong><\/p>\n<p><strong> <\/strong><\/p>\n<p><strong>2006-2009<\/strong><\/p>\n<p>Lecturer in the Cartography, Geodetic and Photogrammetric Departament.\u00a0University\u00a0of\u00a0Le\u00f3n. 180h\/year of practical and theory teaching about Technical rawing, Land Surveying, GIS and Photogrammetry.<\/p>\n<p><strong> <\/strong><\/p>\n<p><strong>2004-2005<\/strong><\/p>\n<p>Lecturer in the Mechanical Engineering Departament.\u00a0University\u00a0of\u00a0Oviedo. 180h Practical and theory teaching of Mechanics of Materials and Structures.<\/p>\n<p>&nbsp;<\/p>\n<p>&nbsp;<\/p>\n<h1>OTHER TEACHING EXPERIENCE<\/h1>\n<p>Curso de extensi\u00f3n Universitaria.\u00a0<strong>Presentaci\u00f3n de los Programas de Dibujo y Dise\u00f1o por Ordenador<\/strong>. Universidad de Vigo. Pontevedra. 38h,\u00a0<strong>2003<\/strong> July.<\/p>\n<p>&nbsp;<\/p>\n<p>Curso de extensi\u00f3n Universitaria.\u00a0<strong>Introducci\u00f3n a los Programas de Dise\u00f1o por Ordenador<\/strong>. Universidad de Vigo. Orense. 38h,\u00a0<strong>2003<\/strong> July.<\/p>\n<p>&nbsp;<\/p>\n<h1>INNOVATION IN TEACHING<\/h1>\n<p><strong>2008<\/strong><\/p>\n<p>Ejercicios Parametrizados y Automatizados como Herramienta de Apoyo a\u00a0la Docencia\u00a0en Entornos de e-Aprendizaje (Moodle) (2da. Parte). Coordinator.\u00a0<em>Inovation Project in PAID 2008<\/em>, University of Le\u00f3n.<\/p>\n<p>&nbsp;<\/p>\n<p><strong>2008<\/strong><\/p>\n<p>Talleres de Geom\u00e1tica: utilizaci\u00f3n de software libre como herramienta de fomento del aprendizaje aut\u00f3nomo y continuo del alumnado. Staff.\u00a0<em>Inovation Project in PAID 2008<\/em>, University of Le\u00f3n.<\/p>\n<p>&nbsp;<\/p>\n<p><strong>2007<\/strong><\/p>\n<p>Ejercicios Parametrizados y Automatizados como Herramienta de Apoyo a\u00a0la Docencia\u00a0en Entoros de e-Aprendizaje (Moodle). Coordinator.\u00a0<em>Innovation Project in PAID 2007<\/em>, University of Le\u00f3n.<\/p>\n<p>&nbsp;<\/p>\n<p><strong>2007<\/strong><\/p>\n<p>Talleres de Topograf\u00eda: Aprender Ense\u00f1ando. Elaboraci\u00f3n de Materiales Did\u00e1cticos que Faciliten el Aprendizaje Aut\u00f3nomo.\u00a0<em>Innovation Project in PAID 2007<\/em>. Universidad de Le\u00f3n.<\/p>\n<p>&nbsp;<\/p>\n<p><strong>2007<\/strong><\/p>\n<p><strong>First award<\/strong> in innovation to the project \u201ce- ABP en la docencia de Ingenier\u00eda Cartogr\u00e1fica en Ense\u00f1anzas T\u00e9cnicas en el Espacio Europeo de Educaci\u00f3n Superior\u201d. \u00c1lvarez Taboada M.F.; Rodr\u00edguez P\u00e9rez J.R.; Sanz Ablanedo, E.<\/p>\n<p>&nbsp;<\/p>\n<p><strong>2006<\/strong><\/p>\n<p>Launching of the Moddle platform\u00a0<a href=\"http:\/\/www.ingecart.unileon.es\/recursos\">www.ingecart.unileon.es\/recursos<\/a> .\u00a0Sanz-Ablanedo E.; Rodr\u00edguez-P\u00e9rez J.R.; \u00c1lvarez-Taboada, M.F.<\/p>\n<p>&nbsp;<\/p>\n<h1>EDUCATION<\/h1>\n<p>BSc Degree in Geology 1997 (University Complutense of\u00a0Madrid)<\/p>\n<p>BSc Degree in Minning Engineering, 2001 (University\u00a0of\u00a0Vigo)<\/p>\n<p>MSc\u00a0\u00a0Degree in Natural Resources, 2003 (University\u00a0of\u00a0Vigo)<\/p>\n<p>PhD Degree 2009 (University\u00a0of\u00a0Vigo)<\/p>\n<p>Dissertation title:\u00a0\u00a0<strong>Control de\u00a0la Deformaci\u00f3n\u00a0en S\u00f3lidos Mediante T\u00e9cnicas de Fotogrametr\u00eda de Objeto Cercano: Aplicaci\u00f3n a un Problema de Dise\u00f1o Estructural.<\/strong><\/p>\n<p>Advisors: Arias S\u00e1nchez, P.; Rodr\u00edguez P\u00e9rez, J.R.; Lamela Rey, M.J.<\/p>\n<p><strong> <\/strong><\/p>\n<h1>OTHER PROFESIONAL EXPERIENCE<\/h1>\n<p><strong> <\/strong><\/p>\n<p><strong>2001-2004<\/strong><\/p>\n<p>Minning engineer in geotechnical and civil engineering companies<\/p>\n","protected":false},"excerpt":{"rendered":"<p>ACTUAL PROFESSIONAL DATA Affiliation:\u00a0\u00a0\u00a0\u00a0\u00a0\u00a0\u00a0\u00a0\u00a0\u00a0\u00a0\u00a0\u00a0\u00a0\u00a0\u00a0Departament of Cartography, Geodesy and Photogrammetry.\u00a0University\u00a0of\u00a0Le\u00f3n Official address:\u00a0\u00a0\u00a0\u00a0\u00a0\u00a0Campus Universitario de Ponferrada, Avda. de Astorga s\/n, 24.400\u00a0Ponferrada,\u00a0LEON,\u00a0Spain Current position:\u00a0\u00a0\u00a0\u00a0\u00a0\u00a0Assistant Professor Phone:\u00a0\u00a0\u00a0\u00a0\u00a0\u00a0\u00a0\u00a0\u00a0\u00a0\u00a0\u00a0\u00a0\u00a0\u00a0\u00a0\u00a0\u00a0\u00a0\u00a0\u00a0\u00a0+34 987442110 Fax:\u00a0\u00a0\u00a0\u00a0\u00a0\u00a0\u00a0\u00a0\u00a0\u00a0\u00a0\u00a0\u00a0\u00a0\u00a0\u00a0\u00a0\u00a0\u00a0\u00a0\u00a0\u00a0\u00a0\u00a0\u00a0\u00a0\u00a0+34 987442070 e-mail:\u00a0\u00a0\u00a0\u00a0\u00a0\u00a0\u00a0\u00a0\u00a0\u00a0\u00a0\u00a0\u00a0\u00a0\u00a0\u00a0\u00a0\u00a0\u00a0\u00a0\u00a0\u00a0enocsanz@unileon.es Personal URL:\u00a0\u00a0\u00a0\u00a0\u00a0\u00a0\u00a0\u00a0\u00a0\u00a0\u00a0http:\/\/www.ingecart.unileon.es\/enoc &nbsp; &nbsp; &nbsp; RESEARCH LINES OF INTEREST &#8211; Applied close-range photogrammetry and stereo-vision &#8211; Digital cameras stability analysis and calibration &#8211; Remote sensing and GIS applied [&hellip;]<\/p>\n","protected":false},"author":3,"featured_media":0,"parent":22,"menu_order":0,"comment_status":"closed","ping_status":"open","template":"","meta":{"footnotes":""},"class_list":["post-52","page","type-page","status-publish","hentry"],"_links":{"self":[{"href":"https:\/\/grupos.unileon.es\/ingecart\/wp-json\/wp\/v2\/pages\/52","targetHints":{"allow":["GET"]}}],"collection":[{"href":"https:\/\/grupos.unileon.es\/ingecart\/wp-json\/wp\/v2\/pages"}],"about":[{"href":"https:\/\/grupos.unileon.es\/ingecart\/wp-json\/wp\/v2\/types\/page"}],"author":[{"embeddable":true,"href":"https:\/\/grupos.unileon.es\/ingecart\/wp-json\/wp\/v2\/users\/3"}],"replies":[{"embeddable":true,"href":"https:\/\/grupos.unileon.es\/ingecart\/wp-json\/wp\/v2\/comments?post=52"}],"version-history":[{"count":6,"href":"https:\/\/grupos.unileon.es\/ingecart\/wp-json\/wp\/v2\/pages\/52\/revisions"}],"predecessor-version":[{"id":164,"href":"https:\/\/grupos.unileon.es\/ingecart\/wp-json\/wp\/v2\/pages\/52\/revisions\/164"}],"up":[{"embeddable":true,"href":"https:\/\/grupos.unileon.es\/ingecart\/wp-json\/wp\/v2\/pages\/22"}],"wp:attachment":[{"href":"https:\/\/grupos.unileon.es\/ingecart\/wp-json\/wp\/v2\/media?parent=52"}],"curies":[{"name":"wp","href":"https:\/\/api.w.org\/{rel}","templated":true}]}}