{"id":710,"date":"2013-05-06T09:53:53","date_gmt":"2013-05-06T09:53:53","guid":{"rendered":"http:\/\/grupos.unileon.es\/ingecart\/?page_id=710"},"modified":"2014-05-27T08:40:44","modified_gmt":"2014-05-27T08:40:44","slug":"2009-2","status":"publish","type":"page","link":"https:\/\/grupos.unileon.es\/ingecart\/2009-2\/","title":{"rendered":"2009"},"content":{"rendered":"<h1><strong>Revistas cient\u00edficas (English)<\/strong><\/h1>\n<p>&nbsp;<\/p>\n<ul>\n<li>Sanz-Ablanedo, E., J.R., Rodr\u00edguez-P\u00e9rez, P. Arias-Sanchez, and J. Armesto (2009). <strong><a href=\"http:\/\/www.mdpi.com\/1424-8220\/9\/6\/4178\/pdf\" target=\"_blank\">Metric Potential of a 3D Measurement System Based on Digital Compact Cameras<\/a><\/strong>.\u00a0<em>Sensors,<\/em>9, pp. 4178-4194.<\/li>\n<\/ul>\n<p>&nbsp;<\/p>\n<ul>\n<li>Wulder, M.A., J.C. White, M.F. Alvarez, T. Han, J. Rogan, B. Hawkes (2009). <strong>Characterizing boreal forest wildfire with multi-temporal Landsat and LIDAR data<\/strong>.<em> Remote Sensing of Environment<\/em>, 113 (4): 1540-1555.<\/li>\n<\/ul>\n<p>&nbsp;<\/p>\n<ul>\n<li>Pasalodos-Tato, M., Pukkala, T., Castedo-Dorado, F. (2009). <strong>Models for the optimal management of Pinus radiata D. Don in Galicia (north-western Spain) under risk of fire<\/strong>. En: J.D. Sauerl\u00e4nder\u2019s Verlag (eds.). <em>Allgemeine Forst- und Jagdzeitung<\/em>, 180, pp. 238-249.<\/li>\n<\/ul>\n<p>&nbsp;<\/p>\n<ul>\n<li>Castedo-Dorado, F., Crecente-Campo, F., \u00c1lvarez-\u00c1lvarez, P., Barrio-Anta, M. (2009). <strong>Development of a stand density management diagram for radiata pine stands including assessment of stand stability<\/strong>. En: Oxford University Press (eds.). <em>Forestry<\/em>, 82, pp. 1-16.<\/li>\n<\/ul>\n<p>&nbsp;<\/p>\n<ul>\n<li>\n<div class=\"bold refAuthorTitle\" style=\"color: #2e2e2e;\"><span class=\"previewTxt\" style=\"color: #2e2e2e !important;\">Sevillano-Marco, E.<\/span><span style=\"color: #c0c0c0;\">,\u00a0<\/span><span class=\"previewTxt\" style=\"color: #2e2e2e !important;\">Fern\u00e1ndez-Manso, A.<\/span><span style=\"color: #c0c0c0;\">,\u00a0<\/span><span class=\"previewTxt\" style=\"color: #2e2e2e !important;\">Castedo-Dorado, F.\u00a0<span class=\"txtSmaller\">(2009)\u00a0<\/span> <\/span><a href=\"http:\/\/www.scopus.com\/record\/display.url?view=basic&amp;eid=2-s2.0-70349823198&amp;origin=resultslist\" target=\"_blank\"><strong>Development and applications of a growth model for Pinus radiata D. Don plantations in El Bierzo (Spain) | Desarrollo y aplicaciones de un modelo de crecimiento para plantaciones de Pinus radiata D. Don en El Bierzo (Le\u00f3n)<\/strong> \u00a0<\/a> <span class=\"txtSmaller\" style=\"color: #2e2e2e;\"><em>Investigacion Agraria Sistemas y Recursos Forestales<\/em><\/span><span style=\"color: #2e2e2e;\">\u00a0\u00a0<\/span><span style=\"color: #2e2e2e;\">18<\/span><span style=\"color: #2e2e2e;\">\u00a0\u00a0<\/span><span style=\"color: #2e2e2e;\">(1)<\/span><span style=\"color: #2e2e2e;\">\u00a0\u00a0<\/span><span style=\"color: #2e2e2e;\">PP. 64 &#8211; 80<\/span><\/div>\n<\/li>\n<\/ul>\n<p>&nbsp;<\/p>\n<ul>\n<li>\u00a0<span class=\"previewTxt\" style=\"color: #2e2e2e !important;\">Vargas-Larreta, B.<\/span><span style=\"color: #c0c0c0;\">,\u00a0<\/span><span class=\"previewTxt\" style=\"color: #2e2e2e !important;\">Castedo-Dorado, F.<\/span><span style=\"color: #c0c0c0;\">,\u00a0<\/span><span class=\"previewTxt\" style=\"color: #2e2e2e !important;\">\u00c1lvarez-Gonz\u00e1lez, J.G.<\/span><span style=\"color: #c0c0c0;\">,\u00a0<\/span><span class=\"previewTxt\" style=\"color: #2e2e2e !important;\">Barrio-Anta, M.<\/span><span style=\"color: #c0c0c0;\">,\u00a0<\/span><span class=\"previewTxt\" style=\"color: #2e2e2e !important;\">Cruz-Cobos, F.(2009)<a href=\"http:\/\/www.scopus.com\/record\/display.url?view=basic&amp;eid=2-s2.0-70349952051&amp;origin=resultslist\" target=\"_blank\"><strong>\u00a0<\/strong><\/a><\/span><a href=\"http:\/\/www.scopus.com\/record\/display.url?view=basic&amp;eid=2-s2.0-70349952051&amp;origin=resultslist\" target=\"_blank\"><strong>A generalized height-diameter model with random coefficients for uneven-aged stands in El Salto, Durango (Mexico)<span style=\"text-decoration: underline;\">\u00a0<\/span><\/strong><\/a><span class=\"txtSmaller\" style=\"color: #2e2e2e;\">\u00a0<em>Forestry<\/em><\/span><span style=\"color: #2e2e2e;\">\u00a0\u00a0<\/span><span style=\"color: #2e2e2e;\">82<\/span><span style=\"color: #2e2e2e;\">\u00a0\u00a0<\/span><span style=\"color: #2e2e2e;\">(4)<\/span><span style=\"color: #2e2e2e;\">\u00a0\u00a0<\/span><span style=\"color: #2e2e2e;\">PP. 445 &#8211; 462<\/span><\/li>\n<\/ul>\n<p>&nbsp;<\/p>\n<h1><strong>Revistas cient\u00edficas (Espa\u00f1ol)<\/strong><\/h1>\n<p>&nbsp;<\/p>\n<ul>\n<li>Sevillano-Marco, E., Fern\u00e1ndez-Manso, A., Castedo-Dorado, F. (2009). <strong>Development and applications of a growth model for Pinus radiata D. Don plantations in El Bierzo (Spain)<\/strong>. En: Instituto Nacional de Investigaci\u00f3n y Tecnolog\u00eda Agraria (eds.). <em>Investigaci\u00f3n Agraria: Sistemas y Recursos Forestales<\/em>, 18, pp. 64-80.<\/li>\n<\/ul>\n<p>&nbsp;<\/p>\n<p>&nbsp;<\/p>\n<ul>\n<li>Rodr\u00edguez-P\u00e9rez, J. R.,\u00a0 G\u00f3mez-Cuaresma, M, \u00c1lvarez, M. F., Marcos, J. L., I Ruiz P\u00e9rez, Castedo, F. (2009). <strong>Modelizaci\u00f3n de la probabilidad espacial de ocurrencia de incendios forestales por rayo en la provincia de Le\u00f3n<\/strong>.\u00a0<em>Actas del V Congreso Forestal Espa\u00f1ol<\/em>, pp. 2-9, \u00c1vila, Espa\u00f1a.<\/li>\n<\/ul>\n<p>&nbsp;<\/p>\n<p>&nbsp;<\/p>\n<h1><strong>Proceedings y actas de congresos<br \/>\n<\/strong><\/h1>\n<p>&nbsp;<\/p>\n<ul>\n<li>Catanzarite-Torres T.,\u00a0 Gonz\u00e1lez-Fern\u00e1ndez, A.B., Benavente-Cobo, F.J., Rodr\u00edguez-P\u00e9rez, J. R. (2009).<a href=\"https:\/\/buleria.unileon.es\/handle\/10612\/2739\" target=\"_blank\">\u00a0<strong>SIG para el seguimiento vit\u00edcola y diferenciaci\u00f3n de lotes de vendimia en la D.O. Bierzo (Le\u00f3n-Espa\u00f1a). <\/strong><\/a><em>5<sup>as<\/sup><\/em><em>Jornadas Internacionales de gvSIG, 2, 3 y 4 de diciembre de 2009.<\/em> Valencia, Espa\u00f1a.<\/li>\n<\/ul>\n<p>&nbsp;<\/p>\n<p>&nbsp;<\/p>\n<p>&nbsp;<\/p>\n<p align=\"center\"><a href=\"http:\/\/grupos.unileon.es\/ingecart\/2008-2\/\">A\u00f1o anterior <i>(2008)<\/i><\/a> &#8212; <a href=\"http:\/\/grupos.unileon.es\/ingecart\/2010-2\/\">A\u00f1o siguiente <i>(2010)<\/i><\/a><\/p>\n<p align=\"center\"><a title=\"Publicaciones\" href=\"http:\/\/grupos.unileon.es\/ingecart\/links-prueba\/\">Ver todos<\/a><\/p>\n","protected":false},"excerpt":{"rendered":"<p>Revistas cient\u00edficas (English) &nbsp; Sanz-Ablanedo, E., J.R., Rodr\u00edguez-P\u00e9rez, P. Arias-Sanchez, and J. Armesto (2009). Metric Potential of a 3D Measurement System Based on Digital Compact Cameras.\u00a0Sensors,9, pp. 4178-4194. &nbsp; Wulder, M.A., J.C. White, M.F. Alvarez, T. Han, J. Rogan, B. Hawkes (2009). Characterizing boreal forest wildfire with multi-temporal Landsat and LIDAR data. Remote Sensing of [&hellip;]<\/p>\n","protected":false},"author":14,"featured_media":0,"parent":0,"menu_order":0,"comment_status":"closed","ping_status":"open","template":"","meta":{"footnotes":""},"class_list":["post-710","page","type-page","status-publish","hentry"],"_links":{"self":[{"href":"https:\/\/grupos.unileon.es\/ingecart\/wp-json\/wp\/v2\/pages\/710","targetHints":{"allow":["GET"]}}],"collection":[{"href":"https:\/\/grupos.unileon.es\/ingecart\/wp-json\/wp\/v2\/pages"}],"about":[{"href":"https:\/\/grupos.unileon.es\/ingecart\/wp-json\/wp\/v2\/types\/page"}],"author":[{"embeddable":true,"href":"https:\/\/grupos.unileon.es\/ingecart\/wp-json\/wp\/v2\/users\/14"}],"replies":[{"embeddable":true,"href":"https:\/\/grupos.unileon.es\/ingecart\/wp-json\/wp\/v2\/comments?post=710"}],"version-history":[{"count":12,"href":"https:\/\/grupos.unileon.es\/ingecart\/wp-json\/wp\/v2\/pages\/710\/revisions"}],"predecessor-version":[{"id":1374,"href":"https:\/\/grupos.unileon.es\/ingecart\/wp-json\/wp\/v2\/pages\/710\/revisions\/1374"}],"wp:attachment":[{"href":"https:\/\/grupos.unileon.es\/ingecart\/wp-json\/wp\/v2\/media?parent=710"}],"curies":[{"name":"wp","href":"https:\/\/api.w.org\/{rel}","templated":true}]}}