{"id":724,"date":"2013-05-06T10:42:01","date_gmt":"2013-05-06T10:42:01","guid":{"rendered":"http:\/\/grupos.unileon.es\/ingecart\/?page_id=724"},"modified":"2014-05-27T09:26:10","modified_gmt":"2014-05-27T09:26:10","slug":"2007-2","status":"publish","type":"page","link":"https:\/\/grupos.unileon.es\/ingecart\/2007-2\/","title":{"rendered":"2007"},"content":{"rendered":"<h1><strong>Revistas cient\u00edficas (English)<\/strong><\/h1>\n<p>&nbsp;<\/p>\n<ul>\n<li>Ria\u00f1o, D., E. Chuvieco, S.L. Ustin, J. Salas, J.R. Rodr\u00edguez-P\u00e9rez, L.M. Ribeiro, D.X. Viegas, J.M. Moreno, and H. Fernandez (2007). <a href=\"http:\/\/www.publish.csiro.au\/?paper=WF06003\" target=\"_blank\"><strong>Estimation of shrub height for fuel-type mapping combining airborne LiDAR and simultaneous color infrared ortho imaging<\/strong><\/a>.\u00a0<em>International Journal of Wildland Fire,<\/em>16, pp. 341-348.<\/li>\n<\/ul>\n<p>&nbsp;<\/p>\n<ul>\n<li>Castedo-Dorado, F., Di\u00e9guez-Aranda, U., Barrio, M., \u00c1lvarez Gonz\u00e1lez, J.G. (2007). <strong>Modelling stand basal area growth for radiata pine plantations in northwestern Spain using the GADA<\/strong>. En: INRA (Institut Nacional de la Recherche Agronomique), EDP Sciences (eds.). <em>Annals of Forest Science<\/em>, 64, pp. 609-619.<\/li>\n<\/ul>\n<p>&nbsp;<\/p>\n<ul>\n<li>Han, T., M.A. Wulder, J.C. White, N.C. Coops, M.F. Alvarez, C. Butson. (2007). <strong>An efficient protocol to process Landsat images for change detection with Tasselled Cap Transformation.<\/strong> <em>IEEE Geoscience and Remote Sensing Letters<\/em>, 4: 147-151.<\/li>\n<\/ul>\n<p>&nbsp;<\/p>\n<ul>\n<li>Barrio-Anta, M., Di\u00e9guez-Aranda, U., Castedo-Dorado, F., \u00c1lvarez Gonz\u00e1lez, J.G., Gadow, K.v. (2007). <strong>Merchantable volume system for pedunculate oak in northwestern Spain<\/strong>. En: INRA (Institut Nacional de la Recherche Agronomique), EDP Sciences (eds.). <em>Annals of Forest Science<\/em>, 64, pp. 511-520.<\/li>\n<\/ul>\n<p>&nbsp;<\/p>\n<ul>\n<li>Castedo-Dorado, F., Di\u00e9guez-Aranda, U., \u00c1lvarez Gonz\u00e1lez, J.G. (2007). <strong>A growth model for Pinus radiata D. Don stands in northwestern Spain<\/strong>. En: INRA (Institut Nacional de la Recherche Agronomique), EDP Sciences (eds.). <em>Annals of Forest Science<\/em>, 64, pp. 453-465.<\/li>\n<\/ul>\n<p>&nbsp;<\/p>\n<ul>\n<li>Corral-Rivas, J.J., Di\u00e9guez-Aranda, U., Corral Rivas, S., Castedo Dorado, F. (2007). <strong>A merchantable volume system for major pine species in El Salto, Durango (Mexico)<\/strong>. En: <em>Elsevier<\/em> (eds.). Forest Ecology and Management, 238, pp. 118-129.<\/li>\n<\/ul>\n<p>&nbsp;<\/p>\n<ul>\n<li>Castedo-Dorado, F., Di\u00e9guez-Aranda, U., Barrio, M., S\u00e1nchez Rodr\u00edguez, M., Gadow, K.v. (2007). A<strong> generalized height-diameter model including random components for radiata pine plantations in northwestern Spain<\/strong>. En: <em>Elsevier<\/em> (eds.). Forest Ecology and Management, 229, pp. 202-213.<\/li>\n<\/ul>\n<p>&nbsp;<\/p>\n<ul>\n<li>Rodr\u00edguez-P\u00e9rez, J.R., M.F. Alvarez, and E. Sanz-Ablanedo, 2007, <strong><a href=\"http:\/\/ascelibrary.org\/suo\/resource\/1\/jsued2\/v133\/i4\/p159_s1?isAuthorized=no\" target=\"_blank\">Assessment of low-cost GPS receiver accuracy and precision in forest environments<\/a><\/strong>.\u00a0<em>Journal of Surveying Engineering-Asce,<\/em>133, pp. 159-167.<\/li>\n<\/ul>\n<p>&nbsp;<\/p>\n<ul>\n<li>Rodr\u00edguez-P\u00e9rez, J.R., D. Ria\u00f1o, E. Carlisle, S.L. Ustin, and D.R. Smart (2007). <strong><a href=\"http:\/\/www.ajevonline.org\/cgi\/content\/abstract\/58\/3\/302\" target=\"_blank\">Evaluation of hyperspectral reflectance indexes to detect grapevine water status in vineyards<\/a><\/strong>.\u00a0<em>American Journal of Enology and Viticulture,<\/em>58, pp. 302-317.<\/li>\n<\/ul>\n<p>&nbsp;<\/p>\n<p>&nbsp;<\/p>\n<h1><strong>Proceedings y actas de congresos<\/strong><\/h1>\n<p>&nbsp;<\/p>\n<ul>\n<li>\u00c1lvarez-Taboada, M.F., Rodr\u00edguez-P\u00e9rez, J. R., Castedo-Dorado, F., Vega-Nieva, D. (2007).\u00a0<strong><a href=\"http:\/\/www.earsel.org\/workshops\/ForestFires2007\/194-262_Fire%20Effects%20Assessment\/An%20operational%20protocol%20for%20post-fire%20evaluation%20at%20landscape%20scale%20in%20an%20object-oriented%20environment.pdf\" target=\"_blank\">An operational protocol for post-fire evaluation at landscape scale in an object-oriented environment.<\/a> <\/strong><em>Proceedings of the 6th International Workshop of the EARSeL Special Interest Group on Forest Fires JRC 8072. pp. 202 &#8211; 207 (2007). 6th International Workshop of the EARSeL Special Interest Group on Forest Fires.<\/em> Tesalonica, Grecia.<\/li>\n<\/ul>\n<p>&nbsp;<\/p>\n<ul>\n<li>Rodr\u00edguez-P\u00e9rez, J. R., \u00c1lvarez, M. F., Sanz-Ablanedo, E., Gavela, A. (2007). <strong><a href=\"http:\/\/www.fig.net\/pub\/fig2006\/papers\/ps05_04\/ps05_04_05_rodriguezperez_etal_0565.pdf\" target=\"_blank\">Comparison of GPS Receiver Accuracy and Precision in Forest Environments. Practical Recommendations Regarding Methods and Receiver Selection<\/a><\/strong>.\u00a0<em>Proceedings (PS5.4 \u2013 GNSS Processing and Applications) of XXIII FIG Congress- Shaping the Change<\/em>, 8-13, 2006, Munich, Germany.<\/li>\n<\/ul>\n<ul>\n<li>\u00c1lvarez Taboada, M.F., Rodr\u00edguez P\u00e9rez J.R, Sanz Ablanedo E., Fern\u00e1ndez Martinez, M., Alvarez A. (2007). <strong>Aprendizaje activo y aut\u00f3nomo en ingenier\u00eda: el m\u00e9todo e-abp. Evaluaci\u00f3n de los efectos sobre el aprendizaje, implementaci\u00f3n real, generalizaci\u00f3n y componente emocional<\/strong>. <em>Proceedings of International Conference of Innovative Education (Internacionales de Innovaci\u00f3n Educativa y Convergencia Europea 2007) (INECE 2007)<\/em>. Universidad Polit\u00e9cnica de Madrid (Spain). December, 2007.<\/li>\n<\/ul>\n<p>&nbsp;<\/p>\n<p>&nbsp;<\/p>\n<h1><strong>Otras publicaciones<\/strong><\/h1>\n<p>&nbsp;<\/p>\n<ul>\n<li>\u00c1lvarez, M.F , J.R. Rodr\u00edguez P\u00e9rez, E. Sanz Ablanedo, M. Fern\u00e1ndez Mart\u00ednez. <strong>e-ABP en la docencia de Ingenier\u00eda Cartogr\u00e1fica en Ense\u00f1anzas T\u00e9cnicas en el Espacio Europeo de Educaci\u00f3n Superior<\/strong>. Premio de Innovaci\u00f3n Educativa de la Universidad de Le\u00f3n 2007. Consejo Social de la Universidad de Le\u00f3n (2007).<\/li>\n<\/ul>\n<p>&nbsp;<\/p>\n<p>&nbsp;<\/p>\n<p>&nbsp;<\/p>\n<p align=\"center\"><a href=\"http:\/\/grupos.unileon.es\/ingecart\/2006-2\/\">A\u00f1o anterior <i>(2006)<\/i><\/a> &#8212; <a href=\"http:\/\/grupos.unileon.es\/ingecart\/2008-2\/\">A\u00f1o siguiente <i>(2008)<\/i><\/a><\/p>\n<p align=\"center\"><a title=\"Publicaciones\" href=\"http:\/\/grupos.unileon.es\/ingecart\/links-prueba\/\">Ver todos<\/a><\/p>\n","protected":false},"excerpt":{"rendered":"<p>Revistas cient\u00edficas (English) &nbsp; Ria\u00f1o, D., E. Chuvieco, S.L. Ustin, J. Salas, J.R. Rodr\u00edguez-P\u00e9rez, L.M. Ribeiro, D.X. Viegas, J.M. Moreno, and H. Fernandez (2007). Estimation of shrub height for fuel-type mapping combining airborne LiDAR and simultaneous color infrared ortho imaging.\u00a0International Journal of Wildland Fire,16, pp. 341-348. &nbsp; Castedo-Dorado, F., Di\u00e9guez-Aranda, U., Barrio, M., \u00c1lvarez Gonz\u00e1lez, [&hellip;]<\/p>\n","protected":false},"author":14,"featured_media":0,"parent":0,"menu_order":0,"comment_status":"closed","ping_status":"open","template":"","meta":{"footnotes":""},"class_list":["post-724","page","type-page","status-publish","hentry"],"_links":{"self":[{"href":"https:\/\/grupos.unileon.es\/ingecart\/wp-json\/wp\/v2\/pages\/724","targetHints":{"allow":["GET"]}}],"collection":[{"href":"https:\/\/grupos.unileon.es\/ingecart\/wp-json\/wp\/v2\/pages"}],"about":[{"href":"https:\/\/grupos.unileon.es\/ingecart\/wp-json\/wp\/v2\/types\/page"}],"author":[{"embeddable":true,"href":"https:\/\/grupos.unileon.es\/ingecart\/wp-json\/wp\/v2\/users\/14"}],"replies":[{"embeddable":true,"href":"https:\/\/grupos.unileon.es\/ingecart\/wp-json\/wp\/v2\/comments?post=724"}],"version-history":[{"count":9,"href":"https:\/\/grupos.unileon.es\/ingecart\/wp-json\/wp\/v2\/pages\/724\/revisions"}],"predecessor-version":[{"id":1383,"href":"https:\/\/grupos.unileon.es\/ingecart\/wp-json\/wp\/v2\/pages\/724\/revisions\/1383"}],"wp:attachment":[{"href":"https:\/\/grupos.unileon.es\/ingecart\/wp-json\/wp\/v2\/media?parent=724"}],"curies":[{"name":"wp","href":"https:\/\/api.w.org\/{rel}","templated":true}]}}