{"id":327,"date":"2016-06-09T14:58:21","date_gmt":"2016-06-09T14:58:21","guid":{"rendered":"http:\/\/grupos.unileon.es\/ingenieria-y-agricultura-sostenible\/?page_id=327"},"modified":"2022-01-31T08:16:02","modified_gmt":"2022-01-31T08:16:02","slug":"asignaturas","status":"publish","type":"page","link":"https:\/\/grupos.unileon.es\/ingenieria-y-agricultura-sostenible\/asignaturas\/","title":{"rendered":"Asignaturas"},"content":{"rendered":"<h2>Estudios: Grado<\/h2>\n<h4>GRADO EN INGENIER\u00cdA AGRAR\u00cdA<\/h4>\n<ul>\n<li><a href=\"https:\/\/www.unileon.es\/estudiantes\/estudiantes-grado\/oferta-de-estudios\/planes?id=0914012&amp;curso=2016\">FUNDAMENTOS DE PRODUCCI\u00d3N VEGETAL<\/a><\/li>\n<li><a href=\"https:\/\/www.unileon.es\/estudiantes\/estudiantes-grado\/oferta-de-estudios\/planes?id=0914054&amp;curso=2016\">PROTECCI\u00d3N DE CULTIVOS<\/a><\/li>\n<li><a href=\"https:\/\/www.unileon.es\/estudiantes\/estudiantes-grado\/oferta-de-estudios\/planes?id=0914055&amp;curso=2016\">ARBORICULTURA FRUTAL<\/a><\/li>\n<li><a href=\"https:\/\/www.unileon.es\/estudiantes\/estudiantes-grado\/oferta-de-estudios\/planes?id=0914056&amp;curso=2016\">CULTIVOS HERB\u00c1CEOS<\/a><\/li>\n<li><a href=\"https:\/\/www.unileon.es\/estudiantes\/estudiantes-grado\/oferta-de-estudios\/planes?id=0914100&amp;curso=2016\">DISE\u00d1O DE ESPACIOS VERDES Y DEPORTIVOS<\/a><\/li>\n<li><a href=\"https:\/\/www.unileon.es\/estudiantes\/estudiantes-grado\/oferta-de-estudios\/planes?id=0914103&amp;curso=2016\">PROTECCI\u00d3N DE CULTIVOS<\/a><\/li>\n<li><a href=\"https:\/\/www.unileon.es\/estudiantes\/estudiantes-grado\/oferta-de-estudios\/planes?id=0914104&amp;curso=2016\">TECNOLOG\u00cdA DE LA PRODUCCI\u00d3N PROTEGIDA<\/a><\/li>\n<li><a href=\"https:\/\/www.unileon.es\/estudiantes\/estudiantes-grado\/oferta-de-estudios\/planes?id=0914105&amp;curso=2016\">CULTIVOS FRUT\u00cdCOLAS<\/a><\/li>\n<li><a href=\"https:\/\/www.unileon.es\/estudiantes\/estudiantes-grado\/oferta-de-estudios\/planes?id=0914150&amp;curso=2016\">BIOTECNOLOG\u00cdA Y MICROBIOLOG\u00cdA GENERAL<\/a><\/li>\n<li><a href=\"https:\/\/www.unileon.es\/estudiantes\/estudiantes-grado\/oferta-de-estudios\/planes?id=0914156&amp;curso=2016\">CONTROL FITOSANITARIO POSRECOLECCI\u00d3N<\/a><\/li>\n<li><a href=\"https:\/\/www.unileon.es\/estudiantes\/estudiantes-grado\/oferta-de-estudios\/planes?id=0914066&amp;curso=2016\">CULTIVOS PROTEGIDOS<\/a><\/li>\n<li><a href=\"https:\/\/www.unileon.es\/estudiantes\/estudiantes-grado\/oferta-de-estudios\/planes?id=0914067&amp;curso=2016\">JARDINER\u00cdA, PAISAJISMO Y ESPACIOS DEPORTIVOS<\/a><\/li>\n<li><a href=\"https:\/\/www.unileon.es\/estudiantes\/estudiantes-grado\/oferta-de-estudios\/planes?id=0914068&amp;curso=2016\">MALHERBOLOG\u00cdA, PLAGAS Y ENFERMEDADES VEGETALES<\/a><\/li>\n<li><a href=\"https:\/\/www.unileon.es\/estudiantes\/estudiantes-grado\/oferta-de-estudios\/planes?id=0914075&amp;curso=2016\">VITICULTURA<\/a><\/li>\n<li><a href=\"https:\/\/www.unileon.es\/estudiantes\/estudiantes-grado\/oferta-de-estudios\/planes?id=0914110&amp;curso=2016\">CONTROL DE CALIDAD Y COMERCIALIZACI\u00d3N<\/a><\/li>\n<li><a href=\"https:\/\/www.unileon.es\/estudiantes\/estudiantes-grado\/oferta-de-estudios\/planes?id=0914125&amp;curso=2016\">PASCICULTURA<\/a><\/li>\n<li><a href=\"https:\/\/www.unileon.es\/estudiantes\/estudiantes-grado\/oferta-de-estudios\/planes?id=0914167&amp;curso=2016\">TECNOLOG\u00cdA POSTCOSECHA<\/a><\/li>\n<li><a href=\"https:\/\/www.unileon.es\/estudiantes\/estudiantes-grado\/oferta-de-estudios\/planes?id=0914173&amp;curso=2016\">FRUTICULTURA<\/a><\/li>\n<li><a href=\"https:\/\/www.unileon.es\/estudiantes\/estudiantes-grado\/oferta-de-estudios\/planes?id=0909034&amp;curso=2016\">JARDINER\u00cdA, PAISAJISMO Y ESPACIOS DEPORTIVOS<\/a><\/li>\n<li><a href=\"http:\/\/www.unileon.es\/estudiantes\/estudiantes-grado\/oferta-de-estudios20112012?id=0914125\">PASCICULTURA <\/a><\/li>\n<li><a href=\"http:\/\/www.unileon.es\/estudiantes\/estudiantes-grado\/oferta-de-estudios20112012?id=0914207\">CULTIVOS HORT\u00cdCOLAS <\/a><\/li>\n<li><a href=\"http:\/\/www.unileon.es\/estudiantes\/estudiantes-grado\/oferta-de-estudios20112012?id=0914208\">CULTIVOS LE\u00d1OSOS <\/a><\/li>\n<li><a href=\"https:\/\/www.unileon.es\/estudiantes\/oferta-academica\/grados\/grado-en-ingenieria-agraria\/plan-estudios?id=0914102&amp;cursoa=2021\">HIDROLOG\u00cdA SUPERFICIAL Y EROSI\u00d3N<\/a><\/li>\n<li><a href=\"https:\/\/www.unileon.es\/estudiantes\/oferta-academica\/grados\/grado-en-ingenieria-agraria\/plan-estudios?id=0914113&amp;cursoa=2021\">RESTAURACI\u00d3N AMBIENTAL Y DEL PAISAJE<\/a><\/li>\n<\/ul>\n<h4>GRADO INGENIER\u00cdA FORESTAL Y DEL MEDIO NATURAL<\/h4>\n<ul>\n<li><a href=\"http:\/\/www.unileon.es\/estudiantes\/estudiantes-grado\/oferta-de-estudios20112012?id=0912024\">ENFERMEDADES Y PLAGAS FORESTALES <\/a><\/li>\n<li><a href=\"http:\/\/www.unileon.es\/estudiantes\/estudiantes-grado\/oferta-de-estudios20112012?id=0912029\">APROVECHAMIENTOS FORESTALES <\/a><\/li>\n<li><a href=\"http:\/\/www.unileon.es\/estudiantes\/estudiantes-grado\/oferta-de-estudios20112012?id=0912042\">GESTI\u00f3N FORESTAL MEDITERR\u00e1NEA <\/a><\/li>\n<li><a href=\"http:\/\/www.unileon.es\/estudiantes\/estudiantes-grado\/oferta-de-estudios20112012?id=0912031\">JARDINER\u00edA Y VIVEROS <\/a><\/li>\n<li><a href=\"http:\/\/www.unileon.es\/estudiantes\/estudiantes-grado\/oferta-de-estudios20112012?id=0912032\">PASCICULTURA <\/a><\/li>\n<\/ul>\n<h4>GRADO EN BIOTECNOLOG\u00cdA<\/h4>\n<ul>\n<li><a href=\"http:\/\/www.unileon.es\/estudiantes\/estudiantes-grado\/oferta-de-estudios20112012?id=0208052\">METABOLITOS MICROBIANOS<\/a><\/li>\n<li><a href=\"https:\/\/www.unileon.es\/estudiantes\/estudiantes-grado\/oferta-de-estudios\/planes?id=0208015&amp;curso=2016\">BASES DE INGENIER\u00cdA<\/a><\/li>\n<\/ul>\n<h4>GRADO EN ENFERMER\u00cdA (LE\u00d3N Y PONFERRADA)<\/h4>\n<ul>\n<li><a href=\"http:\/\/www.unileon.es\/estudiantes\/estudiantes-grado\/oferta-de-estudios20112012?id=1105014\">MICROBIOLOGIA E INMUNOLOGIA<\/a><\/li>\n<\/ul>\n<h4>GRADO EN CIENCIAS AMBIENTALES<\/h4>\n<ul>\n<li><a href=\"https:\/\/www.unileon.es\/estudiantes\/estudiantes-grado\/oferta-de-estudios\/planes?id=0207011&amp;curso=2016\">BASES DE LA INGENIER\u00cdA AMBIENTAL<\/a><\/li>\n<li><a href=\"https:\/\/www.unileon.es\/estudiantes\/estudiantes-grado\/oferta-de-estudios\/planes?id=0207033&amp;curso=2016\">GESTI\u00d3N DE RESIDUOS<\/a><\/li>\n<\/ul>\n<p>&nbsp;<\/p>\n<h2>Estudios: Master Oficial<\/h2>\n<h4>M. U. EN RIESGOS NATURALES<\/h4>\n<ul>\n<li><a href=\"http:\/\/www.unileon.es\/estudiantes\/estudiantes-grado\/oferta-de-estudios20112012?id=0211019\">PLAGAS <\/a><\/li>\n<li><a href=\"http:\/\/www.unileon.es\/estudiantes\/estudiantes-grado\/oferta-de-estudios20112012?id=0211011\">RIESGOS DE DEGRADACI\u00d3N DEL SUELO Y EROSI\u00d3N <\/a><\/li>\n<\/ul>\n<h4>M. U. INCENDIOS FOREST. CIENCIA Y GEST. INTEGRAL<\/h4>\n<ul>\n<li><a href=\"http:\/\/www.unileon.es\/estudiantes\/estudiantes-grado\/oferta-de-estudios20112012?id=1721005\">ORDENACI\u00f3N Y DEFENSA DEL PAISAJE FORESTAL CONTRA INCENDIOS<\/a><\/li>\n<\/ul>\n<h4>M. U. INGENIER\u00cdA AGRON\u00d3MICA<\/h4>\n<ul>\n<li><a href=\"http:\/\/www.unileon.es\/estudiantes\/estudios\/oferta-de-estudios20112012?id=0913016\">AGRICULTURA ALTERNATIVA <\/a><\/li>\n<li><a href=\"http:\/\/www.unileon.es\/estudiantes\/estudios\/oferta-de-estudios20112012?id=0913014\">PRODUCCI\u00d3N DE CULTIVOS <\/a><\/li>\n<li><a href=\"http:\/\/www.unileon.es\/estudiantes\/estudios\/oferta-de-estudios20112012?id=0913007\">SISTEMAS DE PRODUCCI\u00d3N VEGETAL <\/a><\/li>\n<li><a href=\"http:\/\/www.unileon.es\/estudiantes\/estudios\/oferta-de-estudios20112012?id=0913015\">TECNOLOG\u00cdA Y PRODUCCI\u00d3N ORNAMENTAL <\/a><\/li>\n<li><a href=\"http:\/\/www.unileon.es\/estudiantes\/estudios\/oferta-de-estudios20112012?id=0913022\">INVESTIGACI\u00d3N Y DESARROLLO DE NUEVAS TECNOLOG\u00cdAS EN PRODUCCI\u00d3N VEGETAL <\/a><\/li>\n<li><a href=\"https:\/\/www.unileon.es\/estudiantes\/oferta-academica\/masteres\/mu-ingenieria-agronomica\/plan-estudios?id=0913011&amp;curso=2021\">HIDROLOG\u00cdA DE SUPERFICIE Y EROSI\u00d3N<\/a><\/li>\n<\/ul>\n<h4>M. U. INVEST. EN BIOLOGIA FUNDA. Y BIOMEDICINA<\/h4>\n<ul>\n<li><a href=\"http:\/\/www.unileon.es\/estudiantes\/estudiantes-grado\/oferta-de-estudios20112012?id=0212009\">CULTIVO E IDENTIFICACI\u00d3N DE MICROORGANISMOS <\/a><\/li>\n<\/ul>\n<p>&nbsp;<\/p>\n<p>&nbsp;<\/p>\n","protected":false},"excerpt":{"rendered":"<p>Estudios: Grado GRADO EN INGENIER\u00cdA AGRAR\u00cdA FUNDAMENTOS DE PRODUCCI\u00d3N VEGETAL PROTECCI\u00d3N DE CULTIVOS ARBORICULTURA FRUTAL CULTIVOS HERB\u00c1CEOS DISE\u00d1O DE ESPACIOS VERDES Y DEPORTIVOS PROTECCI\u00d3N DE CULTIVOS TECNOLOG\u00cdA DE LA PRODUCCI\u00d3N PROTEGIDA CULTIVOS FRUT\u00cdCOLAS BIOTECNOLOG\u00cdA Y MICROBIOLOG\u00cdA GENERAL CONTROL FITOSANITARIO POSRECOLECCI\u00d3N CULTIVOS PROTEGIDOS JARDINER\u00cdA, PAISAJISMO Y ESPACIOS DEPORTIVOS MALHERBOLOG\u00cdA, PLAGAS Y ENFERMEDADES VEGETALES VITICULTURA CONTROL DE [&hellip;]<\/p>\n","protected":false},"author":56,"featured_media":0,"parent":0,"menu_order":0,"comment_status":"closed","ping_status":"closed","template":"","meta":{"footnotes":""},"class_list":["post-327","page","type-page","status-publish","hentry"],"_links":{"self":[{"href":"https:\/\/grupos.unileon.es\/ingenieria-y-agricultura-sostenible\/wp-json\/wp\/v2\/pages\/327","targetHints":{"allow":["GET"]}}],"collection":[{"href":"https:\/\/grupos.unileon.es\/ingenieria-y-agricultura-sostenible\/wp-json\/wp\/v2\/pages"}],"about":[{"href":"https:\/\/grupos.unileon.es\/ingenieria-y-agricultura-sostenible\/wp-json\/wp\/v2\/types\/page"}],"author":[{"embeddable":true,"href":"https:\/\/grupos.unileon.es\/ingenieria-y-agricultura-sostenible\/wp-json\/wp\/v2\/users\/56"}],"replies":[{"embeddable":true,"href":"https:\/\/grupos.unileon.es\/ingenieria-y-agricultura-sostenible\/wp-json\/wp\/v2\/comments?post=327"}],"version-history":[{"count":18,"href":"https:\/\/grupos.unileon.es\/ingenieria-y-agricultura-sostenible\/wp-json\/wp\/v2\/pages\/327\/revisions"}],"predecessor-version":[{"id":1430,"href":"https:\/\/grupos.unileon.es\/ingenieria-y-agricultura-sostenible\/wp-json\/wp\/v2\/pages\/327\/revisions\/1430"}],"wp:attachment":[{"href":"https:\/\/grupos.unileon.es\/ingenieria-y-agricultura-sostenible\/wp-json\/wp\/v2\/media?parent=327"}],"curies":[{"name":"wp","href":"https:\/\/api.w.org\/{rel}","templated":true}]}}