{"id":404,"date":"2015-06-23T09:46:58","date_gmt":"2015-06-23T09:46:58","guid":{"rendered":"http:\/\/grupos.unileon.es\/jeanmonnetule\/?page_id=404"},"modified":"2015-07-28T12:13:30","modified_gmt":"2015-07-28T12:13:30","slug":"the-european-union-and-the-judicial-cooperation","status":"publish","type":"page","link":"https:\/\/grupos.unileon.es\/jeanmonnetule\/the-european-union-and-the-judicial-cooperation\/","title":{"rendered":"The European Union and the Judicial Cooperation"},"content":{"rendered":"<p style=\"text-align: center;\"><strong>ROUND TABLE ON JUDICIAL COOPERATION<\/strong><\/p>\n<p style=\"text-align: center;\"><a href=\"http:\/\/grupos.unileon.es\/jeanmonnetule\/files\/2015\/06\/noticias_97_1433490190.jpg\"><img loading=\"lazy\" decoding=\"async\" class=\"alignnone  wp-image-405\" src=\"http:\/\/grupos.unileon.es\/jeanmonnetule\/files\/2015\/06\/noticias_97_1433490190-300x115.jpg\" alt=\"noticias_97_1433490190\" width=\"506\" height=\"194\" srcset=\"https:\/\/grupos.unileon.es\/jeanmonnetule\/files\/2015\/06\/noticias_97_1433490190-300x115.jpg 300w, https:\/\/grupos.unileon.es\/jeanmonnetule\/files\/2015\/06\/noticias_97_1433490190.jpg 800w\" sizes=\"auto, (max-width: 506px) 100vw, 506px\" \/><\/a><\/p>\n<p>&nbsp;<\/p>\n<p>On the 4th of June 2015 we gratefully recieve:<\/p>\n<p><a id=\"irc_mil\" href=\"http:\/\/www.google.es\/url?sa=i&amp;rct=j&amp;q=&amp;esrc=s&amp;source=images&amp;cd=&amp;cad=rja&amp;uact=8&amp;ved=0CAcQjRxqFQoTCOjQr8Xl_cYCFUFpPgodN-0CVw&amp;url=http%3A%2F%2Fwww.diariodeleon.es%2Fnoticias%2Fopinion%2Fjuan-carlos-suarez-quinones_956501.html&amp;ei=C3G3VaifF8HS-QG32ou4BQ&amp;bvm=bv.98717601,d.eXY&amp;psig=AFQjCNEeD7A3zTQsHrsJOsmO4PklaMwtiQ&amp;ust=1438171766313753\" data-ved=\"0CAcQjRxqFQoTCOjQr8Xl_cYCFUFpPgodN-0CVw\"><img loading=\"lazy\" decoding=\"async\" id=\"irc_mi\" class=\" alignleft\" src=\"http:\/\/zetaestaticos.com\/leon\/img\/noticias\/0\/956\/956501_1.jpg\" alt=\"\" width=\"85\" height=\"82\" \/><\/a>Mr. Juan Carlos Su\u00e1rez-Qui\u00f1ones Fern\u00e1ndez, Delegate of the Government in Castilla and Le\u00f3n,<\/p>\n<p>&nbsp;<\/p>\n<p><a id=\"irc_mil\" href=\"https:\/\/www.google.es\/url?sa=i&amp;rct=j&amp;q=&amp;esrc=s&amp;source=images&amp;cd=&amp;cad=rja&amp;uact=8&amp;ved=0CAcQjRxqFQoTCNHYr9rl_cYCFYbZPgodIiIPOw&amp;url=https%3A%2F%2Fclubdeopinionsantiagoalba.wordpress.com%2Ftag%2Fjose-luis-concepcion-rodriguez%2F&amp;ei=N3G3VZHhGYaz-wGixLzYAw&amp;bvm=bv.98717601,d.eXY&amp;psig=AFQjCNGR1d7SLvAC3ysUCjIQPSqjDxCJyQ&amp;ust=1438171825771979\" data-ved=\"0CAcQjRxqFQoTCNHYr9rl_cYCFYbZPgodIiIPOw\"><img loading=\"lazy\" decoding=\"async\" id=\"irc_mi\" class=\" alignleft\" src=\"https:\/\/clubdeopinionsantiagoalba.files.wordpress.com\/2012\/11\/joseluisconcepcion-presidentetribunalsuperiorcyl.jpg?w=584\" alt=\"\" width=\"163\" height=\"70\" \/><\/a>Mr. Jos\u00e9 Luis Concepci\u00f3n Rodr\u00edguez, President of the Supreme Court of Justice in Castilla and Le\u00f3n,<\/p>\n<p>&nbsp;<\/p>\n<p><a id=\"irc_mil\" href=\"http:\/\/www.google.es\/url?sa=i&amp;rct=j&amp;q=&amp;esrc=s&amp;source=images&amp;cd=&amp;cad=rja&amp;uact=8&amp;ved=0CAcQjRxqFQoTCKvhlaTm_cYCFYxwPgod7wcFiQ&amp;url=http%3A%2F%2Fwww.diariodeleon.es%2Fnoticias%2Fafondo%2Fdecano-leon-insta-jueces-forzar-interpretacion-legal-evitar-desahucios_742370.html&amp;ei=0nG3VauwC4zh-QHvj5TICA&amp;bvm=bv.98717601,d.eXY&amp;psig=AFQjCNFGcAYRRmnArSQyzgyDpgFcftv0yA&amp;ust=1438171971456895\" data-ved=\"0CAcQjRxqFQoTCKvhlaTm_cYCFYxwPgod7wcFiQ\"><img loading=\"lazy\" decoding=\"async\" id=\"irc_mi\" class=\" alignleft\" src=\"http:\/\/zetaestaticos.com\/leon\/img\/noticias\/0\/742\/742370_1.jpg\" alt=\"\" width=\"163\" height=\"107\" \/><\/a>\u00a0Mr. Luis Alberto G\u00f3mez Garc\u00eda, Chief Judge in Le\u00f3n, to learn more about the European cooperation in terms of justice and the historic evolution of such cooperation.<\/p>\n<p>&nbsp;<\/p>\n<p>We could also better comprehend the Euopean legislation through the examination of real cases. Undoubtely it has been a really necessary process which still will be improve.<\/p>\n<p><a href=\"http:\/\/grupos.unileon.es\/jeanmonnetule\/files\/2015\/06\/noticias_97_1433490190.jpg\">\u00a0<\/a><\/p>\n<p>&nbsp;<\/p>\n<p><a id=\"irc_mil\" href=\"http:\/\/www.economistasleon.com\/ver_noticia.php?id=97\" data-ved=\"0CAcQjRxqFQoTCI2v5fPl_cYCFcNvPgodnq8BrA\"><img loading=\"lazy\" decoding=\"async\" id=\"irc_mi\" src=\"http:\/\/www.economistasleon.com\/fotos\/noticias_97_1433490044.jpg\" alt=\"\" width=\"233\" height=\"212\" \/><\/a><\/p>\n<p>&nbsp;<\/p>\n","protected":false},"excerpt":{"rendered":"<p>ROUND TABLE ON JUDICIAL COOPERATION &nbsp; On the 4th of June 2015 we gratefully recieve: Mr. Juan Carlos Su\u00e1rez-Qui\u00f1ones Fern\u00e1ndez, Delegate of the Government in Castilla and Le\u00f3n, &nbsp; Mr. Jos\u00e9 Luis Concepci\u00f3n Rodr\u00edguez, President of the Supreme Court of Justice in Castilla and Le\u00f3n, &nbsp; \u00a0Mr. Luis Alberto G\u00f3mez Garc\u00eda, Chief Judge in Le\u00f3n, [&hellip;]<\/p>\n","protected":false},"author":36,"featured_media":0,"parent":0,"menu_order":0,"comment_status":"closed","ping_status":"closed","template":"","meta":{"footnotes":""},"class_list":["post-404","page","type-page","status-publish","hentry"],"_links":{"self":[{"href":"https:\/\/grupos.unileon.es\/jeanmonnetule\/wp-json\/wp\/v2\/pages\/404","targetHints":{"allow":["GET"]}}],"collection":[{"href":"https:\/\/grupos.unileon.es\/jeanmonnetule\/wp-json\/wp\/v2\/pages"}],"about":[{"href":"https:\/\/grupos.unileon.es\/jeanmonnetule\/wp-json\/wp\/v2\/types\/page"}],"author":[{"embeddable":true,"href":"https:\/\/grupos.unileon.es\/jeanmonnetule\/wp-json\/wp\/v2\/users\/36"}],"replies":[{"embeddable":true,"href":"https:\/\/grupos.unileon.es\/jeanmonnetule\/wp-json\/wp\/v2\/comments?post=404"}],"version-history":[{"count":3,"href":"https:\/\/grupos.unileon.es\/jeanmonnetule\/wp-json\/wp\/v2\/pages\/404\/revisions"}],"predecessor-version":[{"id":469,"href":"https:\/\/grupos.unileon.es\/jeanmonnetule\/wp-json\/wp\/v2\/pages\/404\/revisions\/469"}],"wp:attachment":[{"href":"https:\/\/grupos.unileon.es\/jeanmonnetule\/wp-json\/wp\/v2\/media?parent=404"}],"curies":[{"name":"wp","href":"https:\/\/api.w.org\/{rel}","templated":true}]}}