{"id":25,"date":"2023-01-26T13:06:29","date_gmt":"2023-01-26T13:06:29","guid":{"rendered":"https:\/\/grupos.unileon.es\/junta-pas\/?page_id=25"},"modified":"2025-02-05T09:53:37","modified_gmt":"2025-02-05T09:53:37","slug":"comunicaciones-y-otras-informaciones","status":"publish","type":"page","link":"https:\/\/grupos.unileon.es\/junta-pas\/comunicaciones-y-otras-informaciones\/","title":{"rendered":"Comunicaciones y otras informaciones"},"content":{"rendered":"<div class=\"content\">\n<div class=\"field field--name-body field--type-text-with-summary field--label-hidden field--item\" property=\"schema:text\">\n<table>\n<tbody>\n<tr>\n<th>Fecha<\/th>\n<th>T\u00edtulo<\/th>\n<th>Descripci\u00f3n<\/th>\n<\/tr>\n<tr>\n<\/tr>\n<tr>\n<td>05\/05\/2009<\/td>\n<td>COMISIONES DE SERVICIOS<\/td>\n<td><a href=\"https:\/\/www.unileon.es\/modelos\/archivo\/junta\/20090405115828PROPUESTAJUNTA.doc\">PROPUESTA DE ACUERDO REMITIDO POR LA JUNTA DE PERSONAL PARA LA COBERTURA DE PUESTOS EN COMISI\u00d3N DE SERVICIOS<\/a><\/td>\n<\/tr>\n<tr>\n<td>21\/09\/2007<\/td>\n<td>DELEGADOS DE PREVENCI\u00d3N DE RIESGOS LABORALES <\/td>\n<td><a href=\"\">DESIGNADOS POR LA JUNTA DE PAS FUNCIONARIO:<br \/>\n            Alejandro VALDERAS ALONSO<br \/>\n            Ana ROBLES CAMPILLO<br \/>\n            David ORTEGA DIEZ<br \/>\n            <\/a><\/td>\n<\/tr>\n<tr>\n<td>04\/02\/2025<\/td>\n<td>PRUDUCTIVIDAD: M\u00d3DULO VARIABLE<\/td>\n<td><a href=\"https:\/\/www.unileon.es\/files\/2025-02\/resolucion_actualizacion_criterios_productividad_vadiable_ptgas20250402.pdf\">Resoluci\u00f3n de la Gerencia por la que se actualizan los criterios de asignaci\u00f3n del m\u00f3dulo de productividad variable al Personal T\u00e9cnico, de Gesti\u00f3n y de Administraci\u00f3n y Servicios funcionario de la Universidad de Le\u00f3n<\/a><\/td>\n<\/tr>\n<\/tbody>\n<\/table><\/div>\n<\/div>\n","protected":false},"excerpt":{"rendered":"<p>Fecha T\u00edtulo Descripci\u00f3n 05\/05\/2009 COMISIONES DE SERVICIOS PROPUESTA DE ACUERDO REMITIDO POR LA JUNTA DE PERSONAL PARA LA COBERTURA DE PUESTOS EN COMISI\u00d3N DE SERVICIOS 21\/09\/2007 DELEGADOS DE PREVENCI\u00d3N DE RIESGOS LABORALES DESIGNADOS POR LA JUNTA DE PAS FUNCIONARIO: Alejandro VALDERAS ALONSO Ana ROBLES CAMPILLO David ORTEGA DIEZ 04\/02\/2025 PRUDUCTIVIDAD: M\u00d3DULO VARIABLE Resoluci\u00f3n de la [&hellip;]<\/p>\n","protected":false},"author":50,"featured_media":0,"parent":0,"menu_order":0,"comment_status":"closed","ping_status":"closed","template":"","meta":{"footnotes":""},"class_list":["post-25","page","type-page","status-publish","hentry"],"_links":{"self":[{"href":"https:\/\/grupos.unileon.es\/junta-pas\/wp-json\/wp\/v2\/pages\/25","targetHints":{"allow":["GET"]}}],"collection":[{"href":"https:\/\/grupos.unileon.es\/junta-pas\/wp-json\/wp\/v2\/pages"}],"about":[{"href":"https:\/\/grupos.unileon.es\/junta-pas\/wp-json\/wp\/v2\/types\/page"}],"author":[{"embeddable":true,"href":"https:\/\/grupos.unileon.es\/junta-pas\/wp-json\/wp\/v2\/users\/50"}],"replies":[{"embeddable":true,"href":"https:\/\/grupos.unileon.es\/junta-pas\/wp-json\/wp\/v2\/comments?post=25"}],"version-history":[{"count":3,"href":"https:\/\/grupos.unileon.es\/junta-pas\/wp-json\/wp\/v2\/pages\/25\/revisions"}],"predecessor-version":[{"id":121,"href":"https:\/\/grupos.unileon.es\/junta-pas\/wp-json\/wp\/v2\/pages\/25\/revisions\/121"}],"wp:attachment":[{"href":"https:\/\/grupos.unileon.es\/junta-pas\/wp-json\/wp\/v2\/media?parent=25"}],"curies":[{"name":"wp","href":"https:\/\/api.w.org\/{rel}","templated":true}]}}