{"id":35,"date":"2023-01-26T13:11:17","date_gmt":"2023-01-26T13:11:17","guid":{"rendered":"https:\/\/grupos.unileon.es\/junta-pas\/?page_id=35"},"modified":"2023-01-26T13:11:17","modified_gmt":"2023-01-26T13:11:17","slug":"normativa-y-legislacion","status":"publish","type":"page","link":"https:\/\/grupos.unileon.es\/junta-pas\/normativa-y-legislacion\/","title":{"rendered":"Normativa y Legislaci\u00f3n"},"content":{"rendered":"<div class=\"content\">\n<div class=\"field field--name-body field--type-text-with-summary field--label-hidden field--item\" property=\"schema:text\">\n<p><a href=\"https:\/\/www.unileon.es\/intranet\/pas\/junta\/ley_30.pdf\">Ley 30\/92, de 26 de noviembre, de R\u00e9gimen Jur\u00eddico de las Administraciones P\u00fablicas y del Procedimiento Administrativo Com\u00fan<\/a><\/p>\n<p><a href=\"https:\/\/www.unileon.es\/intranet\/pas\/junta\/ley_4.pdf\">Ley 4\/1999, de modificaci\u00f3n de la Ley 30\/1992, de 26 de noviembre, de R\u00e9gimen Jur\u00eddico de las Administraciones P\u00fablicas y del Procedimiento Administrativo Com\u00fan<\/a><\/p>\n<p><a href=\"https:\/\/www.unileon.es\/intranet\/pas\/junta\/ley_39.pdf\">Ley 39\/1999, de 5 de noviembre, para promover la conciliaci\u00f3n de la vida familiar y laboral de las personas trabajadoras<\/a><\/p>\n<p><a href=\"https:\/\/www.unileon.es\/intranet\/pas\/junta\/ley_o_libertad_sindical.pdf\">Ley Org\u00e1nica 11\/1985, de 2 de agosto, de Libertad Sindical<\/a><\/p>\n<p><a href=\"https:\/\/www.unileon.es\/intranet\/pas\/junta\/rd_1251.pdf\">Real Decreto 1251\/2001, de 16 de noviembre, por el que se regulan las prestaciones econ\u00f3micas del sistema de la Seguridad Social por maternidad y riesgo durante el embarazo<\/a><\/p>\n<\/p><\/div>\n<\/div>\n","protected":false},"excerpt":{"rendered":"<p>Ley 30\/92, de 26 de noviembre, de R\u00e9gimen Jur\u00eddico de las Administraciones P\u00fablicas y del Procedimiento Administrativo Com\u00fan Ley 4\/1999, de modificaci\u00f3n de la Ley 30\/1992, de 26 de noviembre, de R\u00e9gimen Jur\u00eddico de las Administraciones P\u00fablicas y del Procedimiento Administrativo Com\u00fan Ley 39\/1999, de 5 de noviembre, para promover la conciliaci\u00f3n de la vida [&hellip;]<\/p>\n","protected":false},"author":50,"featured_media":0,"parent":0,"menu_order":0,"comment_status":"closed","ping_status":"closed","template":"","meta":{"footnotes":""},"class_list":["post-35","page","type-page","status-publish","hentry"],"_links":{"self":[{"href":"https:\/\/grupos.unileon.es\/junta-pas\/wp-json\/wp\/v2\/pages\/35","targetHints":{"allow":["GET"]}}],"collection":[{"href":"https:\/\/grupos.unileon.es\/junta-pas\/wp-json\/wp\/v2\/pages"}],"about":[{"href":"https:\/\/grupos.unileon.es\/junta-pas\/wp-json\/wp\/v2\/types\/page"}],"author":[{"embeddable":true,"href":"https:\/\/grupos.unileon.es\/junta-pas\/wp-json\/wp\/v2\/users\/50"}],"replies":[{"embeddable":true,"href":"https:\/\/grupos.unileon.es\/junta-pas\/wp-json\/wp\/v2\/comments?post=35"}],"version-history":[{"count":1,"href":"https:\/\/grupos.unileon.es\/junta-pas\/wp-json\/wp\/v2\/pages\/35\/revisions"}],"predecessor-version":[{"id":36,"href":"https:\/\/grupos.unileon.es\/junta-pas\/wp-json\/wp\/v2\/pages\/35\/revisions\/36"}],"wp:attachment":[{"href":"https:\/\/grupos.unileon.es\/junta-pas\/wp-json\/wp\/v2\/media?parent=35"}],"curies":[{"name":"wp","href":"https:\/\/api.w.org\/{rel}","templated":true}]}}

Normativa y Legislación

<div class="content">
<div class="field field--name-body field--type-text-with-summary field--label-hidden field--item" property="schema:text">
<p><a href="https://www.unileon.es/intranet/pas/junta/ley_30.pdf">Ley 30/92, de 26 de noviembre, de Régimen Jurídico de las Administraciones Públicas y del Procedimiento Administrativo Común</a></p>
<p><a href="https://www.unileon.es/intranet/pas/junta/ley_4.pdf">Ley 4/1999, de modificación de la Ley 30/1992, de 26 de noviembre, de Régimen Jurídico de las Administraciones Públicas y del Procedimiento Administrativo Común</a></p>
<p><a href="https://www.unileon.es/intranet/pas/junta/ley_39.pdf">Ley 39/1999, de 5 de noviembre, para promover la conciliación de la vida familiar y laboral de las personas trabajadoras</a></p>
<p><a href="https://www.unileon.es/intranet/pas/junta/ley_o_libertad_sindical.pdf">Ley Orgánica 11/1985, de 2 de agosto, de Libertad Sindical</a></p>
<p><a href="https://www.unileon.es/intranet/pas/junta/rd_1251.pdf">Real Decreto 1251/2001, de 16 de noviembre, por el que se regulan las prestaciones económicas del sistema de la Seguridad Social por maternidad y riesgo durante el embarazo</a></p>
</p></div>
</div>

<p>Ley 30/92, de 26 de noviembre, de Régimen Jurídico de las Administraciones Públicas y del Procedimiento Administrativo Común Ley 4/1999, de modificación de la Ley 30/1992, de 26 de noviembre, de Régimen Jurídico de las Administraciones Públicas y del Procedimiento Administrativo Común Ley 39/1999, de 5 de noviembre, para promover la conciliación de la vida [&hellip;]</p>
