{"id":30,"date":"2015-07-20T11:58:14","date_gmt":"2015-07-20T11:58:14","guid":{"rendered":"http:\/\/grupos.unileon.es\/junta-pdi\/?page_id=30"},"modified":"2024-12-19T10:31:04","modified_gmt":"2024-12-19T10:31:04","slug":"representantes-de-la-jpdi-en-las-comisiones-de-la-ule","status":"publish","type":"page","link":"https:\/\/grupos.unileon.es\/junta-pdi\/representantes-de-la-jpdi-en-las-comisiones-de-la-ule\/","title":{"rendered":"Representantes de la JPDI en las Comisiones de la ULE"},"content":{"rendered":"<p><strong>Comisi\u00f3n delegada de PDI de Consejo Gobierno<\/strong><br \/>Ana Carvajal Urue\u00f1a<br \/><em>Suplente:<\/em> Victor Gonz\u00e1lez Castro<\/p>\n<p><strong>Comisi\u00f3n de anticipos reintegrables<\/strong><br \/>Victor Gonz\u00e1lez Castro<br \/><em>Suplente:<\/em> Ana Carvajal Urue\u00f1a<\/p>\n<p><strong>Comisi\u00f3n de evaluaci\u00f3n de la actividad docente<\/strong><br \/>Mar\u00eda Carmen Acedo Casado<br \/><em>Suplente:<\/em> Jos\u00e9 Ramiro Gonz\u00e1lez Monta\u00f1a<\/p>\n<p><strong>Comisi\u00f3n de formaci\u00f3n<\/strong><br \/>Mar\u00eda Jos\u00e9 Cano R\u00e1bano y Jos\u00e9 Ramiro Gonz\u00e1lez Monta\u00f1a<br \/><em>Suplentes:<\/em> Ana Carvajal Urue\u00f1a y Antonio Jos\u00e9 Molina de la Torre<\/p>\n<p><strong>Comisi\u00f3n de movilidad<\/strong><br \/>Ana Mar\u00eda Sahag\u00fan Prieto<br \/><em>Suplente: <\/em>Mar\u00eda Jos\u00e9 Cano R\u00e1bano<\/p>\n<p><strong>Comit\u00e9 de seguridad y salud<\/strong><br \/>Roberto Fern\u00e1ndez Fern\u00e1ndez, Mar\u00eda Carmen Acedo Casado y Alicia Ester Serantes G\u00f3mezz<br \/><em>Suplentes: <\/em>Ana Mar\u00eda Sahag\u00fan Prieto, Enrique Javier D\u00edez Guti\u00e9rrez y Jos\u00e9 Antonio Rodr\u00edguez Marroyo<\/p>\n","protected":false},"excerpt":{"rendered":"<p>Comisi\u00f3n delegada de PDI de Consejo GobiernoAna Carvajal Urue\u00f1aSuplente: Victor Gonz\u00e1lez Castro Comisi\u00f3n de anticipos reintegrablesVictor Gonz\u00e1lez CastroSuplente: Ana Carvajal Urue\u00f1a Comisi\u00f3n de evaluaci\u00f3n de la actividad docenteMar\u00eda Carmen Acedo CasadoSuplente: Jos\u00e9 Ramiro Gonz\u00e1lez Monta\u00f1a Comisi\u00f3n de formaci\u00f3nMar\u00eda Jos\u00e9 Cano R\u00e1bano y Jos\u00e9 Ramiro Gonz\u00e1lez Monta\u00f1aSuplentes: Ana Carvajal Urue\u00f1a y Antonio Jos\u00e9 Molina de la [&hellip;]<\/p>\n","protected":false},"author":44,"featured_media":0,"parent":0,"menu_order":0,"comment_status":"closed","ping_status":"closed","template":"","meta":{"footnotes":""},"class_list":["post-30","page","type-page","status-publish","hentry"],"_links":{"self":[{"href":"https:\/\/grupos.unileon.es\/junta-pdi\/wp-json\/wp\/v2\/pages\/30","targetHints":{"allow":["GET"]}}],"collection":[{"href":"https:\/\/grupos.unileon.es\/junta-pdi\/wp-json\/wp\/v2\/pages"}],"about":[{"href":"https:\/\/grupos.unileon.es\/junta-pdi\/wp-json\/wp\/v2\/types\/page"}],"author":[{"embeddable":true,"href":"https:\/\/grupos.unileon.es\/junta-pdi\/wp-json\/wp\/v2\/users\/44"}],"replies":[{"embeddable":true,"href":"https:\/\/grupos.unileon.es\/junta-pdi\/wp-json\/wp\/v2\/comments?post=30"}],"version-history":[{"count":15,"href":"https:\/\/grupos.unileon.es\/junta-pdi\/wp-json\/wp\/v2\/pages\/30\/revisions"}],"predecessor-version":[{"id":99,"href":"https:\/\/grupos.unileon.es\/junta-pdi\/wp-json\/wp\/v2\/pages\/30\/revisions\/99"}],"wp:attachment":[{"href":"https:\/\/grupos.unileon.es\/junta-pdi\/wp-json\/wp\/v2\/media?parent=30"}],"curies":[{"name":"wp","href":"https:\/\/api.w.org\/{rel}","templated":true}]}}

<p><strong>Comisión delegada de PDI de Consejo Gobierno</strong><br />Ana Carvajal Urueña<br /><em>Suplente:</em> Victor González Castro</p>
<p><strong>Comisión de anticipos reintegrables</strong><br />Victor González Castro<br /><em>Suplente:</em> Ana Carvajal Urueña</p>
<p><strong>Comisión de evaluación de la actividad docente</strong><br />María Carmen Acedo Casado<br /><em>Suplente:</em> José Ramiro González Montaña</p>
<p><strong>Comisión de formación</strong><br />María José Cano Rábano y José Ramiro González Montaña<br /><em>Suplentes:</em> Ana Carvajal Urueña y Antonio José Molina de la Torre</p>
<p><strong>Comisión de movilidad</strong><br />Ana María Sahagún Prieto<br /><em>Suplente: </em>María José Cano Rábano</p>
<p><strong>Comité de seguridad y salud</strong><br />Roberto Fernández Fernández, María Carmen Acedo Casado y Alicia Ester Serantes Gómezz<br /><em>Suplentes: </em>Ana María Sahagún Prieto, Enrique Javier Díez Gutiérrez y José Antonio Rodríguez Marroyo</p>

<p>Comisión delegada de PDI de Consejo GobiernoAna Carvajal UrueñaSuplente: Victor González Castro Comisión de anticipos reintegrablesVictor González CastroSuplente: Ana Carvajal Urueña Comisión de evaluación de la actividad docenteMaría Carmen Acedo CasadoSuplente: José Ramiro González Montaña Comisión de formaciónMaría José Cano Rábano y José Ramiro González MontañaSuplentes: Ana Carvajal Urueña y Antonio José Molina de la [&hellip;]</p>
