{"id":47,"date":"2016-06-13T17:49:45","date_gmt":"2016-06-13T17:49:45","guid":{"rendered":"http:\/\/grupos.unileon.es\/master-en-adicciones\/?page_id=47"},"modified":"2022-07-04T14:21:02","modified_gmt":"2022-07-04T12:21:02","slug":"contacto","status":"publish","type":"page","link":"https:\/\/grupos.unileon.es\/master-en-adicciones\/contacto\/","title":{"rendered":"Contacto"},"content":{"rendered":"<p>Correos electr\u00f3nicos:<\/p>\n<p>MasteradiccionesULE@fundacioncals.org<\/p>\n<p>ulemadic@unileon.es<\/p>\n<p>Coordinaci\u00f3n:<\/p>\n<p>Tania Paz Ram\u00f3n<\/p>\n<p>Secretaria: Selene telefono 664214495<\/p>\n","protected":false},"excerpt":{"rendered":"<p>Correos electr\u00f3nicos: MasteradiccionesULE@fundacioncals.org ulemadic@unileon.es Coordinaci\u00f3n: Tania Paz Ram\u00f3n Secretaria: Selene telefono 664214495<\/p>\n","protected":false},"author":65,"featured_media":0,"parent":0,"menu_order":0,"comment_status":"closed","ping_status":"closed","template":"","meta":{"footnotes":""},"class_list":["post-47","page","type-page","status-publish","hentry"],"_links":{"self":[{"href":"https:\/\/grupos.unileon.es\/master-en-adicciones\/wp-json\/wp\/v2\/pages\/47","targetHints":{"allow":["GET"]}}],"collection":[{"href":"https:\/\/grupos.unileon.es\/master-en-adicciones\/wp-json\/wp\/v2\/pages"}],"about":[{"href":"https:\/\/grupos.unileon.es\/master-en-adicciones\/wp-json\/wp\/v2\/types\/page"}],"author":[{"embeddable":true,"href":"https:\/\/grupos.unileon.es\/master-en-adicciones\/wp-json\/wp\/v2\/users\/65"}],"replies":[{"embeddable":true,"href":"https:\/\/grupos.unileon.es\/master-en-adicciones\/wp-json\/wp\/v2\/comments?post=47"}],"version-history":[{"count":6,"href":"https:\/\/grupos.unileon.es\/master-en-adicciones\/wp-json\/wp\/v2\/pages\/47\/revisions"}],"predecessor-version":[{"id":121,"href":"https:\/\/grupos.unileon.es\/master-en-adicciones\/wp-json\/wp\/v2\/pages\/47\/revisions\/121"}],"wp:attachment":[{"href":"https:\/\/grupos.unileon.es\/master-en-adicciones\/wp-json\/wp\/v2\/media?parent=47"}],"curies":[{"name":"wp","href":"https:\/\/api.w.org\/{rel}","templated":true}]}}