{"id":17,"date":"2016-01-29T11:52:44","date_gmt":"2016-01-29T11:52:44","guid":{"rendered":"http:\/\/grupos.unileon.es\/masterbiologia\/?page_id=17"},"modified":"2017-10-11T14:26:38","modified_gmt":"2017-10-11T14:26:38","slug":"salidas-profesionales","status":"publish","type":"page","link":"https:\/\/grupos.unileon.es\/masterbiologia\/salidas-profesionales\/","title":{"rendered":"Salidas profesionales"},"content":{"rendered":"<p>El M\u00e1ster facilita un entrenamiento de trabajo en el laboratorio, experiencia en el manejo de animales de experimentaci\u00f3n, el conocimiento de las t\u00e9cnicas de investigaci\u00f3n actuales en ciencias de la vida, el uso de herramientas bioinform\u00e1ticas y la redacci\u00f3n y exposici\u00f3n de documentos cient\u00edficos.<\/p>\n<p>La titulaci\u00f3n en este M\u00e1ster permitir\u00e1 el acceso a los puestos de investigaci\u00f3n en los que se exija el periodo de formaci\u00f3n de un programa de doctorado. Este M\u00e1ster permite el acceso directo a la parte experimental de los estudios de doctorado en los programas de posgrado de Biolog\u00eda Molecular y Biomedicina de la Universidad de Le\u00f3n o de algunos programas de doctorado de otras Universidades.<\/p>\n<p>&nbsp;<\/p>\n<div id=\"link64_adl_tabid\" style=\"display: none;\" data-url=\"http:\/\/grupos.unileon.es\/masterbiologia\/wp-admin\/post.php?post=17&amp;action=edit\">754<\/div>\n","protected":false},"excerpt":{"rendered":"<p>El M\u00e1ster facilita un entrenamiento de trabajo en el laboratorio, experiencia en el manejo de animales de experimentaci\u00f3n, el conocimiento de las t\u00e9cnicas de investigaci\u00f3n actuales en ciencias de la vida, el uso de herramientas bioinform\u00e1ticas y la redacci\u00f3n y exposici\u00f3n de documentos cient\u00edficos. La titulaci\u00f3n en este M\u00e1ster permitir\u00e1 el acceso a los puestos [&hellip;]<\/p>\n","protected":false},"author":52,"featured_media":0,"parent":0,"menu_order":0,"comment_status":"closed","ping_status":"closed","template":"","meta":{"footnotes":""},"class_list":["post-17","page","type-page","status-publish","hentry"],"_links":{"self":[{"href":"https:\/\/grupos.unileon.es\/masterbiologia\/wp-json\/wp\/v2\/pages\/17","targetHints":{"allow":["GET"]}}],"collection":[{"href":"https:\/\/grupos.unileon.es\/masterbiologia\/wp-json\/wp\/v2\/pages"}],"about":[{"href":"https:\/\/grupos.unileon.es\/masterbiologia\/wp-json\/wp\/v2\/types\/page"}],"author":[{"embeddable":true,"href":"https:\/\/grupos.unileon.es\/masterbiologia\/wp-json\/wp\/v2\/users\/52"}],"replies":[{"embeddable":true,"href":"https:\/\/grupos.unileon.es\/masterbiologia\/wp-json\/wp\/v2\/comments?post=17"}],"version-history":[{"count":10,"href":"https:\/\/grupos.unileon.es\/masterbiologia\/wp-json\/wp\/v2\/pages\/17\/revisions"}],"predecessor-version":[{"id":309,"href":"https:\/\/grupos.unileon.es\/masterbiologia\/wp-json\/wp\/v2\/pages\/17\/revisions\/309"}],"wp:attachment":[{"href":"https:\/\/grupos.unileon.es\/masterbiologia\/wp-json\/wp\/v2\/media?parent=17"}],"curies":[{"name":"wp","href":"https:\/\/api.w.org\/{rel}","templated":true}]}}