{"id":20,"date":"2016-01-29T11:53:44","date_gmt":"2016-01-29T11:53:44","guid":{"rendered":"http:\/\/grupos.unileon.es\/masterbiologia\/?page_id=20"},"modified":"2020-07-27T11:16:50","modified_gmt":"2020-07-27T11:16:50","slug":"oferta-formativa","status":"publish","type":"page","link":"https:\/\/grupos.unileon.es\/masterbiologia\/oferta-formativa\/","title":{"rendered":"Oferta formativa"},"content":{"rendered":"<p>Este M\u00e1ster tiene una duraci\u00f3n de 9 meses (octubre a julio). Los estudiantes deben cursar un m\u00ednimo de 60 ECTS, de los cuales 30 corresponden al Trabajo de Fin de M\u00e1ster y el resto pueden seleccionarse entre las diferentes materias que se ofrecen:<\/p>\n<p>BASES DE LA EXPERIMENTACI\u00d3N ANIMAL (<a href=\"http:\/\/grupos.unileon.es\/masterbiologia\/bases-de-la-experimentacion-animal-foundations-of-animal-experimentation\/\">m\u00e1s informaci\u00f3n<\/a>)<br \/>\nAMPLIACI\u00d3N DE EXPERIMENTACI\u00d3N ANIMAL (m\u00e1s informaci\u00f3n)<br \/>\n*M\u00c9TODOS DE ESTUDIO DE \u00c1CIDOS NUCLEICOS (<a href=\"http:\/\/grupos.unileon.es\/masterbiologia\/metodos-de-estudio-de-acidos-nucleicos-nucleic-acid-methods\/\">m\u00e1s informaci\u00f3n<\/a>)<br \/>\n*M\u00c9TODOS DE ESTUDIO DE PROTE\u00cdNAS (<a href=\"http:\/\/grupos.unileon.es\/masterbiologia\/metodos-de-estudio-de-proteinas-protein-methods\/\">m\u00e1s informaci\u00f3n<\/a>)<br \/>\nAN\u00c1LISIS DE DATOS (<a href=\"http:\/\/grupos.unileon.es\/masterbiologia\/analisis-de-datos-data-analysis\/\">m\u00e1s informaci\u00f3n<\/a>)<br \/>\nAN\u00c1LISIS DE F\u00c1RMACOS, CARBOHIDRATOS Y COMPUESTOS FEN\u00d3LICOS (<a href=\"http:\/\/grupos.unileon.es\/masterbiologia\/analisis-de-farmacos-carbohidratos-y-compuestos-fenolicos-analysis-of-drugs-carbohydrates-and-phenolics\/\">m\u00e1s informaci\u00f3n<\/a>)<br \/>\nAPLICACIONES BIOTECNOL\u00d3GICAS DE CULTIVOS CELULARES (m\u00e1s informaci\u00f3n)<br \/>\nENSAYOS DE \u00d3RGANO AISLADO (m\u00e1s informaci\u00f3n)<br \/>\nAN\u00c1LISIS DE ENFERMEDADES GEN\u00c9TICAS (<a href=\"http:\/\/grupos.unileon.es\/masterbiologia\/analisis-de-enfermedades-geneticas\/\">m\u00e1s informaci\u00f3n<\/a>)<br \/>\nINGENIER\u00cdA GEN\u00c9TICA (<a href=\"http:\/\/grupos.unileon.es\/masterbiologia\/ingenieria-genetica-genetic-engineering\/\">m\u00e1s informaci\u00f3n<\/a>)<br \/>\nGEN\u00d3MICA Y PROTE\u00d3MICA (m\u00e1s informaci\u00f3n)<\/p>\n<p>La mayor\u00eda de las materias son optativas (* son obligatorias) pero cada proyecto requiere elementos obligatorios considerados imprescindibles para realizar el proyecto del Trabajo de Fin de M\u00e1ster. Cada estudiante tendr\u00e1 un supervisor\/director de proyecto que actuar\u00e1 tambi\u00e9n de tutor a lo largo del curso.<\/p>\n<p>La docencia ser\u00e1 presencial y estar\u00e1 soportada en gran parte en la <a href=\"https:\/\/agora.unileon.es\" target=\"_blank\" rel=\"noopener noreferrer\">plataforma Moodle institucional<\/a> donde se proporcionar\u00e1 informaci\u00f3n complementaria.<\/p>\n<p>Antes de formalizar la matr\u00edcula es recomendable que los futuros alumnos contacten con los profesores del M\u00e1ster para elegir su Trabajo de Fin de M\u00e1ster.<\/p>\n<p>El Trabajo de Fin de M\u00e1ster se desarrollar\u00e1 durante todas las ma\u00f1anas (octubre a junio) en el laboratorio del supervisor del proyecto de investigaci\u00f3n.<\/p>\n<div id=\"link64_adl_tabid\" style=\"display: none;\" data-url=\"http:\/\/grupos.unileon.es\/masterbiologia\/wp-admin\/post.php?post=20&amp;action=edit\">756<\/div>\n","protected":false},"excerpt":{"rendered":"<p>Este M\u00e1ster tiene una duraci\u00f3n de 9 meses (octubre a julio). Los estudiantes deben cursar un m\u00ednimo de 60 ECTS, de los cuales 30 corresponden al Trabajo de Fin de M\u00e1ster y el resto pueden seleccionarse entre las diferentes materias que se ofrecen: BASES DE LA EXPERIMENTACI\u00d3N ANIMAL (m\u00e1s informaci\u00f3n) AMPLIACI\u00d3N DE EXPERIMENTACI\u00d3N ANIMAL (m\u00e1s [&hellip;]<\/p>\n","protected":false},"author":52,"featured_media":0,"parent":0,"menu_order":0,"comment_status":"closed","ping_status":"closed","template":"","meta":{"footnotes":""},"class_list":["post-20","page","type-page","status-publish","hentry"],"_links":{"self":[{"href":"https:\/\/grupos.unileon.es\/masterbiologia\/wp-json\/wp\/v2\/pages\/20","targetHints":{"allow":["GET"]}}],"collection":[{"href":"https:\/\/grupos.unileon.es\/masterbiologia\/wp-json\/wp\/v2\/pages"}],"about":[{"href":"https:\/\/grupos.unileon.es\/masterbiologia\/wp-json\/wp\/v2\/types\/page"}],"author":[{"embeddable":true,"href":"https:\/\/grupos.unileon.es\/masterbiologia\/wp-json\/wp\/v2\/users\/52"}],"replies":[{"embeddable":true,"href":"https:\/\/grupos.unileon.es\/masterbiologia\/wp-json\/wp\/v2\/comments?post=20"}],"version-history":[{"count":24,"href":"https:\/\/grupos.unileon.es\/masterbiologia\/wp-json\/wp\/v2\/pages\/20\/revisions"}],"predecessor-version":[{"id":483,"href":"https:\/\/grupos.unileon.es\/masterbiologia\/wp-json\/wp\/v2\/pages\/20\/revisions\/483"}],"wp:attachment":[{"href":"https:\/\/grupos.unileon.es\/masterbiologia\/wp-json\/wp\/v2\/media?parent=20"}],"curies":[{"name":"wp","href":"https:\/\/api.w.org\/{rel}","templated":true}]}}