{"id":22,"date":"2016-01-29T11:54:03","date_gmt":"2016-01-29T11:54:03","guid":{"rendered":"http:\/\/grupos.unileon.es\/masterbiologia\/?page_id=22"},"modified":"2020-07-27T11:18:41","modified_gmt":"2020-07-27T11:18:41","slug":"plan-de-estudios","status":"publish","type":"page","link":"https:\/\/grupos.unileon.es\/masterbiologia\/plan-de-estudios\/","title":{"rendered":"Plan de estudios"},"content":{"rendered":"<div id=\"link64_adl_tabid\" style=\"display: none;\" data-url=\"http:\/\/grupos.unileon.es\/masterbiologia\/wp-admin\/post.php?post=22&amp;action=edit\">757<\/div>\n<table class=\"directory\" style=\"margin-right: 0px; width: 109.656%; height: 820px;\">\n<thead>\n<tr style=\"height: 44px;\">\n<th style=\"width: 327px; height: 44px;\">Asignatura<\/th>\n<th style=\"width: 72px; height: 44px;\">Periodo<\/th>\n<th style=\"width: 45px; height: 44px;\">Tipo<\/th>\n<th style=\"width: 98px; height: 44px;\">Cr\u00e9d.\/ECTS<\/th>\n<th style=\"width: 84px; height: 44px;\">Docencia 2020-21<\/th>\n<\/tr>\n<\/thead>\n<tfoot>\n<tr style=\"height: 44px;\">\n<td style=\"width: 634px; height: 44px;\" colspan=\"5\">Periodo: A = Anual<br \/>Tipo: OB = Obligatoria; OP = Optativa<\/td>\n<\/tr>\n<\/tfoot>\n<tbody>\n<tr style=\"height: 24px;\">\n<td style=\"background-color: #cccccc; font-weight: bold; width: 634px; height: 24px;\" colspan=\"5\">\u00a0\u00a0\u00a0\u00a0M\u00f3dulo A. Experimentaci\u00f3n animal<\/td>\n<\/tr>\n<tr style=\"height: 44px;\">\n<td style=\"width: 327px; height: 44px;\"><a href=\"http:\/\/www.unileon.es\/estudiantes\/estudiantes-master\/oferta-titulaciones\/mu-metodologia-investigacion-biologia-biomedicina\/plan-estudios?id=1736001&amp;curso=2017\">BASES DE LA EXPERIMENTACI\u00d3N ANIMAL<\/a><\/td>\n<td style=\"width: 72px; height: 44px;\">A<\/td>\n<td style=\"width: 45px; height: 44px;\">OP<\/td>\n<td style=\"width: 98px; height: 44px;\"><a href=\"http:\/\/grupos.unileon.es\/masterbiologia\/bases-de-la-experimentacion-animal-foundations-of-animal-experimentation\/\">5<\/a><\/td>\n<td style=\"width: 84px; height: 44px;\">\u00a0SI<\/td>\n<\/tr>\n<tr style=\"height: 44px;\">\n<td style=\"width: 327px; height: 44px;\"><a href=\"http:\/\/www.unileon.es\/estudiantes\/estudiantes-master\/oferta-titulaciones\/mu-metodologia-investigacion-biologia-biomedicina\/plan-estudios?id=1736002&amp;curso=2017\">AMPLIACI\u00d3N DE EXPERIMENTACI\u00d3N ANIMAL<\/a><\/td>\n<td style=\"width: 72px; height: 44px;\">A<\/td>\n<td style=\"width: 45px; height: 44px;\">OP<\/td>\n<td style=\"width: 98px; height: 44px;\">5<\/td>\n<td style=\"width: 84px; height: 44px;\">\u00a0NO<\/td>\n<\/tr>\n<tr style=\"height: 24px;\">\n<td style=\"background-color: #cccccc; font-weight: bold; width: 634px; height: 24px;\" colspan=\"5\">\u00a0\u00a0\u00a0\u00a0M\u00f3dulo B. An\u00e1lisis de mol\u00e9culas biol\u00f3gicas<\/td>\n<\/tr>\n<tr style=\"height: 44px;\">\n<td style=\"width: 327px; height: 44px;\"><a href=\"http:\/\/www.unileon.es\/estudiantes\/estudiantes-master\/oferta-titulaciones\/mu-metodologia-investigacion-biologia-biomedicina\/plan-estudios?id=1736005&amp;curso=2017\">M\u00c9TODOS DE ESTUDIO DE \u00c1CIDOS NUCLEICOS<\/a><\/td>\n<td style=\"width: 72px; height: 44px;\">A<\/td>\n<td style=\"width: 45px; height: 44px;\">OB<\/td>\n<td style=\"width: 98px; height: 44px;\"><a href=\"http:\/\/grupos.unileon.es\/masterbiologia\/metodos-de-estudio-de-acidos-nucleicos-nucleic-acid-methods\/\">5<\/a><\/td>\n<td style=\"width: 84px; height: 44px;\">\u00a0SI<\/td>\n<\/tr>\n<tr style=\"height: 24px;\">\n<td style=\"width: 327px; height: 24px;\"><a href=\"http:\/\/www.unileon.es\/estudiantes\/estudiantes-master\/oferta-titulaciones\/mu-metodologia-investigacion-biologia-biomedicina\/plan-estudios?id=1736006&amp;curso=2017\">M\u00c9TODOS DE ESTUDIO DE PROTE\u00cdNAS<\/a><\/td>\n<td style=\"width: 72px; height: 24px;\">A<\/td>\n<td style=\"width: 45px; height: 24px;\">OB<\/td>\n<td style=\"width: 98px; height: 24px;\"><a href=\"http:\/\/grupos.unileon.es\/masterbiologia\/metodos-de-estudio-de-proteinas-protein-methods\/\">5<\/a><\/td>\n<td style=\"width: 84px; height: 24px;\">\u00a0SI<\/td>\n<\/tr>\n<tr style=\"height: 24px;\">\n<td style=\"width: 327px; height: 24px;\"><a href=\"http:\/\/www.unileon.es\/estudiantes\/estudiantes-master\/oferta-titulaciones\/mu-metodologia-investigacion-biologia-biomedicina\/plan-estudios?id=1736007&amp;curso=2017\">AN\u00c1LISIS DE DATOS<\/a><\/td>\n<td style=\"width: 72px; height: 24px;\">A<\/td>\n<td style=\"width: 45px; height: 24px;\">OP<\/td>\n<td style=\"width: 98px; height: 24px;\"><a href=\"http:\/\/grupos.unileon.es\/masterbiologia\/analisis-de-datos-data-analysis\/\">5<\/a><\/td>\n<td style=\"width: 84px; height: 24px;\">\u00a0SI<\/td>\n<\/tr>\n<tr style=\"height: 64px;\">\n<td style=\"width: 327px; height: 64px;\"><a href=\"http:\/\/www.unileon.es\/estudiantes\/estudiantes-master\/oferta-titulaciones\/mu-metodologia-investigacion-biologia-biomedicina\/plan-estudios?id=1736008&amp;curso=2017\">AN\u00c1LISIS DE F\u00c1RMACOS, CARBOHIDRATOS Y COMPUESTOS FEN\u00d3LICOS<\/a><\/td>\n<td style=\"width: 72px; height: 64px;\">A<\/td>\n<td style=\"width: 45px; height: 64px;\">OP<\/td>\n<td style=\"width: 98px; height: 64px;\"><a href=\"http:\/\/grupos.unileon.es\/masterbiologia\/analisis-de-farmacos-carbohidratos-y-compuestos-fenolicos-analysis-of-drugs-carbohydrates-and-phenolics\/\">5<\/a><\/td>\n<td style=\"width: 84px; height: 64px;\">\u00a0SI<\/td>\n<\/tr>\n<tr style=\"height: 24px;\">\n<td style=\"background-color: #cccccc; font-weight: bold; width: 634px; height: 24px;\" colspan=\"5\">\u00a0\u00a0\u00a0\u00a0M\u00f3dulo C. Ensayos ex vivo y cultivos celulares<\/td>\n<\/tr>\n<tr style=\"height: 44px;\">\n<td style=\"width: 327px; height: 44px;\"><a href=\"http:\/\/www.unileon.es\/estudiantes\/estudiantes-master\/oferta-titulaciones\/mu-metodologia-investigacion-biologia-biomedicina\/plan-estudios?id=1736009&amp;curso=2017\">CULTIVO E IDENTIFICACI\u00d3N DE MICROORGANISMOS<\/a><\/td>\n<td style=\"width: 72px; height: 44px;\">A<\/td>\n<td style=\"width: 45px; height: 44px;\">OP<\/td>\n<td style=\"width: 98px; height: 44px;\">5<\/td>\n<td style=\"width: 84px; height: 44px;\">\u00a0NO<\/td>\n<\/tr>\n<tr style=\"height: 44px;\">\n<td style=\"width: 327px; height: 44px;\"><a href=\"http:\/\/www.unileon.es\/estudiantes\/estudiantes-master\/oferta-titulaciones\/mu-metodologia-investigacion-biologia-biomedicina\/plan-estudios?id=1736010&amp;curso=2017\">APLICACIONES BIOTECNOL\u00d3GICAS DE CULTIVOS CELULARES<\/a><\/td>\n<td style=\"width: 72px; height: 44px;\">A<\/td>\n<td style=\"width: 45px; height: 44px;\">OP<\/td>\n<td style=\"width: 98px; height: 44px;\">10<\/td>\n<td style=\"width: 84px; height: 44px;\">\u00a0SI<\/td>\n<\/tr>\n<tr style=\"height: 24px;\">\n<td style=\"width: 327px; height: 24px;\"><a href=\"http:\/\/www.unileon.es\/estudiantes\/estudiantes-master\/oferta-titulaciones\/mu-metodologia-investigacion-biologia-biomedicina\/plan-estudios?id=1736011&amp;curso=2017\">ENSAYOS DE \u00d3RGANO AISLADO<\/a><\/td>\n<td style=\"width: 72px; height: 24px;\">A<\/td>\n<td style=\"width: 45px; height: 24px;\">OP<\/td>\n<td style=\"width: 98px; height: 24px;\">5<\/td>\n<td style=\"width: 84px; height: 24px;\">\u00a0SI<\/td>\n<\/tr>\n<tr style=\"height: 24px;\">\n<td style=\"background-color: #cccccc; font-weight: bold; width: 634px; height: 24px;\" colspan=\"5\">\u00a0\u00a0\u00a0\u00a0Modulo D. Ingenier\u00eda gen\u00e9tica y an\u00e1lisis de genomas<\/td>\n<\/tr>\n<tr style=\"height: 44px;\">\n<td style=\"width: 327px; height: 44px;\"><a href=\"http:\/\/www.unileon.es\/estudiantes\/estudiantes-master\/oferta-titulaciones\/mu-metodologia-investigacion-biologia-biomedicina\/plan-estudios?id=0212012&amp;curso=2015\">AN\u00c1LISIS DE ENFERMEDADES GEN\u00c9TICAS<\/a><\/td>\n<td style=\"width: 72px; height: 44px;\">A<\/td>\n<td style=\"width: 45px; height: 44px;\">OP<\/td>\n<td style=\"width: 98px; height: 44px;\"><a href=\"http:\/\/grupos.unileon.es\/masterbiologia\/analisis-de-enfermedades-geneticas\/\">5<\/a><\/td>\n<td style=\"width: 84px; height: 44px;\">\u00a0NO<\/td>\n<\/tr>\n<tr style=\"height: 24px;\">\n<td style=\"width: 327px; height: 24px;\"><a href=\"http:\/\/www.unileon.es\/estudiantes\/estudiantes-master\/oferta-titulaciones\/mu-metodologia-investigacion-biologia-biomedicina\/plan-estudios?id=1736013&amp;curso=2017\">INGENIER\u00cdA GEN\u00c9TICA<\/a><\/td>\n<td style=\"width: 72px; height: 24px;\">A<\/td>\n<td style=\"width: 45px; height: 24px;\">OP<\/td>\n<td style=\"width: 98px; height: 24px;\"><a href=\"http:\/\/grupos.unileon.es\/masterbiologia\/ingenieria-genetica-genetic-engineering\/\">5<\/a><\/td>\n<td style=\"width: 84px; height: 24px;\">\u00a0SI<\/td>\n<\/tr>\n<tr style=\"height: 24px;\">\n<td style=\"width: 327px; height: 24px;\"><a href=\"http:\/\/www.unileon.es\/estudiantes\/estudiantes-master\/oferta-titulaciones\/mu-metodologia-investigacion-biologia-biomedicina\/plan-estudios?id=1736014&amp;curso=2017\">GEN\u00d3MICA Y PROTE\u00d3MICA<\/a><\/td>\n<td style=\"width: 72px; height: 24px;\">A<\/td>\n<td style=\"width: 45px; height: 24px;\">OP<\/td>\n<td style=\"width: 98px; height: 24px;\">10<\/td>\n<td style=\"width: 84px; height: 24px;\">\u00a0SI<\/td>\n<\/tr>\n<tr style=\"height: 24px;\">\n<td style=\"background-color: #cccccc; font-weight: bold; width: 634px; height: 24px;\" colspan=\"5\">\u00a0\u00a0\u00a0\u00a0Trabajo Fin de M\u00e1ster<\/td>\n<\/tr>\n<tr style=\"height: 24px;\">\n<td style=\"width: 327px; height: 24px;\"><a href=\"http:\/\/www.unileon.es\/estudiantes\/estudiantes-master\/oferta-titulaciones\/mu-metodologia-investigacion-biologia-biomedicina\/plan-estudios?id=1736777&amp;curso=2017\">TRABAJO FIN DE M\u00c1STER<\/a><\/td>\n<td style=\"width: 72px; height: 24px;\">A<\/td>\n<td style=\"width: 45px; height: 24px;\">OB<\/td>\n<td style=\"width: 98px; height: 24px;\"><a href=\"http:\/\/grupos.unileon.es\/masterbiologia\/tfm\/\">30<\/a><\/td>\n<td style=\"width: 84px; height: 24px;\">\u00a0SI<\/td>\n<\/tr>\n<\/tbody>\n<\/table>\n<p><\/p>\n","protected":false},"excerpt":{"rendered":"<p>757 Asignatura Periodo Tipo Cr\u00e9d.\/ECTS Docencia 2020-21 Periodo: A = AnualTipo: OB = Obligatoria; OP = Optativa \u00a0\u00a0\u00a0\u00a0M\u00f3dulo A. Experimentaci\u00f3n animal BASES DE LA EXPERIMENTACI\u00d3N ANIMAL A OP 5 \u00a0SI AMPLIACI\u00d3N DE EXPERIMENTACI\u00d3N ANIMAL A OP 5 \u00a0NO \u00a0\u00a0\u00a0\u00a0M\u00f3dulo B. An\u00e1lisis de mol\u00e9culas biol\u00f3gicas M\u00c9TODOS DE ESTUDIO DE \u00c1CIDOS NUCLEICOS A OB 5 \u00a0SI M\u00c9TODOS [&hellip;]<\/p>\n","protected":false},"author":52,"featured_media":0,"parent":0,"menu_order":0,"comment_status":"closed","ping_status":"closed","template":"","meta":{"footnotes":""},"class_list":["post-22","page","type-page","status-publish","hentry"],"_links":{"self":[{"href":"https:\/\/grupos.unileon.es\/masterbiologia\/wp-json\/wp\/v2\/pages\/22","targetHints":{"allow":["GET"]}}],"collection":[{"href":"https:\/\/grupos.unileon.es\/masterbiologia\/wp-json\/wp\/v2\/pages"}],"about":[{"href":"https:\/\/grupos.unileon.es\/masterbiologia\/wp-json\/wp\/v2\/types\/page"}],"author":[{"embeddable":true,"href":"https:\/\/grupos.unileon.es\/masterbiologia\/wp-json\/wp\/v2\/users\/52"}],"replies":[{"embeddable":true,"href":"https:\/\/grupos.unileon.es\/masterbiologia\/wp-json\/wp\/v2\/comments?post=22"}],"version-history":[{"count":23,"href":"https:\/\/grupos.unileon.es\/masterbiologia\/wp-json\/wp\/v2\/pages\/22\/revisions"}],"predecessor-version":[{"id":485,"href":"https:\/\/grupos.unileon.es\/masterbiologia\/wp-json\/wp\/v2\/pages\/22\/revisions\/485"}],"wp:attachment":[{"href":"https:\/\/grupos.unileon.es\/masterbiologia\/wp-json\/wp\/v2\/media?parent=22"}],"curies":[{"name":"wp","href":"https:\/\/api.w.org\/{rel}","templated":true}]}}