{"id":26,"date":"2016-01-29T11:55:59","date_gmt":"2016-01-29T11:55:59","guid":{"rendered":"http:\/\/grupos.unileon.es\/masterbiologia\/?page_id=26"},"modified":"2016-07-26T08:25:30","modified_gmt":"2016-07-26T08:25:30","slug":"acceso-matricula","status":"publish","type":"page","link":"https:\/\/grupos.unileon.es\/masterbiologia\/acceso-matricula\/","title":{"rendered":"Acceso y matr\u00edcula"},"content":{"rendered":"<p>Preinscripci\u00f3n en el M\u00e1ster:<\/p>\n<p>Visite el siguiente <a href=\"http:\/\/www.unileon.es\/estudiantes\/estudiantes-que-desean-acceder\/solicitudes-iniciar-estudios\/master\">enlace<\/a><\/p>\n<div id=\"link64_adl_tabid\" style=\"display: none;\" data-url=\"http:\/\/grupos.unileon.es\/masterbiologia\/wp-admin\/post-new.php?post_type=page\">759<\/div>\n","protected":false},"excerpt":{"rendered":"<p>Preinscripci\u00f3n en el M\u00e1ster: Visite el siguiente enlace 759<\/p>\n","protected":false},"author":52,"featured_media":0,"parent":0,"menu_order":0,"comment_status":"closed","ping_status":"closed","template":"","meta":{"footnotes":""},"class_list":["post-26","page","type-page","status-publish","hentry"],"_links":{"self":[{"href":"https:\/\/grupos.unileon.es\/masterbiologia\/wp-json\/wp\/v2\/pages\/26","targetHints":{"allow":["GET"]}}],"collection":[{"href":"https:\/\/grupos.unileon.es\/masterbiologia\/wp-json\/wp\/v2\/pages"}],"about":[{"href":"https:\/\/grupos.unileon.es\/masterbiologia\/wp-json\/wp\/v2\/types\/page"}],"author":[{"embeddable":true,"href":"https:\/\/grupos.unileon.es\/masterbiologia\/wp-json\/wp\/v2\/users\/52"}],"replies":[{"embeddable":true,"href":"https:\/\/grupos.unileon.es\/masterbiologia\/wp-json\/wp\/v2\/comments?post=26"}],"version-history":[{"count":4,"href":"https:\/\/grupos.unileon.es\/masterbiologia\/wp-json\/wp\/v2\/pages\/26\/revisions"}],"predecessor-version":[{"id":209,"href":"https:\/\/grupos.unileon.es\/masterbiologia\/wp-json\/wp\/v2\/pages\/26\/revisions\/209"}],"wp:attachment":[{"href":"https:\/\/grupos.unileon.es\/masterbiologia\/wp-json\/wp\/v2\/media?parent=26"}],"curies":[{"name":"wp","href":"https:\/\/api.w.org\/{rel}","templated":true}]}}