{"id":32,"date":"2016-01-29T11:57:19","date_gmt":"2016-01-29T11:57:19","guid":{"rendered":"http:\/\/grupos.unileon.es\/masterbiologia\/?page_id=32"},"modified":"2020-09-25T12:17:28","modified_gmt":"2020-09-25T12:17:28","slug":"actividades","status":"publish","type":"page","link":"https:\/\/grupos.unileon.es\/masterbiologia\/actividades\/","title":{"rendered":"Actividades"},"content":{"rendered":"<h3>Exposici\u00f3n y Defensa de los Trabajos de Fin de M\u00e1ster 2020-21:<\/h3>\n<p>Segunda semana del mes de Julio<\/p>\n<p>Segunda semana del mes de Septiembre<\/p>\n<h3>Presentaci\u00f3n del M\u00e1ster 2020-21:<\/h3>\n<p><strong>06 de octubre de 2020<\/strong>, 16:00, Edificio Darwin.<\/p>\n<div id=\"link64_adl_tabid\" style=\"display: none;\" data-url=\"http:\/\/grupos.unileon.es\/masterbiologia\/wp-admin\/post-new.php?post_type=page\">762<\/div>\n","protected":false},"excerpt":{"rendered":"<p>Exposici\u00f3n y Defensa de los Trabajos de Fin de M\u00e1ster 2020-21: Segunda semana del mes de Julio Segunda semana del mes de Septiembre Presentaci\u00f3n del M\u00e1ster 2020-21: 06 de octubre de 2020, 16:00, Edificio Darwin. 762<\/p>\n","protected":false},"author":52,"featured_media":0,"parent":0,"menu_order":0,"comment_status":"closed","ping_status":"closed","template":"","meta":{"footnotes":""},"class_list":["post-32","page","type-page","status-publish","hentry"],"_links":{"self":[{"href":"https:\/\/grupos.unileon.es\/masterbiologia\/wp-json\/wp\/v2\/pages\/32","targetHints":{"allow":["GET"]}}],"collection":[{"href":"https:\/\/grupos.unileon.es\/masterbiologia\/wp-json\/wp\/v2\/pages"}],"about":[{"href":"https:\/\/grupos.unileon.es\/masterbiologia\/wp-json\/wp\/v2\/types\/page"}],"author":[{"embeddable":true,"href":"https:\/\/grupos.unileon.es\/masterbiologia\/wp-json\/wp\/v2\/users\/52"}],"replies":[{"embeddable":true,"href":"https:\/\/grupos.unileon.es\/masterbiologia\/wp-json\/wp\/v2\/comments?post=32"}],"version-history":[{"count":18,"href":"https:\/\/grupos.unileon.es\/masterbiologia\/wp-json\/wp\/v2\/pages\/32\/revisions"}],"predecessor-version":[{"id":521,"href":"https:\/\/grupos.unileon.es\/masterbiologia\/wp-json\/wp\/v2\/pages\/32\/revisions\/521"}],"wp:attachment":[{"href":"https:\/\/grupos.unileon.es\/masterbiologia\/wp-json\/wp\/v2\/media?parent=32"}],"curies":[{"name":"wp","href":"https:\/\/api.w.org\/{rel}","templated":true}]}}