{"id":18,"date":"2016-01-29T11:53:07","date_gmt":"2016-01-29T11:53:07","guid":{"rendered":"http:\/\/grupos.unileon.es\/masterbiology\/?page_id=18"},"modified":"2019-01-10T13:24:20","modified_gmt":"2019-01-10T13:24:20","slug":"profesorado","status":"publish","type":"page","link":"https:\/\/grupos.unileon.es\/masterbiology\/profesorado\/","title":{"rendered":"Teachers"},"content":{"rendered":"<div id=\"link64_adl_tabid\" style=\"display: none;\" data-url=\"http:\/\/grupos.unileon.es\/masterbiology\/wp-admin\/post.php?post=18&amp;action=edit\">755<\/div>\n<p>Teachers in charge of MUIBFB subjects:<\/p>\n<table class=\"extendida\" style=\"width: 677px;\">\n<thead>\n<tr>\n<td style=\"width: 3.86667px;\"><\/td>\n<td style=\"text-align: center; width: 236.133px;\">Teacher<\/td>\n<td style=\"text-align: center; width: 133px;\">Knowledge Area<\/td>\n<td style=\"text-align: center; width: 56px;\">ULE Profile<\/td>\n<td style=\"text-align: center; width: 3px;\"><\/td>\n<\/tr>\n<\/thead>\n<tbody>\n<tr>\n<td style=\"width: 3.86667px;\"><\/td>\n<td style=\"vertical-align: middle; width: 236.133px;\">Carlos C\u00e9sar P\u00e9rez Garc\u00eda<br \/>\n<a href=\"mailto:ccperg@unileon.es\">ccperg@unileon.es<\/a><\/td>\n<td style=\"vertical-align: middle; width: 133px;\">MEDICINA Y CIRUG\u00cdA ANIMAL<\/td>\n<td style=\"vertical-align: middle; text-align: center; width: 56px;\"><img loading=\"lazy\" decoding=\"async\" class=\"alignnone wp-image-172\" src=\"http:\/\/grupos.unileon.es\/masterbiology\/files\/2016\/01\/ULE-300x140.png\" alt=\"ULE\" width=\"32\" height=\"15\" \/><\/td>\n<td style=\"width: 3px;\"><\/td>\n<\/tr>\n<tr>\n<td style=\"width: 3.86667px;\"><\/td>\n<td style=\"vertical-align: middle; width: 236.133px;\">Mar\u00eda Cano R\u00e1bano<br \/>\n<a href=\"mailto:maria.cano@unileon.es\">maria.cano@unileon.es<\/a><\/td>\n<td style=\"vertical-align: middle; width: 133px;\">MEDICINA Y CIRUG\u00cdA ANIMAL<\/td>\n<td style=\"vertical-align: middle; text-align: center; width: 56px;\"><a href=\"http:\/\/www.unileon.es\/ficheros\/perfildocente\/curriculum-mjcanr.pdf\"><img loading=\"lazy\" decoding=\"async\" class=\"alignnone wp-image-172\" src=\"http:\/\/grupos.unileon.es\/masterbiology\/files\/2016\/01\/ULE-300x140.png\" alt=\"ULE\" width=\"32\" height=\"15\" \/><\/a><\/td>\n<td style=\"width: 3px;\"><\/td>\n<\/tr>\n<tr>\n<td style=\"width: 3.86667px;\"><\/td>\n<td style=\"vertical-align: middle; width: 236.133px;\">Mar\u00eda Vega Villar Su\u00e1rez<\/p>\n<p><a href=\"mailto:maria.cano@unileon.es\">vega.villar@unileon.es<\/a><\/td>\n<td style=\"vertical-align: middle; width: 133px;\">ANATOM\u00cdA Y ANATOM\u00cdA PATOL\u00d3GICA COMPARADA<\/td>\n<td style=\"vertical-align: middle; text-align: center; width: 56px;\"><a href=\"http:\/\/www.unileon.es\/ficheros\/perfildocente\/curriculum-jpbarl.pdf\"><img loading=\"lazy\" decoding=\"async\" class=\"alignnone wp-image-172\" src=\"http:\/\/grupos.unileon.es\/masterbiology\/files\/2016\/01\/ULE-300x140.png\" alt=\"ULE\" width=\"32\" height=\"15\" \/><\/a><\/td>\n<td style=\"width: 3px;\"><\/td>\n<\/tr>\n<tr>\n<td style=\"width: 3.86667px;\"><\/td>\n<td style=\"vertical-align: middle; width: 236.133px;\">Mar\u00eda Jes\u00fas Tu\u00f1\u00f3n<br \/>\n<a href=\"mailto:mjtung@unileon.es\">mjtung@unileon.es<\/a><\/td>\n<td style=\"vertical-align: middle; width: 133px;\">FISIOLOG\u00cdA<\/td>\n<td style=\"vertical-align: middle; text-align: center; width: 56px;\"><a href=\"http:\/\/www.unileon.es\/ficheros\/perfildocente\/curriculum-mjtung.pdf\"><img loading=\"lazy\" decoding=\"async\" class=\"alignnone wp-image-172\" src=\"http:\/\/grupos.unileon.es\/masterbiology\/files\/2016\/01\/ULE-300x140.png\" alt=\"ULE\" width=\"32\" height=\"15\" \/><\/a><\/td>\n<td style=\"width: 3px;\"><\/td>\n<\/tr>\n<tr>\n<td style=\"width: 3.86667px;\"><\/td>\n<td style=\"vertical-align: middle; width: 236.133px;\">Pedro Garc\u00eda Garc\u00eda<br \/>\n<a href=\"mailto:pgarg@unileon.es\">pgarg@unileon.es<\/a><\/td>\n<td style=\"vertical-align: middle; width: 133px;\">GEN\u00c9TICA<\/td>\n<td style=\"vertical-align: middle; text-align: center; width: 56px;\"><a href=\"http:\/\/www.unileon.es\/ficheros\/perfildocente\/curriculum-pgarg.pdf\"><img loading=\"lazy\" decoding=\"async\" class=\"alignnone wp-image-172\" src=\"http:\/\/grupos.unileon.es\/masterbiology\/files\/2016\/01\/ULE-300x140.png\" alt=\"ULE\" width=\"32\" height=\"15\" \/><\/a><\/td>\n<td style=\"width: 3px;\"><\/td>\n<\/tr>\n<tr>\n<td style=\"width: 3.86667px;\"><\/td>\n<td style=\"vertical-align: middle; width: 236.133px;\">Sonia S\u00e1nchez Campos<br \/>\n<a href=\"mailto:ssanc@unileon.es\">ssanc@unileon.es<\/a><\/td>\n<td style=\"vertical-align: middle; width: 133px;\">FISIOLOG\u00cdA<\/td>\n<td style=\"vertical-align: middle; text-align: center; width: 56px;\"><a href=\"http:\/\/www.unileon.es\/ficheros\/perfildocente\/curriculum-ssanc.pdf\"><img loading=\"lazy\" decoding=\"async\" class=\"alignnone wp-image-172\" src=\"http:\/\/grupos.unileon.es\/masterbiology\/files\/2016\/01\/ULE-300x140.png\" alt=\"ULE\" width=\"32\" height=\"15\" \/><\/a><\/td>\n<td style=\"width: 3px;\"><\/td>\n<\/tr>\n<tr>\n<td style=\"width: 3.86667px;\"><\/td>\n<td style=\"vertical-align: middle; width: 236.133px;\">Daniel Arias Mosquera<br \/>\n<a href=\"mailto:daniel.arias@unileon.es\">daniel.arias@unileon.es<\/a><\/td>\n<td style=\"vertical-align: middle; width: 133px;\">MATEM\u00c1TICA APLICADA<\/td>\n<td style=\"vertical-align: middle; text-align: center; width: 56px;\"><a href=\"http:\/\/www.unileon.es\/ficheros\/perfildocente\/curriculum-darim.pdf\"><img loading=\"lazy\" decoding=\"async\" class=\"alignnone wp-image-172\" src=\"http:\/\/grupos.unileon.es\/masterbiology\/files\/2016\/01\/ULE-300x140.png\" alt=\"ULE\" width=\"32\" height=\"15\" \/><\/a><\/td>\n<td style=\"width: 3px;\"><\/td>\n<\/tr>\n<tr>\n<td style=\"width: 3.86667px;\"><\/td>\n<td style=\"vertical-align: middle; width: 236.133px;\">Mar\u00eda Jos\u00e9 Cuevas Gonz\u00e1lez<br \/>\n<a href=\"mailto:mj.cuevas@unileon.es\">mj.cuevas@unileon.es<\/a><\/td>\n<td style=\"vertical-align: middle; width: 133px;\">FISIOLOG\u00cdA<\/td>\n<td style=\"vertical-align: middle; text-align: center; width: 56px;\"><a href=\"http:\/\/www.unileon.es\/ficheros\/perfildocente\/curriculum-mjcueg.pdf\"><img loading=\"lazy\" decoding=\"async\" class=\"alignnone wp-image-172\" src=\"http:\/\/grupos.unileon.es\/masterbiology\/files\/2016\/01\/ULE-300x140.png\" alt=\"ULE\" width=\"32\" height=\"15\" \/><\/a><\/td>\n<td style=\"width: 3px;\"><\/td>\n<\/tr>\n<tr>\n<td style=\"width: 3.86667px;\"><\/td>\n<td style=\"vertical-align: middle; width: 236.133px;\">Javier Casqueiro<br \/>\n<a href=\"mailto:javier.casqueiro@unileon.es\">javier.casqueiro@unileon.es<\/a><\/td>\n<td style=\"vertical-align: middle; width: 133px;\">MICROBIOLOG\u00cdA<\/td>\n<td style=\"vertical-align: middle; text-align: center; width: 56px;\"><a href=\"http:\/\/www.unileon.es\/ficheros\/perfildocente\/curriculum-fjcasb.pdf\"><img loading=\"lazy\" decoding=\"async\" class=\"alignnone wp-image-172\" src=\"http:\/\/grupos.unileon.es\/masterbiology\/files\/2016\/01\/ULE-300x140.png\" alt=\"ULE\" width=\"32\" height=\"15\" \/><\/a><\/td>\n<td style=\"width: 3px;\"><\/td>\n<\/tr>\n<tr>\n<td style=\"width: 3.86667px;\"><\/td>\n<td style=\"vertical-align: middle; width: 236.133px;\">Carmen Mar\u00edn<br \/>\n<a href=\"mailto:carmen.marin@unileon.es\">carmen.marin@unileon.es<\/a><\/td>\n<td style=\"vertical-align: middle; width: 133px;\">BIOLOG\u00cdA CELULAR<\/td>\n<td style=\"vertical-align: middle; text-align: center; width: 56px;\"><img loading=\"lazy\" decoding=\"async\" class=\"alignnone wp-image-172\" src=\"http:\/\/grupos.unileon.es\/masterbiology\/files\/2016\/01\/ULE-300x140.png\" alt=\"ULE\" width=\"32\" height=\"15\" \/><\/td>\n<td style=\"width: 3px;\"><\/td>\n<\/tr>\n<tr>\n<td style=\"width: 3.86667px;\"><\/td>\n<td style=\"vertical-align: middle; width: 236.133px;\">Arsenio Fern\u00e1ndez L\u00f3pez<br \/>\n<a href=\"mailto:arsenio.fernandez@unileon.es\">arsenio.fernandez@unileon.es<\/a><\/td>\n<td style=\"vertical-align: middle; width: 133px;\">BIOLOG\u00cdA CELULAR<\/td>\n<td style=\"vertical-align: middle; text-align: center; width: 56px;\"><a href=\"http:\/\/www.unileon.es\/ficheros\/perfildocente\/curriculum-aferl.pdf\"><img loading=\"lazy\" decoding=\"async\" class=\"alignnone wp-image-172\" src=\"http:\/\/grupos.unileon.es\/masterbiology\/files\/2016\/01\/ULE-300x140.png\" alt=\"ULE\" width=\"32\" height=\"15\" \/><\/a><\/td>\n<td style=\"width: 3px;\"><\/td>\n<\/tr>\n<tr>\n<td style=\"width: 3.86667px;\"><\/td>\n<td style=\"vertical-align: middle; width: 236.133px;\">Carlos Polanco<br \/>\n<a href=\"mailto:carlos.polanco@unileon.es\">carlos.polanco@unileon.es<\/a><\/td>\n<td style=\"vertical-align: middle; width: 133px;\">GEN\u00c9TICA<\/td>\n<td style=\"vertical-align: middle; text-align: center; width: 56px;\"><a href=\"http:\/\/www.unileon.es\/ficheros\/perfildocente\/curriculum-cgpolp.pdf\"><img loading=\"lazy\" decoding=\"async\" class=\"alignnone wp-image-172\" src=\"http:\/\/grupos.unileon.es\/masterbiology\/files\/2016\/01\/ULE-300x140.png\" alt=\"ULE\" width=\"32\" height=\"15\" \/><\/a><\/td>\n<td style=\"width: 3px;\"><\/td>\n<\/tr>\n<tr>\n<td style=\"width: 3.86667px;\"><\/td>\n<td style=\"vertical-align: middle; width: 236.133px;\">Jos\u00e9 M. Fern\u00e1ndez Ca\u00f1\u00f3n<br \/>\n<a href=\"mailto:jose.fernandez.canon@unileon.es\">jose.fernandez.canon@unileon.es<\/a><\/td>\n<td style=\"vertical-align: middle; width: 133px;\">BIOQU\u00cdMICA Y BIOLOG\u00cdA MOLECULAR<\/td>\n<td style=\"vertical-align: middle; text-align: center; width: 56px;\"><a href=\"http:\/\/www.unileon.es\/ficheros\/perfildocente\/curriculum-jmferc.pdf\"><img loading=\"lazy\" decoding=\"async\" class=\"alignnone wp-image-172\" src=\"http:\/\/grupos.unileon.es\/masterbiology\/files\/2016\/01\/ULE-300x140.png\" alt=\"ULE\" width=\"32\" height=\"15\" \/><\/a><\/td>\n<td style=\"width: 3px;\"><\/td>\n<\/tr>\n<tr>\n<td style=\"width: 3.86667px;\"><\/td>\n<td style=\"vertical-align: middle; width: 236.133px;\">Margarita Marqu\u00e9s<br \/>\n<a href=\"mailto:mmarm@unileon.es\">mmarm@unileon.es<\/a><\/td>\n<td style=\"vertical-align: middle; width: 133px;\">PRODUCCI\u00d3N ANIMAL<\/td>\n<td style=\"vertical-align: middle; text-align: center; width: 56px;\"><a href=\"http:\/\/www.unileon.es\/ficheros\/perfildocente\/curriculum-mmarm.pdf\"><img loading=\"lazy\" decoding=\"async\" class=\"alignnone wp-image-172\" src=\"http:\/\/grupos.unileon.es\/masterbiology\/files\/2016\/01\/ULE-300x140.png\" alt=\"ULE\" width=\"32\" height=\"15\" \/><\/a><\/td>\n<td style=\"width: 3px;\"><\/td>\n<\/tr>\n<tr>\n<td style=\"width: 3.86667px;\"><\/td>\n<td style=\"vertical-align: middle; width: 236.133px;\">Paulino de Paz<br \/>\n<a href=\"mailto:ppazc@unileon.es\">ppazc@unileon.es<\/a><\/td>\n<td style=\"vertical-align: middle; width: 133px;\">BIOLOG\u00cdA CELULAR<\/td>\n<td style=\"vertical-align: middle; text-align: center; width: 56px;\"><a href=\"http:\/\/www.unileon.es\/ficheros\/perfildocente\/curriculum-ppazc.pdf\"><img loading=\"lazy\" decoding=\"async\" class=\"alignnone wp-image-172\" src=\"http:\/\/grupos.unileon.es\/masterbiology\/files\/2016\/01\/ULE-300x140.png\" alt=\"ULE\" width=\"32\" height=\"15\" \/><\/a><\/td>\n<td style=\"width: 3px;\"><\/td>\n<\/tr>\n<\/tbody>\n<\/table>\n<p><span style=\"border-radius: 2px; text-indent: 20px; width: auto; padding: 0px 4px 0px 0px; text-align: center; font: bold 11px\/20px 'Helvetica Neue',Helvetica,sans-serif; color: #ffffff; background: #bd081c no-repeat scroll 3px 50% \/ 14px 14px; position: absolute; opacity: 1; z-index: 8675309; display: none; cursor: pointer;\">Guardar<\/span><\/p>\n","protected":false},"excerpt":{"rendered":"<p>755 Teachers in charge of MUIBFB subjects: Teacher Knowledge Area ULE Profile Carlos C\u00e9sar P\u00e9rez Garc\u00eda ccperg@unileon.es MEDICINA Y CIRUG\u00cdA ANIMAL Mar\u00eda Cano R\u00e1bano maria.cano@unileon.es MEDICINA Y CIRUG\u00cdA ANIMAL Mar\u00eda Vega Villar Su\u00e1rez vega.villar@unileon.es ANATOM\u00cdA Y ANATOM\u00cdA PATOL\u00d3GICA COMPARADA Mar\u00eda Jes\u00fas Tu\u00f1\u00f3n mjtung@unileon.es FISIOLOG\u00cdA Pedro Garc\u00eda Garc\u00eda pgarg@unileon.es GEN\u00c9TICA Sonia S\u00e1nchez Campos ssanc@unileon.es FISIOLOG\u00cdA Daniel [&hellip;]<\/p>\n","protected":false},"author":52,"featured_media":0,"parent":0,"menu_order":0,"comment_status":"closed","ping_status":"closed","template":"","meta":{"footnotes":""},"class_list":["post-18","page","type-page","status-publish","hentry"],"_links":{"self":[{"href":"https:\/\/grupos.unileon.es\/masterbiology\/wp-json\/wp\/v2\/pages\/18","targetHints":{"allow":["GET"]}}],"collection":[{"href":"https:\/\/grupos.unileon.es\/masterbiology\/wp-json\/wp\/v2\/pages"}],"about":[{"href":"https:\/\/grupos.unileon.es\/masterbiology\/wp-json\/wp\/v2\/types\/page"}],"author":[{"embeddable":true,"href":"https:\/\/grupos.unileon.es\/masterbiology\/wp-json\/wp\/v2\/users\/52"}],"replies":[{"embeddable":true,"href":"https:\/\/grupos.unileon.es\/masterbiology\/wp-json\/wp\/v2\/comments?post=18"}],"version-history":[{"count":30,"href":"https:\/\/grupos.unileon.es\/masterbiology\/wp-json\/wp\/v2\/pages\/18\/revisions"}],"predecessor-version":[{"id":366,"href":"https:\/\/grupos.unileon.es\/masterbiology\/wp-json\/wp\/v2\/pages\/18\/revisions\/366"}],"wp:attachment":[{"href":"https:\/\/grupos.unileon.es\/masterbiology\/wp-json\/wp\/v2\/media?parent=18"}],"curies":[{"name":"wp","href":"https:\/\/api.w.org\/{rel}","templated":true}]}}