{"id":211,"date":"2016-08-29T08:02:02","date_gmt":"2016-08-29T08:02:02","guid":{"rendered":"http:\/\/grupos.unileon.es\/masterbiology\/?page_id=211"},"modified":"2018-07-04T11:07:38","modified_gmt":"2018-07-04T11:07:38","slug":"tfm-ofertados-en-ediciones-anteriores","status":"publish","type":"page","link":"https:\/\/grupos.unileon.es\/masterbiology\/tfm-ofertados-en-ediciones-anteriores\/","title":{"rendered":"TFM offered in previous editions"},"content":{"rendered":"<p>2017<\/p>\n<ul>\n<li>Biotransformaci\u00f3n de esteroides: Expresi\u00f3n de enzimas de hongos y bacterias en Aspergillus nidulans<\/li>\n<li>Degradaci\u00f3n de materia residual de tareas agr\u00edcolas por hongos resistentes a la desecaci\u00f3n<\/li>\n<li>Modelos animales de isquemia cerebral<\/li>\n<li>Estudio gen\u00f3mico y biotecnol\u00f3gico de la degradaci\u00f3n de esteroides por Pseudomonas putida DOC21<\/li>\n<li>Selecci\u00f3n de microorganismos resistentes a la desecaci\u00f3n con potencial aplicabilidad biotecnol\u00f3gica<\/li>\n<li>Estudio comparativo de exosomas procedentes de c\u00e9lulas mesenquimales de tejido adiposo y m\u00e9dula \u00f3sea.<\/li>\n<li>Efecto antimicrobiano de extractos vegetales sobre microorganismos pat\u00f3genos de alimentos<\/li>\n<li>Aislamiento y caracterizaci\u00f3n de levaduras v\u00ednicas<\/li>\n<li>El marcador tumoral HE4 predice el c\u00e1ncer de endometrio: dise\u00f1o del proyecto y plan de an\u00e1lisis estad\u00edstico<\/li>\n<li>Caracterizaci\u00f3n de una cepa hal\u00f3fila de <em>Pseudomonas<\/em><\/li>\n<\/ul>\n<p>2016<\/p>\n<ul style=\"list-style-type: square;\">\n<li><span id=\"result_box\" class=\"\" lang=\"en\" tabindex=\"-1\"><span title=\"Obtenci\u00f3n y aislamiento de exosomas de c\u00e9lulas troncales mesenquimales \">Preparation and isolation of mesenchymal stem cell exosomes<\/span><\/span><\/li>\n<li><span id=\"result_box\" class=\"\" lang=\"en\" tabindex=\"-1\"><span title=\"Caracterizaci\u00f3n de genes de la familia MLO en leguminosas \">Characterization of genes of the MLO family in legumes<\/span><\/span><\/li>\n<li><span id=\"result_box\" class=\"\" lang=\"en\" tabindex=\"-1\"><span title=\"Detecci\u00f3n de la expresi\u00f3n g\u00e9nica de enzimas implicadas en la s\u00edntesis y metabolismo de la melatonina, en el tracto genital masculino de rumiantes \">Detection of the gene expression of enzymes involved in the synthesis and metabolism of melatonin in the male genital tract of ruminants<\/span><\/span><\/li>\n<li><span id=\"result_box\" class=\"\" lang=\"en\" tabindex=\"-1\"><span title=\"Papel de los receptores de melatonina MT1 y MT2 en la modulaci\u00f3n de la fisiolog\u00eda esperm\u00e1tica de Bos taurus \">Role of the MT1 and MT2 melatonin receptors in the modulation of Bos taurus sperm physiology<\/span><\/span><\/li>\n<li><span id=\"result_box\" class=\"\" lang=\"en\" tabindex=\"-1\"><span title=\"Efecto antimicrobiano de compuestos fen\u00f3licos drente a Bacillus cereus \">Antimicrobial effect of phenolic compounds drent to Bacillus cereus<br \/>\n<\/span><span title=\"Biotransformaci\u00f3n de esteroides por hongos filamentosos \">Biotransformation of steroids by filamentous fungi<\/span><\/span><\/li>\n<li><span id=\"result_box\" class=\"\" lang=\"en\" tabindex=\"-1\"><span title=\"An\u00e1lisis de los mecanismos de defensa de las actinobacterias Corynebacterium\/Rhodococcus frente a estres oxidativo \">Analysis of the defense mechanisms of Corynebacterium \/ Rhodococcus actinobacteria against oxidative stress<\/span><\/span><\/li>\n<li><span id=\"result_box\" class=\"\" lang=\"en\" tabindex=\"-1\"><span title=\"Mecanismos biosint\u00e9ticos de la producci\u00f3n de pl\u00e1sticos bacterianos \">Biosynthetic mechanisms of the production of bacterial plastics<\/span><\/span><\/li>\n<li><span id=\"result_box\" class=\"\" lang=\"en\" tabindex=\"-1\"><span title=\"Caracterizaci\u00f3n de microorganismos de microbiomas extremos \">Characterization of microorganisms of extreme microbiomas<\/span><\/span><\/li>\n<li><span id=\"result_box\" class=\"\" lang=\"en\" tabindex=\"-1\"><span title=\"Curado, ensamblado y anotaci\u00f3n del genoma de una cepa de Pseudomonas putida \">Curing, assembling and annotation of the genome of a strain of Pseudomonas putida<\/span><\/span><\/li>\n<li><span id=\"result_box\" class=\"\" lang=\"en\" tabindex=\"-1\"><span title=\"Caracterizaci\u00f3n de los sistemas metab\u00f3licos usados por P. putida DOC21 para degradar esteroides.\">Characterization of the metabolic systems used by P. putida DOC21 to degrade steroids. <\/span><span title=\"Ampliaci\u00f3n de sus capacidades metab\u00f3licas \">Expansion of your metabolic capacities<\/span><\/span><\/li>\n<li><span id=\"result_box\" class=\"\" lang=\"en\" tabindex=\"-1\"><span title=\"Analysis of the role of p73 in adipocyte differentiation using induced pluripotent stem cells as an in vitro model \">Analysis of the role of p73 in adipocyte differentiation using induced pluripotent stem cells in vitro model<\/span><\/span><\/li>\n<li><span id=\"result_box\" class=\"\" lang=\"en\" tabindex=\"-1\"><span title=\"Validation of a CD133 bimodal reporter system for the identification of cancer stem cells in human glioblastoma \">Validation of a CD133 bimodal reporter system for the identification of cancer stem cells in human glioblastoma<\/span><\/span><\/li>\n<li><span id=\"result_box\" class=\"\" lang=\"en\" tabindex=\"-1\"><span title=\"Producci\u00f3n de un pigmento verdeazulado producido por una especie xer\u00f3fila de Pseudomonas aislada en el desierto de Om\u00e1n \">Production of a blue-green pigment produced by a pseudomonas xerophilous species isolated in the Omani desert<\/span><\/span><\/li>\n<li><span id=\"result_box\" class=\"\" lang=\"en\" tabindex=\"-1\"><span title=\"Efectos epigen\u00e9ticos de la exposici\u00f3n de pez cebra a bisfenol A durante el desarrollo embrionario \">Epigenetic effects of zebrafish exposure to bisphenol A during embryonic development<\/span><\/span><\/li>\n<li><span id=\"result_box\" class=\"\" lang=\"en\" tabindex=\"-1\"><span title=\"Empleo de antif\u00fangicos naturales para la prevenci\u00f3n de enfermedades de madera de vid\">Use of natural antifungals for the prevention of diseases of wood of vine<\/span><\/span><\/li>\n<\/ul>\n<p>2015<\/p>\n<ul style=\"list-style-type: square;\">\n<li><span id=\"result_box\" class=\"\" lang=\"en\" tabindex=\"-1\"><span title=\"Modelos animales de ictus \">Animal models of stroke<\/span><\/span><\/li>\n<li><span id=\"result_box\" class=\"\" lang=\"en\" tabindex=\"-1\"><span title=\"Efecto del tratamiento con antioxidantes en patolog\u00edas gastrointestinales.\">Effect of treatment with antioxidants in gastrointestinal pathologies. <\/span><span title=\"Estudios de los mecanismos moleculares implicados \">Studies of the molecular mechanisms involved<\/span><\/span><\/li>\n<li><span id=\"result_box\" class=\"\" lang=\"en\" tabindex=\"-1\"><span title=\"Aislamiento y caracterizaci\u00f3n gen\u00e9tica y bioqu\u00edmica de mutantes afectados en la degradaci\u00f3n de aminas biog\u00e9nicas \">Isolation and genetic and biochemical characterization of mutants affected in the degradation of biogenic amines<\/span><\/span><\/li>\n<li><span id=\"result_box\" class=\"\" lang=\"en\" tabindex=\"-1\"><span title=\"Estudio de rutas catab\u00f3licas responsables de la degradaci\u00f3n de esteroides \">Study of catabolic routes responsible for steroid degradation<\/span><\/span><\/li>\n<li><span id=\"result_box\" class=\"\" lang=\"en\" tabindex=\"-1\"><span title=\"S\u00edntesis y degradaci\u00f3n de pl\u00e1sticos biodegradables de origen bacteriano \">Synthesis and degradation of biodegradable plastics of bacterial origin<\/span><\/span><\/li>\n<li><span id=\"result_box\" class=\"\" lang=\"en\" tabindex=\"-1\"><span title=\"Establecimiento de protocolos de diferenciaci\u00f3n de c\u00e9lulas embrionarias troncales murinas (mESC) espec\u00edfica a linaje mesod\u00e9rmico (fibroblastos) y ectod\u00e9rmico (neronas): An\u00e1lisis de la funci\u00f3n de la familia p53 en estos procesos \">Establishment of mesodermal lineage (fibroblasts) and ectodermal (neronas) embryonic stem cell differentiation protocols (mESC): Analysis of the p53 family function in these processes<\/span><\/span><\/li>\n<li><span id=\"result_box\" class=\"\" lang=\"en\" tabindex=\"-1\"><span title=\"Producci\u00f3n de edulcorantes naturales de la familia de los mogr\u00f3sidos mediante biotransformaci\u00f3n de sustratos vegetales \">Production of natural sweeteners of the mogr\u00f3sidos family by biotransformation of vegetable substrates<\/span><\/span><\/li>\n<li><span id=\"result_box\" class=\"\" lang=\"en\" tabindex=\"-1\"><span title=\"Producci\u00f3n de edulcorantes naturales de la familia de los estevioles mediante biotransformaci\u00f3n de sustratos vegetales \">Production of natural sweeteners of the steviol family by biotransformation of vegetable substrates<\/span><\/span><\/li>\n<li><span id=\"result_box\" class=\"\" lang=\"en\" tabindex=\"-1\"><span title=\"Caracterizaci\u00f3n gen\u00e9tica y molecular de un pigmento producido por una cepa de Streptomyces \">Genetic and molecular characterization of a pigment produced by a Streptomyces strain<\/span><\/span><\/li>\n<li><span id=\"result_box\" class=\"\" lang=\"en\" tabindex=\"-1\"><span title=\"Capacidad inmunomoduladora de las c\u00e9lulas troncales mesenquimales en la artritis reumatoide \">Immunomodulatory capacity of mesenchymal stem cells in rheumatoid arthritis<\/span><\/span><\/li>\n<li><span id=\"result_box\" class=\"\" lang=\"en\" tabindex=\"-1\"><span title=\"Estructura de la cromatina esperm\u00e1tica mediante la utilizaci\u00f3n de citometr\u00eda de flujo \">Structure of the spermatic chromatin by the use of flow cytometry<\/span><\/span><\/li>\n<li><span id=\"result_box\" class=\"\" lang=\"en\" tabindex=\"-1\"><span title=\"Caracterizaci\u00f3n inmunofenot\u00edpica de c\u00e9lulas NK en el endometrio \">Immunophenotypic characterization of NK cells in the endometrium<\/span><\/span><\/li>\n<li><span id=\"result_box\" class=\"\" lang=\"en\" tabindex=\"-1\"><span title=\"An\u00e1lisis bioinform\u00e1tico de datos de Whole-Genome-Sequencing para el estudio de genes relacionados con la pigmentaci\u00f3n en la oveja \">Bioinformatic analysis of Whole-Genome-Sequencing data for the study of genes related to pigmentation in sheep<\/span><\/span><\/li>\n<li><span id=\"result_box\" class=\"\" lang=\"en\" tabindex=\"-1\"><span title=\"Efectos epigen\u00e9ticos de la exposici\u00f3n a Bisfenol A sobre la l\u00ednea germinal masculina \">Epigenetic effects of exposure to Bisphenol A on male germline<\/span><\/span><\/li>\n<li><span id=\"result_box\" class=\"\" lang=\"en\" tabindex=\"-1\"><span title=\"Estudio de microorganismos involucrados en el metabolismo del gluten \">Study of microorganisms involved in gluten metabolism<\/span><\/span><\/li>\n<li><span id=\"result_box\" class=\"\" lang=\"en\" tabindex=\"-1\"><span title=\"Estudios de la interacci\u00f3n del receptor DR3 (TNFRSF25) con su ligando TL1A (TNFSF15) en la respuesta inmune aloreactiva \">Studies of the DR3 receptor interaction (TNFRSF25) with its ligand TL1A (TNFSF15) in the alloreactive immune response<\/span><\/span><\/li>\n<li><span id=\"result_box\" class=\"\" lang=\"en\" tabindex=\"-1\"><span title=\"Immunomodulation of mesenchymal stromal cells in discogenic pain \">Immunomodulation of mesenchymal stromal cells in discogenic pain<\/span><\/span><\/li>\n<li><span id=\"result_box\" class=\"\" lang=\"en\" tabindex=\"-1\"><span title=\"Effects of sublethal X-irradiation on exploratory behaviour, anxiety, and motor performance of CD4 mice under oral supplementation of quercetin plus resveratrol \">Effects of sublethal X-irradiation on exploratory behavior, anxiety, and motor performance of CD4 mice under oral supplementation of quercetin plus resveratrol<\/span><\/span><\/li>\n<li><span id=\"result_box\" class=\"\" lang=\"en\" tabindex=\"-1\"><span title=\"Implication of genes involved in polyphosphates metabolism in survival against oxidative stress in Corynebacterium glutamicum \">Implication of genes involved in polyphosphates metabolism in survival against oxidative stress in Corynebacterium glutamicum<\/span><\/span><\/li>\n<li><span id=\"result_box\" class=\"\" lang=\"en\" tabindex=\"-1\"><span title=\"Isolation and characterization of phosphate-solubilizing bacteria (PSB) \">Isolation and characterization of phosphate-solubilizing bacteria (PSB)<\/span><\/span><\/li>\n<li><span id=\"result_box\" class=\"\" lang=\"en\" tabindex=\"-1\"><span title=\"Antimicrobial effect of binary combinations of phenolic compounds against gram-negative bacteria \">Antimicrobial effect of binary combinations of phenolic compounds against gram-negative bacteria<\/span><\/span><\/li>\n<li><span id=\"result_box\" class=\"\" lang=\"en\" tabindex=\"-1\"><span title=\"Characterization of structural cell wall polymers in cattail (Typha latifolia): evaluation as potential biofuel feedstock\">Characterization of structural cell wall polymers in cattail (Typha latifolia): evaluation as potential biofuel feedstock<\/span><\/span><\/li>\n<\/ul>\n","protected":false},"excerpt":{"rendered":"<p>2017 Biotransformaci\u00f3n de esteroides: Expresi\u00f3n de enzimas de hongos y bacterias en Aspergillus nidulans Degradaci\u00f3n de materia residual de tareas agr\u00edcolas por hongos resistentes a la desecaci\u00f3n Modelos animales de isquemia cerebral Estudio gen\u00f3mico y biotecnol\u00f3gico de la degradaci\u00f3n de esteroides por Pseudomonas putida DOC21 Selecci\u00f3n de microorganismos resistentes a la desecaci\u00f3n con potencial aplicabilidad [&hellip;]<\/p>\n","protected":false},"author":52,"featured_media":0,"parent":0,"menu_order":0,"comment_status":"closed","ping_status":"closed","template":"","meta":{"footnotes":""},"class_list":["post-211","page","type-page","status-publish","hentry"],"_links":{"self":[{"href":"https:\/\/grupos.unileon.es\/masterbiology\/wp-json\/wp\/v2\/pages\/211","targetHints":{"allow":["GET"]}}],"collection":[{"href":"https:\/\/grupos.unileon.es\/masterbiology\/wp-json\/wp\/v2\/pages"}],"about":[{"href":"https:\/\/grupos.unileon.es\/masterbiology\/wp-json\/wp\/v2\/types\/page"}],"author":[{"embeddable":true,"href":"https:\/\/grupos.unileon.es\/masterbiology\/wp-json\/wp\/v2\/users\/52"}],"replies":[{"embeddable":true,"href":"https:\/\/grupos.unileon.es\/masterbiology\/wp-json\/wp\/v2\/comments?post=211"}],"version-history":[{"count":7,"href":"https:\/\/grupos.unileon.es\/masterbiology\/wp-json\/wp\/v2\/pages\/211\/revisions"}],"predecessor-version":[{"id":357,"href":"https:\/\/grupos.unileon.es\/masterbiology\/wp-json\/wp\/v2\/pages\/211\/revisions\/357"}],"wp:attachment":[{"href":"https:\/\/grupos.unileon.es\/masterbiology\/wp-json\/wp\/v2\/media?parent=211"}],"curies":[{"name":"wp","href":"https:\/\/api.w.org\/{rel}","templated":true}]}}