{"id":15,"date":"2015-07-05T08:21:49","date_gmt":"2015-07-05T08:21:49","guid":{"rendered":"http:\/\/grupos.unileon.es\/mastercultura\/?page_id=15"},"modified":"2020-09-15T08:34:46","modified_gmt":"2020-09-15T08:34:46","slug":"presentacion-del-master","status":"publish","type":"page","link":"https:\/\/grupos.unileon.es\/mastercultura\/","title":{"rendered":"Presentaci\u00f3n"},"content":{"rendered":"<h2 style=\"text-align: center;\"><span style=\"color: #333399;\"><strong>M\u00e1ster de investigaci\u00f3n en\u00a0 Cultura y Pensamiento Europeo: Tradici\u00f3n y Pervivencia<\/strong><\/span><\/h2>\n<h2 style=\"text-align: center;\"><span style=\"color: #333399;\"><strong>Master\u2019s degree in European Culture and Thought<\/strong><\/span><\/h2>\n<p style=\"text-align: justify;\"><img loading=\"lazy\" decoding=\"async\" class=\"alignnone wp-image-518 size-full\" src=\"http:\/\/grupos.unileon.es\/mastercultura\/files\/2015\/07\/Master.jpg\" alt=\"Master\" width=\"600\" height=\"361\" \/><\/p>\n<h4>\u00a0 &#8212;&#8212;&#8212;&#8212;&#8212;&#8212;&#8212;&#8212;&#8212;&#8212;&#8212;&#8212;&#8212;&#8212;&#8212;&#8212;&#8212;&#8212;&#8212;&#8212;&#8212;&#8212;&#8212;&#8212;&#8212;&#8212;&#8212;&#8212;&#8212;-<\/h4>\n<h4 style=\"text-align: justify;\">El 10 de abril de 2019 la Agencia para la Calidad del Sistema Universitario de Castilla y Le\u00f3n (ACSUCYL) emiti\u00f3 informe favorable al nuevo t\u00edtulo de m\u00e1ster en Cultura y Pensamiento Europeo: Tradici\u00f3n y Pervivencia.<\/h4>\n<p style=\"text-align: justify;\">El plan de estudios del M\u00e1ster en Cultura y Pensamiento Europeo: tradici\u00f3n y Pervivencia combina aspectos formativos sobre Historia, Arte, Filosof\u00eda y Literatura, y materias de car\u00e1cter metodol\u00f3gico orientadas a la investigaci\u00f3n en Humanidades. Esto lo convierte en una oferta \u00fanica y con personalidad propia, dentro del abanico de m\u00e1steres ofertados por las universidades p\u00fablicas de Castilla y Le\u00f3n.<\/p>\n<p style=\"text-align: justify;\">Se pretende crear un marco adecuado que atienda a las necesidades de los egresados de las titulaciones de la Facultad de Filosof\u00eda y Letras de la ULE, toda vez que en el mes de octubre de 2017, iniciado el proceso de extinci\u00f3n del M\u00e1ster en Literatura Espa\u00f1ola y Comparada, de la misma Facultad, resultaba necesario estudiar una propuesta de m\u00e1ster de investigaci\u00f3n que acogiera la oferta docente de este \u00faltimo.<br \/>\nEn consecuencia, se propone desde una perspectiva integradora, profundizar en los conocimientos adquiridos en los Grados de Artes y Humanidades, as\u00ed como ofrecer nuevos campos de estudio no abordados en los grados de procedencia. Se plantean, as\u00ed, nuevas l\u00edneas tem\u00e1ticas de estudio que, a su vez, comportar\u00e1n la incorporaci\u00f3n de nuevos m\u00e9todos cr\u00edticos que capaciten al alumno formado en los diversos Grados de Humanidades para iniciarse en la investigaci\u00f3n, as\u00ed como para el posterior acceso a los programas de doctorado.<\/p>\n<p style=\"text-align: justify;\">Una modificaci\u00f3n particularmente sustancial en el plan de estudios se refiere al peso del TFM que se rebaja a 12 ECTS, buscando una mayor adecuaci\u00f3n entre el esfuerzo requerido y la defensa del mismo en las convocatorias ordinarias previstas.<br \/>\nEl plan de estudios se asienta en 28 ECTS comunes de realizaci\u00f3n obligatoria repartidos en 7 asignaturas, de car\u00e1cter transversal y metodol\u00f3gico.<br \/>\nEl programa del m\u00e1ster propone dos posibles itinerarios de especializaci\u00f3n:<br \/>\n\u2022 Itinerario 1: Identidad Europea<br \/>\n\u2022 Itinerario 2: Cultura Hisp\u00e1nica y su Proyecci\u00f3n<\/p>\n<p style=\"text-align: justify;\">Cada uno de los dos itinerarios presenta 20 cr\u00e9ditos distribuidos en 5 asignaturas de car\u00e1cter obligatorio. De \u00e9stos, el alumno que desee que en su t\u00edtulo de Master en Cultura y Pensamiento europeo: Tradici\u00f3n y pervivencia, aparezca la \u201cmenci\u00f3n\u201d al itinerario realizado, deber\u00e1 cursar los 20 cr\u00e9ditos del itinerario tem\u00e1tico escogido, siendo libre la elecci\u00f3n de los otros 30 optativos, con los que puede especializar a\u00fan m\u00e1s su formaci\u00f3n. Pero tambi\u00e9n el alumno podr\u00e1 elegir los 20 ECTS combinando materias de los dos itinerarios; en ese caso el T\u00edtulo de M\u00e1ster no incluir\u00e1 la menci\u00f3n.<\/p>\n<p style=\"text-align: justify;\">Finalmente, crece la optatividad del m\u00e1ster con una propuesta de 23 asignaturas.<\/p>\n<p style=\"text-align: justify;\">M\u00e1ster dirigido a estudiantes de Arte y Humanidades y\/o Ciencias Sociales interesados en la comprensi\u00f3n de la cultura europea, con especial incidencia en sus ra\u00edces cl\u00e1sica y humanistas y desde una perspectiva interdisciplinar y transversal (arte, historia, filosof\u00eda, literatura, geograf\u00eda, documentaci\u00f3n).<\/p>\n<p style=\"text-align: justify;\">La formaci\u00f3n te\u00f3rica se combina con materias de car\u00e1cter pr\u00e1ctico dirigidas a capacitar\u00a0\u00a0 al alumno para la b\u00fasqueda, selecci\u00f3n e interpretaci\u00f3n de fuentes; a orientarle metodol\u00f3gicamente; y a familiarizarse con las exigencias -formales y de contenido- de un trabajo cient\u00edfico.<\/p>\n<p style=\"text-align: justify;\">Las instituciones organizadoras del M\u00e1ster son:<\/p>\n<ul>\n<li><a href=\"http:\/\/www.humanismoytradicionclasica.es\" target=\"_blank\" rel=\"noopener noreferrer\">Instituto de Humanismo y Tradici\u00f3n cl\u00e1sica<\/a><\/li>\n<li><a href=\"http:\/\/institutos.unileon.es\/instituto-estudios-medievales\/\" target=\"_blank\" rel=\"noopener noreferrer\">Instituto\u00a0 de Estudios Medievales<\/a><\/li>\n<\/ul>\n<p style=\"text-align: justify;\"><span style=\"background-color: #ffffff;\">Los estudiantes matriculados en el plan de 2014\u00a0 y que no hayan finalizado sus estudios, disponen de los cursos acad\u00e9micos 2019\/20 y 2020\/21 para finalizar las asignaturas de primer curso y de los cursos 2019\/2020, 2020\/2021 y 2021\/2022 para finalizar las asignaturas de segundo curso y el TFM.\u00a0<\/span><\/p>\n<p style=\"text-align: justify;\"><span style=\"background-color: #ffffff;\">En caso contrario, podr\u00e1n solicitar cambio de plan, as\u00ed como el reconocimiento de cr\u00e9ditos, seg\u00fan lo previsto en la memoria de verificaci\u00f3n del t\u00edtulo, en su caso, y en la normativa vigente.<\/span><\/p>\n","protected":false},"excerpt":{"rendered":"<p>M\u00e1ster de investigaci\u00f3n en\u00a0 Cultura y Pensamiento Europeo: Tradici\u00f3n y Pervivencia Master\u2019s degree in European Culture and Thought \u00a0 &#8212;&#8212;&#8212;&#8212;&#8212;&#8212;&#8212;&#8212;&#8212;&#8212;&#8212;&#8212;&#8212;&#8212;&#8212;&#8212;&#8212;&#8212;&#8212;&#8212;&#8212;&#8212;&#8212;&#8212;&#8212;&#8212;&#8212;&#8212;&#8212;- El 10 de abril de 2019 la Agencia para la Calidad del Sistema Universitario de Castilla y Le\u00f3n (ACSUCYL) emiti\u00f3 informe favorable al nuevo t\u00edtulo de m\u00e1ster en Cultura y Pensamiento Europeo: Tradici\u00f3n y Pervivencia. [&hellip;]<\/p>\n","protected":false},"author":86,"featured_media":0,"parent":65,"menu_order":0,"comment_status":"closed","ping_status":"closed","template":"","meta":{"footnotes":""},"class_list":["post-15","page","type-page","status-publish","hentry"],"_links":{"self":[{"href":"https:\/\/grupos.unileon.es\/mastercultura\/wp-json\/wp\/v2\/pages\/15","targetHints":{"allow":["GET"]}}],"collection":[{"href":"https:\/\/grupos.unileon.es\/mastercultura\/wp-json\/wp\/v2\/pages"}],"about":[{"href":"https:\/\/grupos.unileon.es\/mastercultura\/wp-json\/wp\/v2\/types\/page"}],"author":[{"embeddable":true,"href":"https:\/\/grupos.unileon.es\/mastercultura\/wp-json\/wp\/v2\/users\/86"}],"replies":[{"embeddable":true,"href":"https:\/\/grupos.unileon.es\/mastercultura\/wp-json\/wp\/v2\/comments?post=15"}],"version-history":[{"count":36,"href":"https:\/\/grupos.unileon.es\/mastercultura\/wp-json\/wp\/v2\/pages\/15\/revisions"}],"predecessor-version":[{"id":1136,"href":"https:\/\/grupos.unileon.es\/mastercultura\/wp-json\/wp\/v2\/pages\/15\/revisions\/1136"}],"up":[{"embeddable":true,"href":"https:\/\/grupos.unileon.es\/mastercultura\/wp-json\/wp\/v2\/pages\/65"}],"wp:attachment":[{"href":"https:\/\/grupos.unileon.es\/mastercultura\/wp-json\/wp\/v2\/media?parent=15"}],"curies":[{"name":"wp","href":"https:\/\/api.w.org\/{rel}","templated":true}]}}

Presentación

<h2 style="text-align: center;"><span style="color: #333399;"><strong>Máster de investigación en  Cultura y Pensamiento Europeo: Tradición y Pervivencia</strong></span></h2>
<h2 style="text-align: center;"><span style="color: #333399;"><strong>Master’s degree in European Culture and Thought</strong></span></h2>
<p style="text-align: justify;"><img loading="lazy" decoding="async" class="alignnone wp-image-518 size-full" src="http://grupos.unileon.es/mastercultura/files/2015/07/Master.jpg" alt="Master" width="600" height="361" /></p>
<h4>  &#8212;&#8212;&#8212;&#8212;&#8212;&#8212;&#8212;&#8212;&#8212;&#8212;&#8212;&#8212;&#8212;&#8212;&#8212;&#8212;&#8212;&#8212;&#8212;&#8212;&#8212;&#8212;&#8212;&#8212;&#8212;&#8212;&#8212;&#8212;&#8212;-</h4>
<h4 style="text-align: justify;">El 10 de abril de 2019 la Agencia para la Calidad del Sistema Universitario de Castilla y León (ACSUCYL) emitió informe favorable al nuevo título de máster en Cultura y Pensamiento Europeo: Tradición y Pervivencia.</h4>
<p style="text-align: justify;">El plan de estudios del Máster en Cultura y Pensamiento Europeo: tradición y Pervivencia combina aspectos formativos sobre Historia, Arte, Filosofía y Literatura, y materias de carácter metodológico orientadas a la investigación en Humanidades. Esto lo convierte en una oferta única y con personalidad propia, dentro del abanico de másteres ofertados por las universidades públicas de Castilla y León.</p>
<p style="text-align: justify;">Se pretende crear un marco adecuado que atienda a las necesidades de los egresados de las titulaciones de la Facultad de Filosofía y Letras de la ULE, toda vez que en el mes de octubre de 2017, iniciado el proceso de extinción del Máster en Literatura Española y Comparada, de la misma Facultad, resultaba necesario estudiar una propuesta de máster de investigación que acogiera la oferta docente de este último.<br />
En consecuencia, se propone desde una perspectiva integradora, profundizar en los conocimientos adquiridos en los Grados de Artes y Humanidades, así como ofrecer nuevos campos de estudio no abordados en los grados de procedencia. Se plantean, así, nuevas líneas temáticas de estudio que, a su vez, comportarán la incorporación de nuevos métodos críticos que capaciten al alumno formado en los diversos Grados de Humanidades para iniciarse en la investigación, así como para el posterior acceso a los programas de doctorado.</p>
<p style="text-align: justify;">Una modificación particularmente sustancial en el plan de estudios se refiere al peso del TFM que se rebaja a 12 ECTS, buscando una mayor adecuación entre el esfuerzo requerido y la defensa del mismo en las convocatorias ordinarias previstas.<br />
El plan de estudios se asienta en 28 ECTS comunes de realización obligatoria repartidos en 7 asignaturas, de carácter transversal y metodológico.<br />
El programa del máster propone dos posibles itinerarios de especialización:<br />
• Itinerario 1: Identidad Europea<br />
• Itinerario 2: Cultura Hispánica y su Proyección</p>
<p style="text-align: justify;">Cada uno de los dos itinerarios presenta 20 créditos distribuidos en 5 asignaturas de carácter obligatorio. De éstos, el alumno que desee que en su título de Master en Cultura y Pensamiento europeo: Tradición y pervivencia, aparezca la “mención” al itinerario realizado, deberá cursar los 20 créditos del itinerario temático escogido, siendo libre la elección de los otros 30 optativos, con los que puede especializar aún más su formación. Pero también el alumno podrá elegir los 20 ECTS combinando materias de los dos itinerarios; en ese caso el Título de Máster no incluirá la mención.</p>
<p style="text-align: justify;">Finalmente, crece la optatividad del máster con una propuesta de 23 asignaturas.</p>
<p style="text-align: justify;">Máster dirigido a estudiantes de Arte y Humanidades y/o Ciencias Sociales interesados en la comprensión de la cultura europea, con especial incidencia en sus raíces clásica y humanistas y desde una perspectiva interdisciplinar y transversal (arte, historia, filosofía, literatura, geografía, documentación).</p>
<p style="text-align: justify;">La formación teórica se combina con materias de carácter práctico dirigidas a capacitar   al alumno para la búsqueda, selección e interpretación de fuentes; a orientarle metodológicamente; y a familiarizarse con las exigencias -formales y de contenido- de un trabajo científico.</p>
<p style="text-align: justify;">Las instituciones organizadoras del Máster son:</p>
<ul>
<li><a href="http://www.humanismoytradicionclasica.es" target="_blank" rel="noopener noreferrer">Instituto de Humanismo y Tradición clásica</a></li>
<li><a href="http://institutos.unileon.es/instituto-estudios-medievales/" target="_blank" rel="noopener noreferrer">Instituto  de Estudios Medievales</a></li>
</ul>
<p style="text-align: justify;"><span style="background-color: #ffffff;">Los estudiantes matriculados en el plan de 2014  y que no hayan finalizado sus estudios, disponen de los cursos académicos 2019/20 y 2020/21 para finalizar las asignaturas de primer curso y de los cursos 2019/2020, 2020/2021 y 2021/2022 para finalizar las asignaturas de segundo curso y el TFM. </span></p>
<p style="text-align: justify;"><span style="background-color: #ffffff;">En caso contrario, podrán solicitar cambio de plan, así como el reconocimiento de créditos, según lo previsto en la memoria de verificación del título, en su caso, y en la normativa vigente.</span></p>

<p>Máster de investigación en  Cultura y Pensamiento Europeo: Tradición y Pervivencia Master’s degree in European Culture and Thought   &#8212;&#8212;&#8212;&#8212;&#8212;&#8212;&#8212;&#8212;&#8212;&#8212;&#8212;&#8212;&#8212;&#8212;&#8212;&#8212;&#8212;&#8212;&#8212;&#8212;&#8212;&#8212;&#8212;&#8212;&#8212;&#8212;&#8212;&#8212;&#8212;- El 10 de abril de 2019 la Agencia para la Calidad del Sistema Universitario de Castilla y León (ACSUCYL) emitió informe favorable al nuevo título de máster en Cultura y Pensamiento Europeo: Tradición y Pervivencia. [&hellip;]</p>
