{"id":18,"date":"2015-07-05T08:23:40","date_gmt":"2015-07-05T08:23:40","guid":{"rendered":"http:\/\/grupos.unileon.es\/mastercultura\/?page_id=18"},"modified":"2020-06-14T16:54:48","modified_gmt":"2020-06-14T16:54:48","slug":"salidas-profesionales","status":"publish","type":"page","link":"https:\/\/grupos.unileon.es\/mastercultura\/salidas-profesionales\/","title":{"rendered":"Salidas profesionales"},"content":{"rendered":"<p><img loading=\"lazy\" decoding=\"async\" class=\"aligncenter wp-image-253\" src=\"http:\/\/grupos.unileon.es\/mastercultura\/files\/2015\/07\/salidasprofesionales-300x187.jpg\" alt=\"salidasprofesionales\" width=\"400\" height=\"249\" srcset=\"https:\/\/grupos.unileon.es\/mastercultura\/files\/2015\/07\/salidasprofesionales-300x187.jpg 300w, https:\/\/grupos.unileon.es\/mastercultura\/files\/2015\/07\/salidasprofesionales.jpg 785w\" sizes=\"auto, (max-width: 400px) 100vw, 400px\" \/><\/p>\n<ul>\n<li>Investigaci\u00f3n en materias de Humanidades y Ciencias Sociales.<\/li>\n<li>Gesti\u00f3n de empresas culturales.<\/li>\n<li>Dise\u00f1o y marketing de productos culturales.<\/li>\n<li>Cooperaci\u00f3n internacional.<\/li>\n<li>Gesti\u00f3n de archivos, bibliotecas y museos.<\/li>\n<li>Ense\u00f1anza en Humanidades y Ciencias Sociales<\/li>\n<li>Fil\u00f3logos<\/li>\n<li>Correctores de textos<\/li>\n<li>Asesores de editoriales e instituciones culturales.<\/li>\n<li>Traductores<\/li>\n<li>Cr\u00edticos literarios<\/li>\n<\/ul>\n","protected":false},"excerpt":{"rendered":"<p>Investigaci\u00f3n en materias de Humanidades y Ciencias Sociales. Gesti\u00f3n de empresas culturales. Dise\u00f1o y marketing de productos culturales. Cooperaci\u00f3n internacional. Gesti\u00f3n de archivos, bibliotecas y museos. Ense\u00f1anza en Humanidades y Ciencias Sociales Fil\u00f3logos Correctores de textos Asesores de editoriales e instituciones culturales. Traductores Cr\u00edticos literarios<\/p>\n","protected":false},"author":86,"featured_media":0,"parent":0,"menu_order":0,"comment_status":"closed","ping_status":"closed","template":"","meta":{"footnotes":""},"class_list":["post-18","page","type-page","status-publish","hentry"],"_links":{"self":[{"href":"https:\/\/grupos.unileon.es\/mastercultura\/wp-json\/wp\/v2\/pages\/18","targetHints":{"allow":["GET"]}}],"collection":[{"href":"https:\/\/grupos.unileon.es\/mastercultura\/wp-json\/wp\/v2\/pages"}],"about":[{"href":"https:\/\/grupos.unileon.es\/mastercultura\/wp-json\/wp\/v2\/types\/page"}],"author":[{"embeddable":true,"href":"https:\/\/grupos.unileon.es\/mastercultura\/wp-json\/wp\/v2\/users\/86"}],"replies":[{"embeddable":true,"href":"https:\/\/grupos.unileon.es\/mastercultura\/wp-json\/wp\/v2\/comments?post=18"}],"version-history":[{"count":13,"href":"https:\/\/grupos.unileon.es\/mastercultura\/wp-json\/wp\/v2\/pages\/18\/revisions"}],"predecessor-version":[{"id":1004,"href":"https:\/\/grupos.unileon.es\/mastercultura\/wp-json\/wp\/v2\/pages\/18\/revisions\/1004"}],"wp:attachment":[{"href":"https:\/\/grupos.unileon.es\/mastercultura\/wp-json\/wp\/v2\/media?parent=18"}],"curies":[{"name":"wp","href":"https:\/\/api.w.org\/{rel}","templated":true}]}}