{"id":56,"date":"2015-07-05T10:40:54","date_gmt":"2015-07-05T10:40:54","guid":{"rendered":"http:\/\/grupos.unileon.es\/mastercultura\/?page_id=56"},"modified":"2020-06-15T12:24:54","modified_gmt":"2020-06-15T12:24:54","slug":"requisitos-de-acceso","status":"publish","type":"page","link":"https:\/\/grupos.unileon.es\/mastercultura\/requisitos-de-acceso\/","title":{"rendered":"Requisitos de acceso y matr\u00edcula"},"content":{"rendered":"<p class=\"aligncenter\"><img loading=\"lazy\" decoding=\"async\" class=\" size-full wp-image-375 aligncenter\" src=\"http:\/\/grupos.unileon.es\/mastercultura\/files\/2015\/07\/lista-mattr\u00edcula.jpg\" alt=\"lista_mattr\u00edcula\" width=\"200\" height=\"200\" srcset=\"https:\/\/grupos.unileon.es\/mastercultura\/files\/2015\/07\/lista-mattr\u00edcula.jpg 200w, https:\/\/grupos.unileon.es\/mastercultura\/files\/2015\/07\/lista-mattr\u00edcula-150x150.jpg 150w\" sizes=\"auto, (max-width: 200px) 100vw, 200px\" \/><\/p>\n<ul>\n<li><strong>Requisitos de acceso<\/strong><\/li>\n<\/ul>\n<p style=\"padding-left: 60px; text-align: justify;\">Con car\u00e1cter general los requisitos de acceso y matr\u00edcula vienen regulados\u00a0 por el Real Decreto 861\/2010, de 2 de julio, por el que se modifica el Real Decreto 1393\/2007, de 29 de octubre. <a href=\"https:\/\/www.unileon.es\/estudiantes\/oferta-academica\/masteres\/requisitos-especificos\" target=\"_blank\" rel=\"noopener noreferrer\">Informaci\u00f3n en la web de la Universidad de Le\u00f3n<\/a>.<\/p>\n<p style=\"padding-left: 60px; text-align: justify;\">El M\u00e1ster en Cultura y Pensamiento europeo tiene un car\u00e1cter interdisciplinar y est\u00e1 dirigido a alumnos que deseen recibir una formaci\u00f3n amplia en Humanidades y Ciencias Sociales, desde la que abordar con suficiencia tanto las exigencias de la investigaci\u00f3n en esos campos, como los retos de versatilidad de una vida laboral vinculada a la educaci\u00f3n y la gesti\u00f3n cultural, fundamentalmente.<\/p>\n<p style=\"padding-left: 60px; text-align: justify;\">En consecuencia, podr\u00e1n cursarlo\u00a0 aquellos estudiantes que est\u00e9n en posesi\u00f3n de una titulaci\u00f3n superior en alguna especialidad de las \u00e1reas de Artes y Humanidades (Lenguas y Literaturas europeas, Ling\u00fc\u00edstica, Filolog\u00edas, Historia, Historia del Arte, Geograf\u00eda, Filosof\u00eda) o de Ciencias Sociales y Jur\u00eddicas (Derecho, Pol\u00edticas, Econ\u00f3micas y Empresariales, Sociolog\u00eda, Relaciones Internacionales, Ciencias de la Informaci\u00f3n, Informaci\u00f3n y Documentaci\u00f3n).<\/p>\n<p style=\"padding-left: 60px; text-align: justify;\"><a href=\"http:\/\/grupos.unileon.es\/mastercultura\/files\/2015\/07\/Requisitos_acceso_cultura-y-pensamiento.pdf\" target=\"_blank\" rel=\"noopener noreferrer\">Tabla de titulaciones de acceso<\/a><\/p>\n<p style=\"padding-left: 60px; text-align: justify;\">Plazas Ofertadas: 20<\/p>\n<ul style=\"text-align: justify;\">\n<li><strong>Matr\u00edcula<\/strong><\/li>\n<\/ul>\n<p style=\"text-align: justify; padding-left: 60px;\">Los plazos de preinscripci\u00f3n, tanto para los estudiantes de nuevo ingreso como para los del segundo y tercer semestre\u00a0 son los fijados para los m\u00e1steres por la Universidad de Le\u00f3n.<br \/>\n<a href=\"https:\/\/www.unileon.es\/estudiantes\/futuros-estudiantes\/preinscripcion\/master\" rel=\"noopener noreferrer\">Plazos<\/a><\/p>\n","protected":false},"excerpt":{"rendered":"<p>Requisitos de acceso Con car\u00e1cter general los requisitos de acceso y matr\u00edcula vienen regulados\u00a0 por el Real Decreto 861\/2010, de 2 de julio, por el que se modifica el Real Decreto 1393\/2007, de 29 de octubre. Informaci\u00f3n en la web de la Universidad de Le\u00f3n. El M\u00e1ster en Cultura y Pensamiento europeo tiene un car\u00e1cter [&hellip;]<\/p>\n","protected":false},"author":86,"featured_media":0,"parent":0,"menu_order":0,"comment_status":"closed","ping_status":"closed","template":"","meta":{"footnotes":""},"class_list":["post-56","page","type-page","status-publish","hentry"],"_links":{"self":[{"href":"https:\/\/grupos.unileon.es\/mastercultura\/wp-json\/wp\/v2\/pages\/56","targetHints":{"allow":["GET"]}}],"collection":[{"href":"https:\/\/grupos.unileon.es\/mastercultura\/wp-json\/wp\/v2\/pages"}],"about":[{"href":"https:\/\/grupos.unileon.es\/mastercultura\/wp-json\/wp\/v2\/types\/page"}],"author":[{"embeddable":true,"href":"https:\/\/grupos.unileon.es\/mastercultura\/wp-json\/wp\/v2\/users\/86"}],"replies":[{"embeddable":true,"href":"https:\/\/grupos.unileon.es\/mastercultura\/wp-json\/wp\/v2\/comments?post=56"}],"version-history":[{"count":20,"href":"https:\/\/grupos.unileon.es\/mastercultura\/wp-json\/wp\/v2\/pages\/56\/revisions"}],"predecessor-version":[{"id":1109,"href":"https:\/\/grupos.unileon.es\/mastercultura\/wp-json\/wp\/v2\/pages\/56\/revisions\/1109"}],"wp:attachment":[{"href":"https:\/\/grupos.unileon.es\/mastercultura\/wp-json\/wp\/v2\/media?parent=56"}],"curies":[{"name":"wp","href":"https:\/\/api.w.org\/{rel}","templated":true}]}}