{"id":60,"date":"2015-07-05T10:42:13","date_gmt":"2015-07-05T10:42:13","guid":{"rendered":"http:\/\/grupos.unileon.es\/mastercultura\/?page_id=60"},"modified":"2019-09-30T09:16:51","modified_gmt":"2019-09-30T09:16:51","slug":"preinscripcion-y-matricula","status":"publish","type":"page","link":"https:\/\/grupos.unileon.es\/mastercultura\/preinscripcion-y-matricula\/","title":{"rendered":"M\u00e1s informaci\u00f3n de inter\u00e9s"},"content":{"rendered":"<p><img loading=\"lazy\" decoding=\"async\" class=\" size-medium wp-image-368 aligncenter\" src=\"http:\/\/grupos.unileon.es\/mastercultura\/files\/2015\/07\/masinformacion-300x220.jpg\" alt=\"masinformacion\" width=\"300\" height=\"220\" srcset=\"https:\/\/grupos.unileon.es\/mastercultura\/files\/2015\/07\/masinformacion-300x220.jpg 300w, https:\/\/grupos.unileon.es\/mastercultura\/files\/2015\/07\/masinformacion.jpg 302w\" sizes=\"auto, (max-width: 300px) 100vw, 300px\" \/><\/p>\n<p>&nbsp;<\/p>\n<ul>\n<ul>\n<li><a href=\"http:\/\/www.unileon.es\/estudiantes\/estudiantes-master\" target=\"_blank\" rel=\"noopener noreferrer\">Becas y ayudas<\/a><\/li>\n<li><a href=\"http:\/\/www.unileon.es\/estudiantes\/estudiantes-master\/homologacion-de-titulos-extranjeros-a-titulos-oficiales-de-master\" target=\"_blank\" rel=\"noopener noreferrer\">Homologaci\u00f3n de t\u00edtulos\u00a0<\/a><\/li>\n<li><a href=\"http:\/\/www.unileon.es\/estudiantes\/estudiantes-master\/reconocimiento-y-transferencia-de-creditos\" target=\"_blank\" rel=\"noopener noreferrer\">Reconocimiento y transferencia de cr\u00e9ditos<\/a><\/li>\n<li><a href=\"http:\/\/www.unileon.es\/estudiantes\/estudiantes-master\" target=\"_blank\" rel=\"noopener noreferrer\">Informaci\u00f3n adicional<\/a><\/li>\n<\/ul>\n<\/ul>\n<p>&nbsp;<\/p>\n<p>&nbsp;<\/p>\n","protected":false},"excerpt":{"rendered":"<p>&nbsp; Becas y ayudas Homologaci\u00f3n de t\u00edtulos\u00a0 Reconocimiento y transferencia de cr\u00e9ditos Informaci\u00f3n adicional &nbsp; &nbsp;<\/p>\n","protected":false},"author":86,"featured_media":0,"parent":0,"menu_order":0,"comment_status":"closed","ping_status":"closed","template":"","meta":{"footnotes":""},"class_list":["post-60","page","type-page","status-publish","hentry"],"_links":{"self":[{"href":"https:\/\/grupos.unileon.es\/mastercultura\/wp-json\/wp\/v2\/pages\/60","targetHints":{"allow":["GET"]}}],"collection":[{"href":"https:\/\/grupos.unileon.es\/mastercultura\/wp-json\/wp\/v2\/pages"}],"about":[{"href":"https:\/\/grupos.unileon.es\/mastercultura\/wp-json\/wp\/v2\/types\/page"}],"author":[{"embeddable":true,"href":"https:\/\/grupos.unileon.es\/mastercultura\/wp-json\/wp\/v2\/users\/86"}],"replies":[{"embeddable":true,"href":"https:\/\/grupos.unileon.es\/mastercultura\/wp-json\/wp\/v2\/comments?post=60"}],"version-history":[{"count":13,"href":"https:\/\/grupos.unileon.es\/mastercultura\/wp-json\/wp\/v2\/pages\/60\/revisions"}],"predecessor-version":[{"id":993,"href":"https:\/\/grupos.unileon.es\/mastercultura\/wp-json\/wp\/v2\/pages\/60\/revisions\/993"}],"wp:attachment":[{"href":"https:\/\/grupos.unileon.es\/mastercultura\/wp-json\/wp\/v2\/media?parent=60"}],"curies":[{"name":"wp","href":"https:\/\/api.w.org\/{rel}","templated":true}]}}