{"id":107,"date":"2013-07-03T17:14:06","date_gmt":"2013-07-03T17:14:06","guid":{"rendered":"http:\/\/grupos.unileon.es\/mebar\/?page_id=107"},"modified":"2013-12-20T16:21:45","modified_gmt":"2013-12-20T16:21:45","slug":"angeles-varela-olea","status":"publish","type":"page","link":"https:\/\/grupos.unileon.es\/mebar\/participantes-del-grupo\/angeles-varela-olea\/","title":{"rendered":"\u00c1ngeles Varela Olea"},"content":{"rendered":"<p style=\"text-align: justify;\"><a href=\"http:\/\/grupos.unileon.es\/mebar\/files\/2013\/07\/M.Varela.jpg\"><img loading=\"lazy\" decoding=\"async\" class=\"alignleft  wp-image-108\" style=\"border: white 10px solid;\" alt=\"M.Varela\" src=\"http:\/\/grupos.unileon.es\/mebar\/files\/2013\/07\/M.Varela.jpg\" width=\"124\" height=\"166\" \/><\/a>Profesora adjunta de Literatura Espa\u00f1ola en la Universidad CEU San Pablo (Madrid). Doctora en Filolog\u00eda Hisp\u00e1nica por la Universidad Complutense (2000) y especialista en Literatura de los siglos XIX y XX.<\/p>\n<p style=\"text-align: justify;\">Sus publicaciones se han centrado preferentemente en la imbricaci\u00f3n entre pensamiento y literatura, ya sea pol\u00edtico, filos\u00f3fico o en torno a la mujer, as\u00ed como los cauces ret\u00f3ricos por los que manifiesta. En esa l\u00ednea, es autora de diversas publicaciones, entre las que destacan: <i>Gald\u00f3s regeneracionista<\/i> (2000); <i>El regeneracionismo galdosiano en la prensa,<\/i> Premio Internacional de Investigaci\u00f3n P\u00e9rez Gald\u00f3s (2002); <i>Don Quijote, mitologema nacional. Literatura y pol\u00edtica entre la Septembrina y la II Rep\u00fablica<\/i> (2005); <i>Conciencia y libertad en la literatura europea<\/i> (2011). Adem\u00e1s de ser autora y editora de obras colectivas como <i>Huellas de don Quijote <\/i>(2005); <i>Voces de la feminidad. Literatura y ret\u00f3rica de la mujer <\/i>(2006);<i> <\/i>o <i>Lengua y literatura sobre la violencia contra la mujer <\/i>(2011).<\/p>\n","protected":false},"excerpt":{"rendered":"<p>Profesora adjunta de Literatura Espa\u00f1ola en la Universidad CEU San Pablo (Madrid). Doctora en Filolog\u00eda Hisp\u00e1nica por la Universidad Complutense (2000) y especialista en Literatura de los siglos XIX y XX. Sus publicaciones se han centrado preferentemente en la imbricaci\u00f3n entre pensamiento y literatura, ya sea pol\u00edtico, filos\u00f3fico o en torno a la mujer, as\u00ed [&hellip;]<\/p>\n","protected":false},"author":16,"featured_media":0,"parent":42,"menu_order":0,"comment_status":"closed","ping_status":"closed","template":"","meta":{"footnotes":""},"class_list":["post-107","page","type-page","status-publish","hentry"],"_links":{"self":[{"href":"https:\/\/grupos.unileon.es\/mebar\/wp-json\/wp\/v2\/pages\/107","targetHints":{"allow":["GET"]}}],"collection":[{"href":"https:\/\/grupos.unileon.es\/mebar\/wp-json\/wp\/v2\/pages"}],"about":[{"href":"https:\/\/grupos.unileon.es\/mebar\/wp-json\/wp\/v2\/types\/page"}],"author":[{"embeddable":true,"href":"https:\/\/grupos.unileon.es\/mebar\/wp-json\/wp\/v2\/users\/16"}],"replies":[{"embeddable":true,"href":"https:\/\/grupos.unileon.es\/mebar\/wp-json\/wp\/v2\/comments?post=107"}],"version-history":[{"count":3,"href":"https:\/\/grupos.unileon.es\/mebar\/wp-json\/wp\/v2\/pages\/107\/revisions"}],"predecessor-version":[{"id":234,"href":"https:\/\/grupos.unileon.es\/mebar\/wp-json\/wp\/v2\/pages\/107\/revisions\/234"}],"up":[{"embeddable":true,"href":"https:\/\/grupos.unileon.es\/mebar\/wp-json\/wp\/v2\/pages\/42"}],"wp:attachment":[{"href":"https:\/\/grupos.unileon.es\/mebar\/wp-json\/wp\/v2\/media?parent=107"}],"curies":[{"name":"wp","href":"https:\/\/api.w.org\/{rel}","templated":true}]}}