{"id":1161,"date":"2015-08-22T18:42:35","date_gmt":"2015-08-22T18:42:35","guid":{"rendered":"http:\/\/grupos.unileon.es\/mebar\/?page_id=1161"},"modified":"2015-08-22T18:42:35","modified_gmt":"2015-08-22T18:42:35","slug":"mirabile-critica-literaria-aleman","status":"publish","type":"page","link":"https:\/\/grupos.unileon.es\/mebar\/mirabile-critica-literaria-aleman\/","title":{"rendered":"Mirabile. Cr\u00edtica literaria alem\u00e1n"},"content":{"rendered":"<p><strong>SCHLEGEL, Friedrich.<\/strong>\u00a0\u201cKritische Fragmente\u00bb. 1797.\u00a0 <em>Kritische Schriften und Fragmente (1798-1801)<\/em>.\u00a0<em>Studienausgabe.<\/em><em>\u00a0<\/em>Herausgegeben von Ernst Behler und Hans Eichner. Paderborn. M\u00fcnchen. Wien. Z\u00fcrich: Ferdinand Sch\u00f6ningh, Band 1, 1988. 239-250. Impreso.<\/p>\n<p style=\"padding-left: 30px;\"><span style=\"color: #999999;\"><strong>Schlegel,<\/strong>\u00a0Friedrich. \u201cFragmentos cr\u00edticos\u00bb. 1797.\u00a0<em>Fragmentos, seguido de Sobre la incomprensibilidad.<\/em>\u00a0Trad. y notas de Pere Pajerols. Barcelona: Marbot Ed., 2009. 25-55. Impreso.<\/span><\/p>\n<p><strong>Schlegel, F<\/strong>. 1797.<\/p>\n<p>[frg. 127, p. 250] Es ist indelikat, sich dr\u00fcber zu wundern, wenn etwas sch\u00f6n ist, oder gro\u00df; als ob es anders sein d\u00fcrfte.<\/p>\n<p style=\"padding-left: 30px;\"><span style=\"color: #999999;\"><strong>Schlegel, F.<\/strong><strong>\u00a0<\/strong>1797 (Trad. y notas de Pere Pajerols, 2009)<\/span><\/p>\n<p style=\"padding-left: 30px;\"><span style=\"color: #999999;\">[frg. 127, p. 55] Es una falta de delicadeza mostrar asombro cuando algo es bello o grande, como si se insinuase que podr\u00eda ser de otro modo.\u00a0<\/span><\/p>\n","protected":false},"excerpt":{"rendered":"<p>SCHLEGEL, Friedrich.\u00a0\u201cKritische Fragmente\u00bb. 1797.\u00a0 Kritische Schriften und Fragmente (1798-1801).\u00a0Studienausgabe.\u00a0Herausgegeben von Ernst Behler und Hans Eichner. Paderborn. M\u00fcnchen. Wien. Z\u00fcrich: Ferdinand Sch\u00f6ningh, Band 1, 1988. 239-250. Impreso. Schlegel,\u00a0Friedrich. \u201cFragmentos cr\u00edticos\u00bb. 1797.\u00a0Fragmentos, seguido de Sobre la incomprensibilidad.\u00a0Trad. y notas de Pere Pajerols. Barcelona: Marbot Ed., 2009. 25-55. Impreso. Schlegel, F. 1797. [frg. 127, p. 250] Es ist [&hellip;]<\/p>\n","protected":false},"author":16,"featured_media":0,"parent":0,"menu_order":0,"comment_status":"closed","ping_status":"closed","template":"","meta":{"footnotes":""},"class_list":["post-1161","page","type-page","status-publish","hentry"],"_links":{"self":[{"href":"https:\/\/grupos.unileon.es\/mebar\/wp-json\/wp\/v2\/pages\/1161","targetHints":{"allow":["GET"]}}],"collection":[{"href":"https:\/\/grupos.unileon.es\/mebar\/wp-json\/wp\/v2\/pages"}],"about":[{"href":"https:\/\/grupos.unileon.es\/mebar\/wp-json\/wp\/v2\/types\/page"}],"author":[{"embeddable":true,"href":"https:\/\/grupos.unileon.es\/mebar\/wp-json\/wp\/v2\/users\/16"}],"replies":[{"embeddable":true,"href":"https:\/\/grupos.unileon.es\/mebar\/wp-json\/wp\/v2\/comments?post=1161"}],"version-history":[{"count":1,"href":"https:\/\/grupos.unileon.es\/mebar\/wp-json\/wp\/v2\/pages\/1161\/revisions"}],"predecessor-version":[{"id":1162,"href":"https:\/\/grupos.unileon.es\/mebar\/wp-json\/wp\/v2\/pages\/1161\/revisions\/1162"}],"wp:attachment":[{"href":"https:\/\/grupos.unileon.es\/mebar\/wp-json\/wp\/v2\/media?parent=1161"}],"curies":[{"name":"wp","href":"https:\/\/api.w.org\/{rel}","templated":true}]}}