{"id":122,"date":"2013-07-11T15:13:46","date_gmt":"2013-07-11T15:13:46","guid":{"rendered":"http:\/\/grupos.unileon.es\/mebar\/?page_id=122"},"modified":"2015-12-09T12:13:14","modified_gmt":"2015-12-09T12:13:14","slug":"novedades","status":"publish","type":"page","link":"https:\/\/grupos.unileon.es\/mebar\/novedades\/","title":{"rendered":"Novedades. 2014"},"content":{"rendered":"<h3><span style=\"color: #993300;\">\u00a0<\/span><strong><span style=\"color: #993300;\">ENERO 2014<\/span><\/strong><\/h3>\n<h3><strong>Congreso Internacional. <\/strong><a href=\"http:\/\/grupos.unileon.es\/mebar\/wp-content\/blogs.dir\/4\/files\/2013\/07\/International-Conference-Retorica.pdf\">International Conference-Retorica<\/a>.<\/h3>\n<h4><b>RET\u00d3RICA Y NARRATIVA \/ RH\u00c9TORIQUE ET NARRATIVE \/\u00a0<\/b><b>RHETORIC AND NARRATIVE \/ \u00a0NARRATIVE RHETORIK.<\/b><\/h4>\n<h3>Le\u00f3n, 13-14th January 2014<\/h3>\n<h3><b><br \/>\n<\/b><strong>Programa congreso:<\/strong> <a href=\"K:\\PROYECTO-ASUN-RETORICA\\CONGRESO\\Impresion\"><strong>Ret\u00f3rica y Narrativa<\/strong><\/a>. Call for papers<\/h3>\n<p>Coordinadoras: Mar\u00eda Asunci\u00f3n S\u00e1nchez Manzano y Josefa Gallego Lorenzo.<br \/>\nLugar: Biblioteca Central \u00abSan Isidoro de Le\u00f3n\u00bb. Universidad de Le\u00f3n.<br \/>\nFecha: 13 y 14, Enero 2014.<\/p>\n<p><strong><a href=\"http:\/\/grupos.unileon.es\/mebar\/files\/2013\/07\/Resultados-CONGRESO.pdf\">Resultados-CONGRESO<\/a><\/strong><\/p>\n<hr \/>\n<h3><strong><span style=\"color: #993300;\">MARZO<\/span><\/strong><strong><span style=\"color: #993300;\">\u00a02014<\/span><\/strong><\/h3>\n<p>El 14 de marzo se \u00a0constituy\u00f3 la RedCORhE. Red de universidades que promueve la investigaci\u00f3n en ret\u00f3rica.<\/p>\n<h3><a href=\"http:\/\/grupos.unileon.es\/mebar\/novedades\/redcorhe2\/\" rel=\"attachment wp-att-281\"><img loading=\"lazy\" decoding=\"async\" class=\"wp-image-281 aligncenter\" src=\"http:\/\/grupos.unileon.es\/mebar\/files\/2013\/07\/RedCORhe2-300x225.jpg\" alt=\"RedCORhe2\" width=\"287\" height=\"215\" srcset=\"https:\/\/grupos.unileon.es\/mebar\/files\/2013\/07\/RedCORhe2-300x225.jpg 300w, https:\/\/grupos.unileon.es\/mebar\/files\/2013\/07\/RedCORhe2-1024x768.jpg 1024w, https:\/\/grupos.unileon.es\/mebar\/files\/2013\/07\/RedCORhe2.jpg 2048w\" sizes=\"auto, (max-width: 287px) 100vw, 287px\" \/><\/a><\/h3>\n<p>&nbsp;<\/p>\n<p><a href=\"http:\/\/grupos.unileon.es\/mebar\/novedades\/redcorhe1\/\" rel=\"attachment wp-att-280\"><img loading=\"lazy\" decoding=\"async\" class=\"wp-image-280 aligncenter\" src=\"http:\/\/grupos.unileon.es\/mebar\/files\/2013\/07\/REdCORhe1-300x225.jpg\" alt=\"REdCORhe1\" width=\"300\" height=\"225\" srcset=\"https:\/\/grupos.unileon.es\/mebar\/files\/2013\/07\/REdCORhe1-300x225.jpg 300w, https:\/\/grupos.unileon.es\/mebar\/files\/2013\/07\/REdCORhe1-1024x768.jpg 1024w, https:\/\/grupos.unileon.es\/mebar\/files\/2013\/07\/REdCORhe1.jpg 2048w\" sizes=\"auto, (max-width: 300px) 100vw, 300px\" \/><\/a><\/p>\n<hr \/>\n<h3><strong><span style=\"color: #993300;\">ABRIL 2014<\/span><\/strong><\/h3>\n<p><strong><span style=\"color: #000000;\">Congreso Internacional.\u00a0<\/span><\/strong><span style=\"color: #000000;\">XVI Jornadas Internacionales de Theatralia.<br \/>\n<\/span><span style=\"color: #000000;\">Madrid, 22, 23, 24 y 25, abril 2014.<br \/>\n<\/span><span style=\"color: #800000;\">Sexo, adulterio y amor en el teatro.<\/span><\/p>\n<hr \/>\n<h3>\u00a0<strong><span style=\"color: #993300;\">MAYO 2014<\/span><\/strong><\/h3>\n<p>Adhesi\u00f3n del Grupo Mebar a la OIR (Organizaci\u00f3n Iberoamericana de Ret\u00f3rica) integrada en la ISHR (International Society for the History of Rhetoric).<\/p>\n<p>&nbsp;<\/p>\n<p><a href=\"http:\/\/grupos.unileon.es\/mebar\/files\/2013\/07\/oPORTO.png\"><img loading=\"lazy\" decoding=\"async\" class=\"aligncenter size-medium wp-image-321\" src=\"http:\/\/grupos.unileon.es\/mebar\/files\/2013\/07\/oPORTO-300x118.png\" alt=\"oPORTO\" width=\"300\" height=\"118\" srcset=\"https:\/\/grupos.unileon.es\/mebar\/files\/2013\/07\/oPORTO-300x118.png 300w, https:\/\/grupos.unileon.es\/mebar\/files\/2013\/07\/oPORTO.png 927w\" sizes=\"auto, (max-width: 300px) 100vw, 300px\" \/><\/a><\/p>\n<hr \/>\n<p><strong><span style=\"color: #993300;\">\u00a0Anuncio de congreso<\/span><\/strong><\/p>\n<p><strong>Congreso Universitario Internacional sobre la comunicaci\u00f3n en la profesi\u00f3n y en la universidad de hoy: <\/strong><em><strong>Contenidos, Investigaci\u00f3n, Innovaci\u00f3n y Docencia<\/strong> . <\/em>Se celebrar\u00e1 el 22 y 23 octubre de 2014 en la \u00a0Facultad de Ciencias de la Informaci\u00f3n (Universidad Complutense de Madrid).\u00a0<a href=\"http:\/\/www.seeci.net\/cuiciid\">www.seeci.net\/cuiciid<\/a>.<\/p>\n<p>Organizado por F\u00f3rum XXI y la Editorial McGraw Hill (Virtual y en L\u00ednea).<\/p>\n<p><strong>Fechas clave:<\/strong><\/p>\n<ul>\n<li><strong>13 de junio<\/strong>\u00a0(viernes). Cierre de env\u00edo de res\u00famenes (pesta\u00f1a \u2018RES\u00daMENES\u2019).<\/li>\n<li><strong>23 de junio<\/strong>\u00a0(lunes). Env\u00edo de informes de aceptaci\u00f3n o denegaci\u00f3n tras revisi\u00f3n. Se abre la matriculaci\u00f3n (pesta\u00f1a \u2018INSCRIPCIONES\u2019) (191 \u20ac por autor y ponencia).<\/li>\n<li><strong>7 de julio<\/strong>\u00a0(lunes). Cierre de matriculaci\u00f3n.<\/li>\n<li><strong>15 de septiembre<\/strong>\u00a0(lunes). Env\u00edo de ponencias completas (pesta\u00f1a \u2018PONENCIAS\u2019).<\/li>\n<li><strong>22 y 23 de octubre<\/strong>\u00a0(mi\u00e9rcoles y jueves). Celebraci\u00f3n del Congreso (virtual, no presencial).<\/li>\n<\/ul>\n<p>&nbsp;<\/p>\n<hr \/>\n<p>&nbsp;<\/p>\n","protected":false},"excerpt":{"rendered":"<p>\u00a0ENERO 2014 Congreso Internacional. International Conference-Retorica. RET\u00d3RICA Y NARRATIVA \/ RH\u00c9TORIQUE ET NARRATIVE \/\u00a0RHETORIC AND NARRATIVE \/ \u00a0NARRATIVE RHETORIK. Le\u00f3n, 13-14th January 2014 Programa congreso: Ret\u00f3rica y Narrativa. Call for papers Coordinadoras: Mar\u00eda Asunci\u00f3n S\u00e1nchez Manzano y Josefa Gallego Lorenzo. Lugar: Biblioteca Central \u00abSan Isidoro de Le\u00f3n\u00bb. Universidad de Le\u00f3n. Fecha: 13 y 14, Enero [&hellip;]<\/p>\n","protected":false},"author":16,"featured_media":0,"parent":0,"menu_order":0,"comment_status":"closed","ping_status":"closed","template":"","meta":{"footnotes":""},"class_list":["post-122","page","type-page","status-publish","hentry"],"_links":{"self":[{"href":"https:\/\/grupos.unileon.es\/mebar\/wp-json\/wp\/v2\/pages\/122","targetHints":{"allow":["GET"]}}],"collection":[{"href":"https:\/\/grupos.unileon.es\/mebar\/wp-json\/wp\/v2\/pages"}],"about":[{"href":"https:\/\/grupos.unileon.es\/mebar\/wp-json\/wp\/v2\/types\/page"}],"author":[{"embeddable":true,"href":"https:\/\/grupos.unileon.es\/mebar\/wp-json\/wp\/v2\/users\/16"}],"replies":[{"embeddable":true,"href":"https:\/\/grupos.unileon.es\/mebar\/wp-json\/wp\/v2\/comments?post=122"}],"version-history":[{"count":61,"href":"https:\/\/grupos.unileon.es\/mebar\/wp-json\/wp\/v2\/pages\/122\/revisions"}],"predecessor-version":[{"id":2242,"href":"https:\/\/grupos.unileon.es\/mebar\/wp-json\/wp\/v2\/pages\/122\/revisions\/2242"}],"wp:attachment":[{"href":"https:\/\/grupos.unileon.es\/mebar\/wp-json\/wp\/v2\/media?parent=122"}],"curies":[{"name":"wp","href":"https:\/\/api.w.org\/{rel}","templated":true}]}}