{"id":1389,"date":"2015-08-23T18:14:41","date_gmt":"2015-08-23T18:14:41","guid":{"rendered":"http:\/\/grupos.unileon.es\/mebar\/?page_id=1389"},"modified":"2015-08-23T18:14:41","modified_gmt":"2015-08-23T18:14:41","slug":"insinuatio-recepcion-aleman","status":"publish","type":"page","link":"https:\/\/grupos.unileon.es\/mebar\/insinuatio-recepcion-aleman\/","title":{"rendered":"Insinuatio. Recepci\u00f3n alem\u00e1n"},"content":{"rendered":"<p><strong>UEDING, G<\/strong>.\u00a0<em>Historisches W\u00f6rterbuch der Rhetorik.<\/em>\u00a0T\u00fcrbingen: Niemeyer, 1992-2009, 10 vols.<\/p>\n<p><strong>Insinuatio, ephodos <\/strong><\/p>\n<p><strong>Ueding<\/strong>, G. Historisches W\u00f6rterbuch: Band IV, pp. 418-423<\/p>\n<p style=\"text-align: justify;\">[p. 418] Abgeleitet von lateinische \u201ase insinuare\u2019, bezeichnet Insinuatio als Terminus der r\u00f6mischen Gerichtsrhetorik neben principium (direkte Einleitung) eine der beiden Gestaltungsm\u00f6glichkeiten des Redebeginns (exordium) Die kommt dann zur Anwendung, wenn der Redner bei seinen Zuh\u00f6ren soviel Abneigung oder Deinteresse gegen die von ihm vertretene Sache oder Person zu gew\u00e4rtigen hat, dass er es nicht wagen kann, das Wohlwollen und die Aufgeschlossenheit des Publikums auf -direktem Wege zu erbitten, sondern auf suggestive Techniken der Sympathigewinnung (captatio benevolentiae) wie\u00a0 Unterstellung, \u00dcberrumpelung und Witz ausweichen muss. Im Rahmen der Exordiatopik bietet die antike Rhetorik hierf\u00fcr spezielle psychologische Tricks, die auch unabh\u00e4ngig von expliziertem technischem Wissen zu allen Zeiten mit Erfolg praktiziert werden.<\/p>\n","protected":false},"excerpt":{"rendered":"<p>UEDING, G.\u00a0Historisches W\u00f6rterbuch der Rhetorik.\u00a0T\u00fcrbingen: Niemeyer, 1992-2009, 10 vols. Insinuatio, ephodos Ueding, G. Historisches W\u00f6rterbuch: Band IV, pp. 418-423 [p. 418] Abgeleitet von lateinische \u201ase insinuare\u2019, bezeichnet Insinuatio als Terminus der r\u00f6mischen Gerichtsrhetorik neben principium (direkte Einleitung) eine der beiden Gestaltungsm\u00f6glichkeiten des Redebeginns (exordium) Die kommt dann zur Anwendung, wenn der Redner bei seinen Zuh\u00f6ren [&hellip;]<\/p>\n","protected":false},"author":16,"featured_media":0,"parent":0,"menu_order":0,"comment_status":"closed","ping_status":"closed","template":"","meta":{"footnotes":""},"class_list":["post-1389","page","type-page","status-publish","hentry"],"_links":{"self":[{"href":"https:\/\/grupos.unileon.es\/mebar\/wp-json\/wp\/v2\/pages\/1389","targetHints":{"allow":["GET"]}}],"collection":[{"href":"https:\/\/grupos.unileon.es\/mebar\/wp-json\/wp\/v2\/pages"}],"about":[{"href":"https:\/\/grupos.unileon.es\/mebar\/wp-json\/wp\/v2\/types\/page"}],"author":[{"embeddable":true,"href":"https:\/\/grupos.unileon.es\/mebar\/wp-json\/wp\/v2\/users\/16"}],"replies":[{"embeddable":true,"href":"https:\/\/grupos.unileon.es\/mebar\/wp-json\/wp\/v2\/comments?post=1389"}],"version-history":[{"count":1,"href":"https:\/\/grupos.unileon.es\/mebar\/wp-json\/wp\/v2\/pages\/1389\/revisions"}],"predecessor-version":[{"id":1390,"href":"https:\/\/grupos.unileon.es\/mebar\/wp-json\/wp\/v2\/pages\/1389\/revisions\/1390"}],"wp:attachment":[{"href":"https:\/\/grupos.unileon.es\/mebar\/wp-json\/wp\/v2\/media?parent=1389"}],"curies":[{"name":"wp","href":"https:\/\/api.w.org\/{rel}","templated":true}]}}