{"id":1780,"date":"2015-09-17T22:23:24","date_gmt":"2015-09-17T22:23:24","guid":{"rendered":"http:\/\/grupos.unileon.es\/mebar\/?page_id=1780"},"modified":"2015-09-17T22:24:36","modified_gmt":"2015-09-17T22:24:36","slug":"allegoria-definicion-latin","status":"publish","type":"page","link":"https:\/\/grupos.unileon.es\/mebar\/allegoria-definicion-latin\/","title":{"rendered":"Allegoria. Definici\u00f3n lat\u00edn"},"content":{"rendered":"<p>La alegor\u00eda es una met\u00e1fora continuada en una frase o discurso. Forma parte del grupo de las figuras de pensamiento<em> per immutationem <\/em>(una de las cuatro categor\u00edas modificativas del lenguaje <em>adiectio<\/em><em>, <\/em><em>detractio<\/em><em>, <\/em><em>metathesis <\/em>o<em> transmutatio<\/em><em>, <\/em><em>immutatio<\/em>) (Qvint. inst. 9, 2, 46; Laubs. II, 895-901).<\/p>\n","protected":false},"excerpt":{"rendered":"<p>La alegor\u00eda es una met\u00e1fora continuada en una frase o discurso. Forma parte del grupo de las figuras de pensamiento per immutationem (una de las cuatro categor\u00edas modificativas del lenguaje adiectio, detractio, metathesis o transmutatio, immutatio) (Qvint. inst. 9, 2, 46; Laubs. II, 895-901).<\/p>\n","protected":false},"author":16,"featured_media":0,"parent":0,"menu_order":0,"comment_status":"closed","ping_status":"closed","template":"","meta":{"footnotes":""},"class_list":["post-1780","page","type-page","status-publish","hentry"],"_links":{"self":[{"href":"https:\/\/grupos.unileon.es\/mebar\/wp-json\/wp\/v2\/pages\/1780","targetHints":{"allow":["GET"]}}],"collection":[{"href":"https:\/\/grupos.unileon.es\/mebar\/wp-json\/wp\/v2\/pages"}],"about":[{"href":"https:\/\/grupos.unileon.es\/mebar\/wp-json\/wp\/v2\/types\/page"}],"author":[{"embeddable":true,"href":"https:\/\/grupos.unileon.es\/mebar\/wp-json\/wp\/v2\/users\/16"}],"replies":[{"embeddable":true,"href":"https:\/\/grupos.unileon.es\/mebar\/wp-json\/wp\/v2\/comments?post=1780"}],"version-history":[{"count":3,"href":"https:\/\/grupos.unileon.es\/mebar\/wp-json\/wp\/v2\/pages\/1780\/revisions"}],"predecessor-version":[{"id":1783,"href":"https:\/\/grupos.unileon.es\/mebar\/wp-json\/wp\/v2\/pages\/1780\/revisions\/1783"}],"wp:attachment":[{"href":"https:\/\/grupos.unileon.es\/mebar\/wp-json\/wp\/v2\/media?parent=1780"}],"curies":[{"name":"wp","href":"https:\/\/api.w.org\/{rel}","templated":true}]}}