{"id":1938,"date":"2015-09-18T10:53:21","date_gmt":"2015-09-18T10:53:21","guid":{"rendered":"http:\/\/grupos.unileon.es\/mebar\/?page_id=1938"},"modified":"2015-09-18T10:53:21","modified_gmt":"2015-09-18T10:53:21","slug":"antonomasia-definicion-frances","status":"publish","type":"page","link":"https:\/\/grupos.unileon.es\/mebar\/antonomasia-definicion-frances\/","title":{"rendered":"Antonomasia. Definici\u00f3n franc\u00e9s"},"content":{"rendered":"<p><strong>MORIER, H.<\/strong>\u00a0<em>Dictionnaire de po\u00e9tique et de rh\u00e9torique.<\/em>\u00a0Paris: Presses Universitaires de France, 1961.<\/p>\n<p><strong>\u00a0Morier<\/strong>. 1961<\/p>\n<p style=\"text-align: justify;\">[p. 127] Figure par laquelle on remplace\u00a0: a) un nom commun par un \u00a0nom propre, ou b) un nom propre par un nom commun. Un cas particulier de la<em> m\u00e9tonymie<\/em>.<br \/>\nQuand elle d\u00e9signe une personne, soit divine, soit mythologique ou romanesque, la <em>p\u00e9riphrase<\/em> est une des formes de l\u00b4antonomase.<\/p>\n<hr \/>\n<p style=\"text-align: justify;\">\n<p><strong>GORP,<\/strong><strong>\u00a0<\/strong><strong>Hendrik van. et al.<\/strong><strong>\u00a0<\/strong><em>Dictionnaire des termes litt\u00e9raires.<\/em>\u00a0Paris: Champion Classiques. H. Champion. 2005.<\/p>\n<p><strong>Gorp, et al.<\/strong> 2005<\/p>\n<p style=\"text-align: justify;\">\u00a0[p. 40]<strong> Antonomase<\/strong> (lat. Antonomasia &gt; gr. Antonomazein = appeler d\u00b4un nom diff\u00e9rent).<\/p>\n<p style=\"text-align: justify;\">Trope qui consiste \u00e0 remplacer un nom usuel par un attribut propre \u00e0 l\u00b4objet ou \u00e0 l\u00b4\u00e8tre qu\u00b4il d\u00e9signe\u00a0: le \u00ab\u00a0Malin\u00a0\u00bb pour satan. Cet attribut peut \u00e9galement s\u00b4appliquer \u00e0 un nom propre, qui devient alors comme le type m\u00eame de l\u00b4objet ou de l\u00b4\u00eatre d\u00e9sign\u00e9\u00a0: \u00ab\u00a0Mars\u00a0\u00bb pour la guerre, \u00ab\u00a0Harpagon\u00a0\u00bb pour un avare.<\/p>\n<p style=\"text-align: justify;\">\n","protected":false},"excerpt":{"rendered":"<p>MORIER, H.\u00a0Dictionnaire de po\u00e9tique et de rh\u00e9torique.\u00a0Paris: Presses Universitaires de France, 1961. \u00a0Morier. 1961 [p. 127] Figure par laquelle on remplace\u00a0: a) un nom commun par un \u00a0nom propre, ou b) un nom propre par un nom commun. Un cas particulier de la m\u00e9tonymie. Quand elle d\u00e9signe une personne, soit divine, soit mythologique ou romanesque, [&hellip;]<\/p>\n","protected":false},"author":16,"featured_media":0,"parent":0,"menu_order":0,"comment_status":"closed","ping_status":"closed","template":"","meta":{"footnotes":""},"class_list":["post-1938","page","type-page","status-publish","hentry"],"_links":{"self":[{"href":"https:\/\/grupos.unileon.es\/mebar\/wp-json\/wp\/v2\/pages\/1938","targetHints":{"allow":["GET"]}}],"collection":[{"href":"https:\/\/grupos.unileon.es\/mebar\/wp-json\/wp\/v2\/pages"}],"about":[{"href":"https:\/\/grupos.unileon.es\/mebar\/wp-json\/wp\/v2\/types\/page"}],"author":[{"embeddable":true,"href":"https:\/\/grupos.unileon.es\/mebar\/wp-json\/wp\/v2\/users\/16"}],"replies":[{"embeddable":true,"href":"https:\/\/grupos.unileon.es\/mebar\/wp-json\/wp\/v2\/comments?post=1938"}],"version-history":[{"count":1,"href":"https:\/\/grupos.unileon.es\/mebar\/wp-json\/wp\/v2\/pages\/1938\/revisions"}],"predecessor-version":[{"id":1939,"href":"https:\/\/grupos.unileon.es\/mebar\/wp-json\/wp\/v2\/pages\/1938\/revisions\/1939"}],"wp:attachment":[{"href":"https:\/\/grupos.unileon.es\/mebar\/wp-json\/wp\/v2\/media?parent=1938"}],"curies":[{"name":"wp","href":"https:\/\/api.w.org\/{rel}","templated":true}]}}