{"id":1951,"date":"2015-09-18T11:19:05","date_gmt":"2015-09-18T11:19:05","guid":{"rendered":"http:\/\/grupos.unileon.es\/mebar\/?page_id=1951"},"modified":"2015-09-18T11:19:13","modified_gmt":"2015-09-18T11:19:13","slug":"distinctio-critica-literaria-frances","status":"publish","type":"page","link":"https:\/\/grupos.unileon.es\/mebar\/distinctio-critica-literaria-frances\/","title":{"rendered":"Distinctio. Cr\u00edtica literaria franc\u00e9s"},"content":{"rendered":"<p style=\"text-align: justify;\"><strong>VOLTAIRE.<\/strong>\u00a0 \u201c\u00c9loquence\u201d. Eds. Diderot, Denis y Jean\u00a0Le Rond d\u2019Alembert. <em>Encyclop\u00e9die, ou Dictionnaire raisonn\u00e9 des sciences, des arts et des m\u00e9tiers.<\/em><em>\u00a0<\/em>Paris:\u00a0Briasson, David, Le Breton et Durand, 1755. 17 vols.<\/p>\n<p style=\"text-align: justify;\"><strong>Voltaire.\u00a0<\/strong>1755. Vol. 5<\/p>\n<p>\u00a0[ p. 236] <strong>Distinction.<\/strong>\u00a0 Substantif f\u00e9minin. Le second <em>ti<\/em> se prononce comme <em>ci<\/em>. <em>La distinction d\u00b4une chose et d\u00b4une autre. Distinction d\u00b4une chose d\u00b4avec une autre. Distinction entre une chose et une autre. <\/em><\/p>\n","protected":false},"excerpt":{"rendered":"<p>VOLTAIRE.\u00a0 \u201c\u00c9loquence\u201d. Eds. Diderot, Denis y Jean\u00a0Le Rond d\u2019Alembert. Encyclop\u00e9die, ou Dictionnaire raisonn\u00e9 des sciences, des arts et des m\u00e9tiers.\u00a0Paris:\u00a0Briasson, David, Le Breton et Durand, 1755. 17 vols. Voltaire.\u00a01755. Vol. 5 \u00a0[ p. 236] Distinction.\u00a0 Substantif f\u00e9minin. Le second ti se prononce comme ci. La distinction d\u00b4une chose et d\u00b4une autre. Distinction d\u00b4une chose d\u00b4avec [&hellip;]<\/p>\n","protected":false},"author":16,"featured_media":0,"parent":0,"menu_order":0,"comment_status":"closed","ping_status":"closed","template":"","meta":{"footnotes":""},"class_list":["post-1951","page","type-page","status-publish","hentry"],"_links":{"self":[{"href":"https:\/\/grupos.unileon.es\/mebar\/wp-json\/wp\/v2\/pages\/1951","targetHints":{"allow":["GET"]}}],"collection":[{"href":"https:\/\/grupos.unileon.es\/mebar\/wp-json\/wp\/v2\/pages"}],"about":[{"href":"https:\/\/grupos.unileon.es\/mebar\/wp-json\/wp\/v2\/types\/page"}],"author":[{"embeddable":true,"href":"https:\/\/grupos.unileon.es\/mebar\/wp-json\/wp\/v2\/users\/16"}],"replies":[{"embeddable":true,"href":"https:\/\/grupos.unileon.es\/mebar\/wp-json\/wp\/v2\/comments?post=1951"}],"version-history":[{"count":2,"href":"https:\/\/grupos.unileon.es\/mebar\/wp-json\/wp\/v2\/pages\/1951\/revisions"}],"predecessor-version":[{"id":1953,"href":"https:\/\/grupos.unileon.es\/mebar\/wp-json\/wp\/v2\/pages\/1951\/revisions\/1953"}],"wp:attachment":[{"href":"https:\/\/grupos.unileon.es\/mebar\/wp-json\/wp\/v2\/media?parent=1951"}],"curies":[{"name":"wp","href":"https:\/\/api.w.org\/{rel}","templated":true}]}}