{"id":2000,"date":"2015-09-18T15:16:26","date_gmt":"2015-09-18T15:16:26","guid":{"rendered":"http:\/\/grupos.unileon.es\/mebar\/?page_id=2000"},"modified":"2015-09-18T15:16:26","modified_gmt":"2015-09-18T15:16:26","slug":"hyperbole-definicion-latin","status":"publish","type":"page","link":"https:\/\/grupos.unileon.es\/mebar\/hyperbole-definicion-latin\/","title":{"rendered":"Hyperbole. Definici\u00f3n lat\u00edn"},"content":{"rendered":"<p style=\"text-align: justify;\"><strong>Hyperbole<\/strong><br \/>\nConsiste en una extensi\u00f3n abusiva de la designaci\u00f3n para una palabra que excede de esta manera la propiedad de su uso. Se ajusta normalmente a la met\u00e1fora, en el grupo de las figuras de pensamiento. En oratoria se emplea para el encarecimiento de la causa a manera de <em>evidentia<\/em>, o al modo de una amplificaci\u00f3n gradual que anula la verosimilitud. Puede ser una intensificaci\u00f3n gradual, aprovechar una semejanza o hacer una comparaci\u00f3n; en ocasiones magnifica los indicios. (Qvint. inst. 8, 6, 67; Lausb. II, \u00a7 579; 909-910).<\/p>\n","protected":false},"excerpt":{"rendered":"<p>Hyperbole Consiste en una extensi\u00f3n abusiva de la designaci\u00f3n para una palabra que excede de esta manera la propiedad de su uso. Se ajusta normalmente a la met\u00e1fora, en el grupo de las figuras de pensamiento. En oratoria se emplea para el encarecimiento de la causa a manera de evidentia, o al modo de una [&hellip;]<\/p>\n","protected":false},"author":16,"featured_media":0,"parent":0,"menu_order":0,"comment_status":"closed","ping_status":"closed","template":"","meta":{"footnotes":""},"class_list":["post-2000","page","type-page","status-publish","hentry"],"_links":{"self":[{"href":"https:\/\/grupos.unileon.es\/mebar\/wp-json\/wp\/v2\/pages\/2000","targetHints":{"allow":["GET"]}}],"collection":[{"href":"https:\/\/grupos.unileon.es\/mebar\/wp-json\/wp\/v2\/pages"}],"about":[{"href":"https:\/\/grupos.unileon.es\/mebar\/wp-json\/wp\/v2\/types\/page"}],"author":[{"embeddable":true,"href":"https:\/\/grupos.unileon.es\/mebar\/wp-json\/wp\/v2\/users\/16"}],"replies":[{"embeddable":true,"href":"https:\/\/grupos.unileon.es\/mebar\/wp-json\/wp\/v2\/comments?post=2000"}],"version-history":[{"count":1,"href":"https:\/\/grupos.unileon.es\/mebar\/wp-json\/wp\/v2\/pages\/2000\/revisions"}],"predecessor-version":[{"id":2001,"href":"https:\/\/grupos.unileon.es\/mebar\/wp-json\/wp\/v2\/pages\/2000\/revisions\/2001"}],"wp:attachment":[{"href":"https:\/\/grupos.unileon.es\/mebar\/wp-json\/wp\/v2\/media?parent=2000"}],"curies":[{"name":"wp","href":"https:\/\/api.w.org\/{rel}","templated":true}]}}