{"id":2028,"date":"2015-09-18T15:36:39","date_gmt":"2015-09-18T15:36:39","guid":{"rendered":"http:\/\/grupos.unileon.es\/mebar\/?page_id=2028"},"modified":"2015-09-18T15:36:39","modified_gmt":"2015-09-18T15:36:39","slug":"similitudo-definicion-latin","status":"publish","type":"page","link":"https:\/\/grupos.unileon.es\/mebar\/similitudo-definicion-latin\/","title":{"rendered":"Similitudo. Definici\u00f3n lat\u00edn"},"content":{"rendered":"<p style=\"text-align: justify;\"><strong>Similitudo<em><br \/>\n<\/em><\/strong>Comparaci\u00f3n, aplicable sobre todo a la narraci\u00f3n veros\u00edmil. Comprende imagen, comparaci\u00f3n semejante y ejemplo. (Cic. inv. 1, 30, 47-49; Lausb. I, \u00a7 422-425).<\/p>\n","protected":false},"excerpt":{"rendered":"<p>Similitudo Comparaci\u00f3n, aplicable sobre todo a la narraci\u00f3n veros\u00edmil. Comprende imagen, comparaci\u00f3n semejante y ejemplo. (Cic. inv. 1, 30, 47-49; Lausb. I, \u00a7 422-425).<\/p>\n","protected":false},"author":16,"featured_media":0,"parent":0,"menu_order":0,"comment_status":"closed","ping_status":"closed","template":"","meta":{"footnotes":""},"class_list":["post-2028","page","type-page","status-publish","hentry"],"_links":{"self":[{"href":"https:\/\/grupos.unileon.es\/mebar\/wp-json\/wp\/v2\/pages\/2028","targetHints":{"allow":["GET"]}}],"collection":[{"href":"https:\/\/grupos.unileon.es\/mebar\/wp-json\/wp\/v2\/pages"}],"about":[{"href":"https:\/\/grupos.unileon.es\/mebar\/wp-json\/wp\/v2\/types\/page"}],"author":[{"embeddable":true,"href":"https:\/\/grupos.unileon.es\/mebar\/wp-json\/wp\/v2\/users\/16"}],"replies":[{"embeddable":true,"href":"https:\/\/grupos.unileon.es\/mebar\/wp-json\/wp\/v2\/comments?post=2028"}],"version-history":[{"count":1,"href":"https:\/\/grupos.unileon.es\/mebar\/wp-json\/wp\/v2\/pages\/2028\/revisions"}],"predecessor-version":[{"id":2029,"href":"https:\/\/grupos.unileon.es\/mebar\/wp-json\/wp\/v2\/pages\/2028\/revisions\/2029"}],"wp:attachment":[{"href":"https:\/\/grupos.unileon.es\/mebar\/wp-json\/wp\/v2\/media?parent=2028"}],"curies":[{"name":"wp","href":"https:\/\/api.w.org\/{rel}","templated":true}]}}