{"id":2090,"date":"2015-09-23T13:19:30","date_gmt":"2015-09-23T13:19:30","guid":{"rendered":"http:\/\/grupos.unileon.es\/mebar\/?page_id=2090"},"modified":"2015-09-23T13:19:30","modified_gmt":"2015-09-23T13:19:30","slug":"interrogatio-recepcion-frances","status":"publish","type":"page","link":"https:\/\/grupos.unileon.es\/mebar\/interrogatio-recepcion-frances\/","title":{"rendered":"Interrogatio. Recepci\u00f3n franc\u00e9s"},"content":{"rendered":"<p style=\"text-align: justify;\"><strong><em>Encyclop\u00e9die M\u00e9thodique.<\/em><\/strong><em>\u00a0Grammaire et litt\u00e9rature.<\/em>\u00a0Paris: Chez Panckoucke Libraire, 1782. 3 Vols.<\/p>\n<p style=\"text-align: justify;\">\u00a0<strong>Interrogation<br \/>\n<\/strong>\u00a0[pp. 346-347] Ce mot, dans le langage grammatical, a deux sens, qu\u00b4il est important de distinguer &amp; de ne pas confondre.<\/p>\n<ol>\n<li style=\"text-align: justify;\">L\u00b4<em>Interrogation<\/em> est primitivement une proposition tourn\u00e9e de mani\u00e8re qu\u00b4elle indique l\u00b4ignorance ou l\u00b4incertitude de celui qui parle, &amp; le d\u00e9sir qu\u00b4il a \u00e0 \u00eatre instruit \u00e0 cet \u00e9gard.<\/li>\n<li style=\"text-align: justify;\">L\u00b4<em>Interrogation<\/em> est aussi une figure de pens\u00e9e par fiction, qui consiste \u00e0 prendre le tour <em>interrogatif<\/em>, non pour marquer un doute r\u00e9el, car l\u00b4expression serait alors toute simple &amp; sans figure, mais au contraire pour indiquer une persuasion plus grande par l\u00b4esp\u00e8ce de d\u00e9fi que l\u00b4on para\u00eet faire \u00e0 l\u00b4auditeur de nier ce qu\u00b4on avance\u00a0; pour r\u00e9veiller l\u00b4attention par cette forme de vivacit\u00e9\u00a0; pour marquer la surprise, la criante, la douleur, l\u00b4indignation, &amp; les autres mouvements de l\u00b4\u00e2me\u00a0; quelquefois pour presser, pour convaincre, pour confondre ceux \u00e0 qui l\u00b4on adresse la parole.<\/li>\n<\/ol>\n","protected":false},"excerpt":{"rendered":"<p>Encyclop\u00e9die M\u00e9thodique.\u00a0Grammaire et litt\u00e9rature.\u00a0Paris: Chez Panckoucke Libraire, 1782. 3 Vols. \u00a0Interrogation \u00a0[pp. 346-347] Ce mot, dans le langage grammatical, a deux sens, qu\u00b4il est important de distinguer &amp; de ne pas confondre. L\u00b4Interrogation est primitivement une proposition tourn\u00e9e de mani\u00e8re qu\u00b4elle indique l\u00b4ignorance ou l\u00b4incertitude de celui qui parle, &amp; le d\u00e9sir qu\u00b4il a \u00e0 [&hellip;]<\/p>\n","protected":false},"author":16,"featured_media":0,"parent":0,"menu_order":0,"comment_status":"closed","ping_status":"closed","template":"","meta":{"footnotes":""},"class_list":["post-2090","page","type-page","status-publish","hentry"],"_links":{"self":[{"href":"https:\/\/grupos.unileon.es\/mebar\/wp-json\/wp\/v2\/pages\/2090","targetHints":{"allow":["GET"]}}],"collection":[{"href":"https:\/\/grupos.unileon.es\/mebar\/wp-json\/wp\/v2\/pages"}],"about":[{"href":"https:\/\/grupos.unileon.es\/mebar\/wp-json\/wp\/v2\/types\/page"}],"author":[{"embeddable":true,"href":"https:\/\/grupos.unileon.es\/mebar\/wp-json\/wp\/v2\/users\/16"}],"replies":[{"embeddable":true,"href":"https:\/\/grupos.unileon.es\/mebar\/wp-json\/wp\/v2\/comments?post=2090"}],"version-history":[{"count":1,"href":"https:\/\/grupos.unileon.es\/mebar\/wp-json\/wp\/v2\/pages\/2090\/revisions"}],"predecessor-version":[{"id":2091,"href":"https:\/\/grupos.unileon.es\/mebar\/wp-json\/wp\/v2\/pages\/2090\/revisions\/2091"}],"wp:attachment":[{"href":"https:\/\/grupos.unileon.es\/mebar\/wp-json\/wp\/v2\/media?parent=2090"}],"curies":[{"name":"wp","href":"https:\/\/api.w.org\/{rel}","templated":true}]}}