{"id":2092,"date":"2015-09-23T13:21:44","date_gmt":"2015-09-23T13:21:44","guid":{"rendered":"http:\/\/grupos.unileon.es\/mebar\/?page_id=2092"},"modified":"2015-09-23T13:21:44","modified_gmt":"2015-09-23T13:21:44","slug":"interrogatio-definicion-frances","status":"publish","type":"page","link":"https:\/\/grupos.unileon.es\/mebar\/interrogatio-definicion-frances\/","title":{"rendered":"Interrogatio. Definici\u00f3n franc\u00e9s"},"content":{"rendered":"<p style=\"text-align: justify;\"><strong>MORIER, H.<\/strong>\u00a0<em>Dictionnaire de po\u00e9tique et de rh\u00e9torique.<\/em>\u00a0Paris: Presses Universitaires de France, 1961.<\/p>\n<p style=\"text-align: justify;\"><strong>Interrogatio<br \/>\n<\/strong>[p. 590] Interrogatio rh\u00e9torique<strong>. <\/strong>On nomme ainsi une question qui n\u00b4attend pas de r\u00e9ponse, mais qui est uniquement pos\u00e9e pour sugg\u00e9rer \u00e0 l\u00b4auditeur ou au lecteur une r\u00e9ponse mentale \u00e9vidente. L\u00b4interrogation rh\u00e9torique \u00e9tablit un dialogue o\u00f9 l&#8217;interlocuteur est muet\u00a0; mais on fait appel \u00e0 lui, on sollicite sa participation. Il s\u00b4agit donc l\u00e0 d\u00b4une figure de pens\u00e9e, tr\u00e8s habile, car la v\u00e9rit\u00e9 que trouve l\u00b4interlocuteur, ou qu\u00b4il a l&#8217;illusion de trouver, s\u00b4impose avec plus de force \u00e0 son esprit que celle qu\u00b4on pr\u00e9tend lui dicter. Dans l\u00b4enseignement <em>ex cathedra<\/em>, l\u00b4usage de l\u00b4interrogation rh\u00e9torique permet, devant un auditoire que l\u00b4on ne saurait soumettre \u00e0 l\u00b4interrogation ordinaire, de pratiquer une forme monologu\u00e9e de la ma\u00efeutique.<\/p>\n","protected":false},"excerpt":{"rendered":"<p>MORIER, H.\u00a0Dictionnaire de po\u00e9tique et de rh\u00e9torique.\u00a0Paris: Presses Universitaires de France, 1961. Interrogatio [p. 590] Interrogatio rh\u00e9torique. On nomme ainsi une question qui n\u00b4attend pas de r\u00e9ponse, mais qui est uniquement pos\u00e9e pour sugg\u00e9rer \u00e0 l\u00b4auditeur ou au lecteur une r\u00e9ponse mentale \u00e9vidente. L\u00b4interrogation rh\u00e9torique \u00e9tablit un dialogue o\u00f9 l&#8217;interlocuteur est muet\u00a0; mais on fait [&hellip;]<\/p>\n","protected":false},"author":16,"featured_media":0,"parent":0,"menu_order":0,"comment_status":"closed","ping_status":"closed","template":"","meta":{"footnotes":""},"class_list":["post-2092","page","type-page","status-publish","hentry"],"_links":{"self":[{"href":"https:\/\/grupos.unileon.es\/mebar\/wp-json\/wp\/v2\/pages\/2092","targetHints":{"allow":["GET"]}}],"collection":[{"href":"https:\/\/grupos.unileon.es\/mebar\/wp-json\/wp\/v2\/pages"}],"about":[{"href":"https:\/\/grupos.unileon.es\/mebar\/wp-json\/wp\/v2\/types\/page"}],"author":[{"embeddable":true,"href":"https:\/\/grupos.unileon.es\/mebar\/wp-json\/wp\/v2\/users\/16"}],"replies":[{"embeddable":true,"href":"https:\/\/grupos.unileon.es\/mebar\/wp-json\/wp\/v2\/comments?post=2092"}],"version-history":[{"count":1,"href":"https:\/\/grupos.unileon.es\/mebar\/wp-json\/wp\/v2\/pages\/2092\/revisions"}],"predecessor-version":[{"id":2093,"href":"https:\/\/grupos.unileon.es\/mebar\/wp-json\/wp\/v2\/pages\/2092\/revisions\/2093"}],"wp:attachment":[{"href":"https:\/\/grupos.unileon.es\/mebar\/wp-json\/wp\/v2\/media?parent=2092"}],"curies":[{"name":"wp","href":"https:\/\/api.w.org\/{rel}","templated":true}]}}