{"id":2110,"date":"2015-09-23T13:46:55","date_gmt":"2015-09-23T13:46:55","guid":{"rendered":"http:\/\/grupos.unileon.es\/mebar\/?page_id=2110"},"modified":"2015-09-23T13:46:55","modified_gmt":"2015-09-23T13:46:55","slug":"reflexio-definicion-frances","status":"publish","type":"page","link":"https:\/\/grupos.unileon.es\/mebar\/reflexio-definicion-frances\/","title":{"rendered":"Reflexio. Definici\u00f3n franc\u00e9s"},"content":{"rendered":"<p><strong>GORP,\u00a0Hendrik van et al.\u00a0<\/strong><em>Dictionnaire des termes litt\u00e9raires.<\/em>\u00a0Paris: Champion Classiques. H. Champion. 2005.<\/p>\n<p><strong>Gorp et al. <\/strong>2005<\/p>\n<p style=\"text-align: justify;\"><strong>\u00a0<\/strong><strong>Reflexio<\/strong>&#8212;&#8212;Antanaclase.<\/p>\n<p style=\"text-align: justify;\">\u00a0[p. 36] Antanaclase (gr. Anti = contre\u00a0; anaklasis = r\u00e9percussion\u00a0; syn. Latin\u00a0: reflexio).<br \/>\n1. En rh\u00e9torique ou une plaidoirie\u00a0; elle consiste \u00e0 reprendre un mot (figure de r\u00e9p\u00e9tition utilis\u00e9e dans un dialogue ou une plaidoirie\u00a0; elle consiste \u00e0 reprendre un mot (ou une expression) de l\u00b4interlocuteur en lui donnant une autre signification \u00e9galement re\u00e7ue. Ce proc\u00e9d\u00e9 plus intellectuel que rythmique se fonde sur la polys\u00e9mie. L\u00b4antanaclase a un e port\u00e9e tout \u00e0 tour humoristique est sarcastique, et peut viser \u00e0 ridiculiser ou \u00e0 d\u00e9sarmer les arguments de la partie adverse. V. aussi ast\u00e9isme.<\/p>\n<p style=\"text-align: justify;\">2. Par extension, l\u00b4antanaclase d\u00e9signe des jeux de mots ou des concetti horizontaux, non dialogiques, comme dans la c\u00e9l\u00e8bre <em>Pens\u00e9e<\/em> de Pascal\u00a0: \u00ab\u00a0Le c\u0153ur a ses raisons que la raison ne conna\u00eet point\u00a0\u00bb. La premi\u00e8re occurrence du mot \u00ab\u00a0raison\u00a0\u00bb se rapporte \u00e0 la motivation\u00a0; la seconde \u00e0 l\u00b4entendement. Outre la polys\u00e9mie des termes, l\u00b4effet de l\u00b4antanaclase sollicite entre ceux-ci une relation d\u00b4homonymie. Quand l\u00b4identit\u00e9 formelle demeure partielle (dans le cas de la paronymie), on parle de paronomase.<\/p>\n","protected":false},"excerpt":{"rendered":"<p>GORP,\u00a0Hendrik van et al.\u00a0Dictionnaire des termes litt\u00e9raires.\u00a0Paris: Champion Classiques. H. Champion. 2005. Gorp et al. 2005 \u00a0Reflexio&#8212;&#8212;Antanaclase. \u00a0[p. 36] Antanaclase (gr. Anti = contre\u00a0; anaklasis = r\u00e9percussion\u00a0; syn. Latin\u00a0: reflexio). 1. En rh\u00e9torique ou une plaidoirie\u00a0; elle consiste \u00e0 reprendre un mot (figure de r\u00e9p\u00e9tition utilis\u00e9e dans un dialogue ou une plaidoirie\u00a0; elle consiste \u00e0 [&hellip;]<\/p>\n","protected":false},"author":16,"featured_media":0,"parent":0,"menu_order":0,"comment_status":"closed","ping_status":"closed","template":"","meta":{"footnotes":""},"class_list":["post-2110","page","type-page","status-publish","hentry"],"_links":{"self":[{"href":"https:\/\/grupos.unileon.es\/mebar\/wp-json\/wp\/v2\/pages\/2110","targetHints":{"allow":["GET"]}}],"collection":[{"href":"https:\/\/grupos.unileon.es\/mebar\/wp-json\/wp\/v2\/pages"}],"about":[{"href":"https:\/\/grupos.unileon.es\/mebar\/wp-json\/wp\/v2\/types\/page"}],"author":[{"embeddable":true,"href":"https:\/\/grupos.unileon.es\/mebar\/wp-json\/wp\/v2\/users\/16"}],"replies":[{"embeddable":true,"href":"https:\/\/grupos.unileon.es\/mebar\/wp-json\/wp\/v2\/comments?post=2110"}],"version-history":[{"count":1,"href":"https:\/\/grupos.unileon.es\/mebar\/wp-json\/wp\/v2\/pages\/2110\/revisions"}],"predecessor-version":[{"id":2111,"href":"https:\/\/grupos.unileon.es\/mebar\/wp-json\/wp\/v2\/pages\/2110\/revisions\/2111"}],"wp:attachment":[{"href":"https:\/\/grupos.unileon.es\/mebar\/wp-json\/wp\/v2\/media?parent=2110"}],"curies":[{"name":"wp","href":"https:\/\/api.w.org\/{rel}","templated":true}]}}