{"id":2113,"date":"2015-09-23T13:52:22","date_gmt":"2015-09-23T13:52:22","guid":{"rendered":"http:\/\/grupos.unileon.es\/mebar\/?page_id=2113"},"modified":"2015-09-23T13:52:38","modified_gmt":"2015-09-23T13:52:38","slug":"sermocinatio-definicion-frances","status":"publish","type":"page","link":"https:\/\/grupos.unileon.es\/mebar\/sermocinatio-definicion-frances\/","title":{"rendered":"Sermocinatio. Definici\u00f3n franc\u00e9s"},"content":{"rendered":"<p><strong>MORIER, H.<\/strong>\u00a0<em>Dictionnaire de po\u00e9tique et de rh\u00e9torique.<\/em>\u00a0Paris: Presses Universitaires de France, 1961.<\/p>\n<p><strong>Morier, <\/strong>\u00a01961<\/p>\n<p><strong>Sermonication<\/strong><\/p>\n<p style=\"text-align: justify;\">[p. 1067] Figure de l\u00b4art oratoire par laquelle l\u00b4auteur pr\u00eate la parole soit \u00e0 un personnage historique, mythologique ou romanesque, soit encore \u00e0 une abstraction personnifi\u00e9e.<\/p>\n<p style=\"text-align: justify;\">Lorsque l\u00b4auteur adresse la parole au personnage absent ou imaginaire et que ce dernier reste muet, il s\u00b4agit de <em>prosopop\u00e9e<\/em>. D\u00e8s que la personne apostroph\u00e9e ouvre la bouche pour r\u00e9pondre, on passe de la prosopop\u00e9e \u00e0 la <em>sermonication.<\/em><\/p>\n<p style=\"text-align: justify;\">En principe, le ton reste \u00e9lev\u00e9 dans les deux cas. Mais on voit bien le parti que le comique tirerait d\u00b4un \u00e9cart. Apr\u00e8s avoir \u00e9cout\u00e9 sans broncher une noble prosopop\u00e9e, la V\u00e9rit\u00e9 ou la Justice pourrait, dans une sermonication burlesque, r\u00e9pondre sur un ton beaucoup moins soutenu.<\/p>\n<hr \/>\n<p><strong>GORP,\u00a0Hendrik van. et al.\u00a0<\/strong><em>Dictionnaire des termes litt\u00e9raires.<\/em>\u00a0Paris: Champion Classiques. H. Champion, 2005.<\/p>\n<p><strong>Sermocination<\/strong> (lat. sermocinatio = conversation).<\/p>\n<p style=\"text-align: justify;\">\u00a0[p. 446] \u00a0Figure oratoire par laquelle le locuteur pr\u00eate la parole \u00e0 un personnage historique ou imaginaire (romanesque ou mythologique) ou \u00e0 une abstraction personnifi\u00e9e (v. prosopop\u00e9e*). En principe l\u00b4intervention du personnage prend la forme d\u00b4un discours ou d\u00b4une lettre et sa fa\u00e7on de s\u00b4exprimer doit \u00eatre conforme avec sa situation sociale, son \u00e2ge, etc. Il arrive toutefois que les auteurs jouent \u00e0 l\u00b4\u00e9cart pour tirer des effets comiques du proc\u00e9d\u00e9. V. aussi percontatio.<\/p>\n<p style=\"text-align: justify;\">\n","protected":false},"excerpt":{"rendered":"<p>MORIER, H.\u00a0Dictionnaire de po\u00e9tique et de rh\u00e9torique.\u00a0Paris: Presses Universitaires de France, 1961. Morier, \u00a01961 Sermonication [p. 1067] Figure de l\u00b4art oratoire par laquelle l\u00b4auteur pr\u00eate la parole soit \u00e0 un personnage historique, mythologique ou romanesque, soit encore \u00e0 une abstraction personnifi\u00e9e. Lorsque l\u00b4auteur adresse la parole au personnage absent ou imaginaire et que ce dernier [&hellip;]<\/p>\n","protected":false},"author":16,"featured_media":0,"parent":0,"menu_order":0,"comment_status":"closed","ping_status":"closed","template":"","meta":{"footnotes":""},"class_list":["post-2113","page","type-page","status-publish","hentry"],"_links":{"self":[{"href":"https:\/\/grupos.unileon.es\/mebar\/wp-json\/wp\/v2\/pages\/2113","targetHints":{"allow":["GET"]}}],"collection":[{"href":"https:\/\/grupos.unileon.es\/mebar\/wp-json\/wp\/v2\/pages"}],"about":[{"href":"https:\/\/grupos.unileon.es\/mebar\/wp-json\/wp\/v2\/types\/page"}],"author":[{"embeddable":true,"href":"https:\/\/grupos.unileon.es\/mebar\/wp-json\/wp\/v2\/users\/16"}],"replies":[{"embeddable":true,"href":"https:\/\/grupos.unileon.es\/mebar\/wp-json\/wp\/v2\/comments?post=2113"}],"version-history":[{"count":2,"href":"https:\/\/grupos.unileon.es\/mebar\/wp-json\/wp\/v2\/pages\/2113\/revisions"}],"predecessor-version":[{"id":2115,"href":"https:\/\/grupos.unileon.es\/mebar\/wp-json\/wp\/v2\/pages\/2113\/revisions\/2115"}],"wp:attachment":[{"href":"https:\/\/grupos.unileon.es\/mebar\/wp-json\/wp\/v2\/media?parent=2113"}],"curies":[{"name":"wp","href":"https:\/\/api.w.org\/{rel}","templated":true}]}}